{"id":6572,"date":"2015-01-30T20:01:40","date_gmt":"2015-01-30T20:01:40","guid":{"rendered":"http:\/\/www.fieam.org.br\/site\/sesi\/?page_id=6572"},"modified":"2015-01-30T20:01:40","modified_gmt":"2015-01-30T20:01:40","slug":"estrutura-remuneratoria","status":"publish","type":"page","link":"https:\/\/fieam.org.br\/sesi\/estrutura-remuneratoria\/","title":{"rendered":"Estrutura Remunerat\u00f3ria"},"content":{"rendered":"<table cellspacing=\"0\" cellpadding=\"0\">\n<col width=\"320\">\n<col width=\"64\">\n<col width=\"77\">\n<tr bgcolor=\"dce6f2\">\n<td width=\"320\">FUN\u00c7\u00c3O<\/td>\n<td width=\"64\">Carga Hor\u00e1ria<\/td>\n<td width=\"77\">SALARIO<\/td>\n<\/tr>\n<tr>\n<td>AGENTE    ADMINISTRATIVO<\/td>\n<td align=\"right\">8<\/td>\n<td align=\"right\">1.431.51<\/td>\n<\/tr>\n<tr bgcolor=\"dce6f2\">\n<td>ASSESSOR DA    DIRETORIA REGIONAL DO SESI<\/td>\n<td align=\"right\">8<\/td>\n<td align=\"right\">10.857.28<\/td>\n<\/tr>\n<tr>\n<td>ASSESSOR DE    PLANEJAMENTO<\/td>\n<td align=\"right\">4<\/td>\n<td align=\"right\">5.644.25<\/td>\n<\/tr>\n<tr bgcolor=\"dce6f2\">\n<td>ASSISTENTE    ADMINISTRATIVO\u00a0\u00a0\u00a0\u00a0\u00a0\u00a0\u00a0\u00a0\u00a0\u00a0\u00a0\u00a0\u00a0\u00a0\u00a0<\/td>\n<td align=\"right\">8<\/td>\n<td align=\"right\">2.111.30<\/td>\n<\/tr>\n<tr>\n<td>ASSISTENTE    SOCIAL<\/td>\n<td align=\"right\">6<\/td>\n<td align=\"right\">4.670.43<\/td>\n<\/tr>\n<tr bgcolor=\"dce6f2\">\n<td>ASSISTENTE    SOCIAL<\/td>\n<td align=\"right\">4<\/td>\n<td align=\"right\">2.335.22<\/td>\n<\/tr>\n<tr>\n<td>ASSISTENTE    TECNICO ADMINISTRATIVO<\/td>\n<td align=\"right\">8<\/td>\n<td align=\"right\">4.054.64<\/td>\n<\/tr>\n<tr bgcolor=\"dce6f2\">\n<td>ATOR<\/td>\n<td align=\"right\">8<\/td>\n<td align=\"right\">2.111.30<\/td>\n<\/tr>\n<tr>\n<td>AUXILIAR DE    COZINHA<\/td>\n<td align=\"right\">8<\/td>\n<td align=\"right\">972.46<\/td>\n<\/tr>\n<tr bgcolor=\"dce6f2\">\n<td>AUXILIAR DE    LABORATORIO<\/td>\n<td align=\"right\">8<\/td>\n<td align=\"right\">1.426.72<\/td>\n<\/tr>\n<tr>\n<td>AUXILIAR DE    PRE ESCOLA<\/td>\n<td align=\"right\">8<\/td>\n<td align=\"right\">1.273.18<\/td>\n<\/tr>\n<tr bgcolor=\"dce6f2\">\n<td>AUXILIAR DE    SERVICOS GERAIS<\/td>\n<td align=\"right\">8<\/td>\n<td align=\"right\">980.00<\/td>\n<\/tr>\n<tr>\n<td>AUXILIAR SAUDE    BUCAL &#8211; NM<\/td>\n<td align=\"right\">4<\/td>\n<td align=\"right\">1.119.62<\/td>\n<\/tr>\n<tr bgcolor=\"dce6f2\">\n<td>AUXILIAR SAUDE    BUCAL &#8211; NM<\/td>\n<td align=\"right\">8<\/td>\n<td align=\"right\">2.239.25<\/td>\n<\/tr>\n<tr>\n<td>AUXILIAR    T\u00c9CNICO<\/td>\n<td align=\"right\">8<\/td>\n<td align=\"right\">1.426.72<\/td>\n<\/tr>\n<tr bgcolor=\"dce6f2\">\n<td>BIBLIOTEC\u00c1RIA<\/td>\n<td align=\"right\">8<\/td>\n<td align=\"right\">4.670.43<\/td>\n<\/tr>\n<tr>\n<td>BIOQUIMICO<\/td>\n<td align=\"right\">6<\/td>\n<td align=\"right\">3.502.81<\/td>\n<\/tr>\n<tr bgcolor=\"dce6f2\">\n<td>BOMBEIRO    HIDRAULICO<\/td>\n<td align=\"right\">8<\/td>\n<td align=\"right\">1.426.72<\/td>\n<\/tr>\n<tr>\n<td>CAIXA<\/td>\n<td align=\"right\">6<\/td>\n<td align=\"right\">1.957.75<\/td>\n<\/tr>\n<tr bgcolor=\"dce6f2\">\n<td>CARPINTEIRO<\/td>\n<td align=\"right\">8<\/td>\n<td align=\"right\">1.426.76<\/td>\n<\/tr>\n<tr>\n<td>COORD. GERAL    C. EXC.- CSC<\/td>\n<td align=\"right\">8<\/td>\n<td align=\"right\">13.113.68<\/td>\n<\/tr>\n<tr bgcolor=\"dce6f2\">\n<td>COORDENADOR<\/td>\n<td align=\"right\">8<\/td>\n<td align=\"right\">5.652.51<\/td>\n<\/tr>\n<tr>\n<td>COZINHEIRO<\/td>\n<td align=\"right\">8<\/td>\n<td align=\"right\">1.431.51<\/td>\n<\/tr>\n<tr bgcolor=\"dce6f2\">\n<td>DIRETOR (A)    TECNICO<\/td>\n<td align=\"right\">8<\/td>\n<td align=\"right\">17.484.92<\/td>\n<\/tr>\n<tr>\n<td>DIRETOR    FINANCEIRO<\/td>\n<td align=\"right\">8<\/td>\n<td align=\"right\">15.736.44<\/td>\n<\/tr>\n<tr bgcolor=\"dce6f2\">\n<td>ECONOMISTA<\/td>\n<td align=\"right\">8<\/td>\n<td align=\"right\">4.670.43<\/td>\n<\/tr>\n<tr>\n<td>ELETRICISTA<\/td>\n<td align=\"right\">8<\/td>\n<td align=\"right\">1.488.37<\/td>\n<\/tr>\n<tr bgcolor=\"dce6f2\">\n<td>ENCARREGADO DE    SE\u00c7\u00c3O<\/td>\n<td align=\"right\">8<\/td>\n<td align=\"right\">3.264.50<\/td>\n<\/tr>\n<tr>\n<td>ENFERMEIRO<\/td>\n<td align=\"right\">8<\/td>\n<td align=\"right\">4.670.43<\/td>\n<\/tr>\n<tr bgcolor=\"dce6f2\">\n<td>ENFERMEIRO<\/td>\n<td align=\"right\">6<\/td>\n<td align=\"right\">3.502.83<\/td>\n<\/tr>\n<tr>\n<td>ENG. AMBIENTAL<\/td>\n<td align=\"right\">6<\/td>\n<td align=\"right\">7.092.00<\/td>\n<\/tr>\n<tr bgcolor=\"dce6f2\">\n<td>ENG. DE    SEGURAN\u00c7A<\/td>\n<td align=\"right\">8<\/td>\n<td align=\"right\">7.092.00<\/td>\n<\/tr>\n<tr>\n<td>ENTREVISTADOR<\/td>\n<td align=\"right\">6<\/td>\n<td align=\"right\">980.00<\/td>\n<\/tr>\n<tr bgcolor=\"dce6f2\">\n<td>ENTREVISTADOR<\/td>\n<td align=\"right\">8<\/td>\n<td align=\"right\">1.293.79<\/td>\n<\/tr>\n<tr>\n<td>GER. UNID. DE    G. PORTE<\/td>\n<td align=\"right\">6<\/td>\n<td align=\"right\">10.857.28<\/td>\n<\/tr>\n<tr bgcolor=\"dce6f2\">\n<td>GERENTE<\/td>\n<td align=\"right\">8<\/td>\n<td align=\"right\">9.092.96<\/td>\n<\/tr>\n<tr>\n<td>GERENTE<\/td>\n<td align=\"right\">4<\/td>\n<td align=\"right\">4.546.48<\/td>\n<\/tr>\n<tr bgcolor=\"dce6f2\">\n<td>GERENTE DE    &quot;CSC&quot;<\/td>\n<td align=\"right\">4<\/td>\n<td align=\"right\">10.857.28<\/td>\n<\/tr>\n<tr>\n<td>GERENTE GERAL<\/td>\n<td align=\"right\">4<\/td>\n<td align=\"right\">13.113.68<\/td>\n<\/tr>\n<tr bgcolor=\"dce6f2\">\n<td>INSTRUTOR<\/td>\n<td align=\"right\">8<\/td>\n<td align=\"right\">2.863.05<\/td>\n<\/tr>\n<tr>\n<td>INSTRUTOR &#8211;    COZINHA BRASIL<\/td>\n<td align=\"right\">8<\/td>\n<td align=\"right\">3.392.46<\/td>\n<\/tr>\n<tr bgcolor=\"dce6f2\">\n<td>INSTRUTOR I<\/td>\n<td align=\"right\">8<\/td>\n<td align=\"right\">4.126.63<\/td>\n<\/tr>\n<tr>\n<td>JARDINEIRO<\/td>\n<td align=\"right\">8<\/td>\n<td align=\"right\">1.119.62<\/td>\n<\/tr>\n<tr bgcolor=\"dce6f2\">\n<td>MEDICO<\/td>\n<td align=\"right\">2<\/td>\n<td align=\"right\">3.817.93<\/td>\n<\/tr>\n<tr>\n<td>MEDICO DO    TRABALHO<\/td>\n<td align=\"right\">6<\/td>\n<td align=\"right\">10.669.17<\/td>\n<\/tr>\n<tr bgcolor=\"dce6f2\">\n<td>MESTRE DE OBRA<\/td>\n<td align=\"right\">8<\/td>\n<td align=\"right\">2.672.81<\/td>\n<\/tr>\n<tr>\n<td>MOTORISTA<\/td>\n<td align=\"right\">8<\/td>\n<td align=\"right\">1.741.82<\/td>\n<\/tr>\n<tr bgcolor=\"dce6f2\">\n<td>MOTORISTA DE    REPRESENTACAO<\/td>\n<td align=\"right\">8<\/td>\n<td align=\"right\">2.111.30<\/td>\n<\/tr>\n<tr>\n<td>ODONT\u00d3LOGO &#8211;    NS<\/td>\n<td align=\"right\">4<\/td>\n<td align=\"right\">3.817.93<\/td>\n<\/tr>\n<tr bgcolor=\"dce6f2\">\n<td>ODONT\u00d3LOGO &#8211;    NS<\/td>\n<td align=\"right\">8<\/td>\n<td align=\"right\">7.635.85<\/td>\n<\/tr>\n<tr>\n<td>PEDREIRO<\/td>\n<td align=\"right\">8<\/td>\n<td align=\"right\">1.426.72<\/td>\n<\/tr>\n<tr bgcolor=\"dce6f2\">\n<td>PINTOR<\/td>\n<td align=\"right\">8<\/td>\n<td align=\"right\">1.426.72<\/td>\n<\/tr>\n<tr>\n<td>PORTEIRO<\/td>\n<td align=\"right\">8<\/td>\n<td align=\"right\">1.426.72<\/td>\n<\/tr>\n<tr bgcolor=\"dce6f2\">\n<td>PROCURADOR    REGIONAL<\/td>\n<td align=\"right\">8<\/td>\n<td align=\"right\">11.430.04<\/td>\n<\/tr>\n<tr>\n<td>PROF. INGLES<\/td>\n<td align=\"right\">8<\/td>\n<td align=\"right\">4.248.17<\/td>\n<\/tr>\n<tr bgcolor=\"dce6f2\">\n<td>PROF. INGLES &#8211;    NS (4H)<\/td>\n<td align=\"right\">4<\/td>\n<td align=\"right\">2.124.09<\/td>\n<\/tr>\n<tr>\n<td>PROFESSOR<\/td>\n<td align=\"right\">8<\/td>\n<td align=\"right\">4.248.17<\/td>\n<\/tr>\n<tr bgcolor=\"dce6f2\">\n<td>PROFESSOR<\/td>\n<td align=\"right\">6<\/td>\n<td align=\"right\">3.186.13<\/td>\n<\/tr>\n<tr>\n<td>PROFESSOR\u00a0 DE ARTES<\/td>\n<td align=\"right\">4<\/td>\n<td align=\"right\">2.124.09<\/td>\n<\/tr>\n<tr bgcolor=\"dce6f2\">\n<td>PROFESSOR\u00a0 DE ARTES<\/td>\n<td align=\"right\">5<\/td>\n<td align=\"right\">2.335.21<\/td>\n<\/tr>\n<tr>\n<td>PROFESSOR &#8211; NM    (25H)<\/td>\n<td align=\"right\">5<\/td>\n<td align=\"right\">2.655.12<\/td>\n<\/tr>\n<tr bgcolor=\"dce6f2\">\n<td>PROFESSOR &#8211; NM    (8H)<\/td>\n<td align=\"right\">4<\/td>\n<td align=\"right\">2.904.40<\/td>\n<\/tr>\n<tr>\n<td>PROFESSOR &#8211; NS    (4H)<\/td>\n<td align=\"right\">5<\/td>\n<td align=\"right\">1.985.13<\/td>\n<\/tr>\n<tr bgcolor=\"dce6f2\">\n<td>PROFESSOR &#8211; NS    (4H)<\/td>\n<td align=\"right\">8<\/td>\n<td align=\"right\">2.124.09<\/td>\n<\/tr>\n<tr>\n<td>PROFESSOR &#8211; NS    (6H)<\/td>\n<td align=\"right\">4<\/td>\n<td align=\"right\">3.186.13<\/td>\n<\/tr>\n<tr bgcolor=\"dce6f2\">\n<td>PROFESSOR &#8211; NS    (8H)<\/td>\n<td align=\"right\">4<\/td>\n<td align=\"right\">3.970.25<\/td>\n<\/tr>\n<tr>\n<td>PROFESSOR &#8211; NS    (8H)<\/td>\n<td align=\"right\">6<\/td>\n<td align=\"right\">4.248.17<\/td>\n<\/tr>\n<tr bgcolor=\"dce6f2\">\n<td>PROFESSOR DE    ED FISICA (4H)<\/td>\n<td align=\"right\">8<\/td>\n<td align=\"right\">2.335.21<\/td>\n<\/tr>\n<tr>\n<td>PROFESSOR DE    ED FISICA (8H)<\/td>\n<td align=\"right\">8<\/td>\n<td align=\"right\">4.670.42<\/td>\n<\/tr>\n<tr bgcolor=\"dce6f2\">\n<td>PROFESSOR NS &#8211;    6\u00ba a 9\u00ba ANO\/M\u00c9DIO<\/td>\n<td align=\"right\">4<\/td>\n<td align=\"right\">3.186.13<\/td>\n<\/tr>\n<tr>\n<td>PROFESSOR NS &#8211;    6\u00ba a 9\u00ba ANO\/M\u00c9DIO<\/td>\n<td align=\"right\">8<\/td>\n<td align=\"right\">2.655.11<\/td>\n<\/tr>\n<tr bgcolor=\"dce6f2\">\n<td>RECEPCIONISTA<\/td>\n<td align=\"right\">6<\/td>\n<td align=\"right\">980.00<\/td>\n<\/tr>\n<tr>\n<td>SALVA VIDAS<\/td>\n<td align=\"right\">5<\/td>\n<td align=\"right\">1.546.66<\/td>\n<\/tr>\n<tr bgcolor=\"dce6f2\">\n<td>SECRET\u00c1RIA<\/td>\n<td align=\"right\">6<\/td>\n<td align=\"right\">2.591.14<\/td>\n<\/tr>\n<tr>\n<td>SECRET\u00c1RIO (A)    ESCOLAR<\/td>\n<td align=\"right\">4<\/td>\n<td align=\"right\">2.591.14<\/td>\n<\/tr>\n<tr bgcolor=\"dce6f2\">\n<td>SERVENTE DE    OBRAS<\/td>\n<td align=\"right\">8<\/td>\n<td align=\"right\">1.005.37<\/td>\n<\/tr>\n<tr>\n<td>SOLDADOR<\/td>\n<td align=\"right\">8<\/td>\n<td align=\"right\">1.488.44<\/td>\n<\/tr>\n<tr bgcolor=\"dce6f2\">\n<td>SONOPLASTA<\/td>\n<td align=\"right\">8<\/td>\n<td align=\"right\">2.111.30<\/td>\n<\/tr>\n<tr>\n<td>SUPERINTENDENTE    CSC<\/td>\n<td align=\"right\">8<\/td>\n<td align=\"right\">26.735.10<\/td>\n<\/tr>\n<tr bgcolor=\"dce6f2\">\n<td>SUPERVISOR<\/td>\n<td align=\"right\">8<\/td>\n<td align=\"right\">6.333.89<\/td>\n<\/tr>\n<tr>\n<td>SUPERVISORA DE    SAUDE OCUPACIONAL<\/td>\n<td align=\"right\">8<\/td>\n<td align=\"right\">6.333.89<\/td>\n<\/tr>\n<tr bgcolor=\"dce6f2\">\n<td>TEC.    COMUNICA\u00c7\u00c3O SOCIAL<\/td>\n<td align=\"right\">8<\/td>\n<td align=\"right\">4.670.43<\/td>\n<\/tr>\n<tr>\n<td>TEC. DE    ENFERMAGEM<\/td>\n<td align=\"right\">8<\/td>\n<td align=\"right\">2.239.25<\/td>\n<\/tr>\n<tr bgcolor=\"dce6f2\">\n<td>TEC. DE    LABORATORIO<\/td>\n<td align=\"right\">8<\/td>\n<td align=\"right\">1.716.23<\/td>\n<\/tr>\n<tr>\n<td>TEC. EDUCA\u00c7\u00c3O<\/td>\n<td align=\"right\">8<\/td>\n<td align=\"right\">4.670.43<\/td>\n<\/tr>\n<tr bgcolor=\"dce6f2\">\n<td>TEC. EDUCA\u00c7\u00c3O<\/td>\n<td align=\"right\">6<\/td>\n<td align=\"right\">3.502.82<\/td>\n<\/tr>\n<tr>\n<td>TEC. EDUCA\u00c7\u00c3O    (LIC. PLENA)<\/td>\n<td align=\"right\">8<\/td>\n<td align=\"right\">4.670.43<\/td>\n<\/tr>\n<tr bgcolor=\"dce6f2\">\n<td>TEC. EDUCA\u00c7\u00c3O    (LIC. PLENA)<\/td>\n<td align=\"right\">4<\/td>\n<td align=\"right\">2.335.21<\/td>\n<\/tr>\n<tr>\n<td>TEC. EDUCA\u00c7\u00c3O    (LIC. PLENA)<\/td>\n<td align=\"right\">6<\/td>\n<td align=\"right\">3.502.82<\/td>\n<\/tr>\n<tr bgcolor=\"dce6f2\">\n<td>TEC. EDUCA\u00c7\u00c3O    ARTISTICA<\/td>\n<td align=\"right\">8<\/td>\n<td align=\"right\">4.670.43<\/td>\n<\/tr>\n<tr>\n<td>TEC. EDUCA\u00c7\u00c3O    F\u00cdSICA &#8211; NS<\/td>\n<td align=\"right\">8<\/td>\n<td align=\"right\">4.670.43<\/td>\n<\/tr>\n<tr bgcolor=\"dce6f2\">\n<td>TEC. EDUCA\u00c7\u00c3O    F\u00cdSICA &#8211; NS<\/td>\n<td align=\"right\">4<\/td>\n<td align=\"right\">2.335.21<\/td>\n<\/tr>\n<tr>\n<td>TEC. EDUCA\u00c7\u00c3O    F\u00cdSICA &#8211; NS<\/td>\n<td align=\"right\">6<\/td>\n<td align=\"right\">3.502.83<\/td>\n<\/tr>\n<tr bgcolor=\"dce6f2\">\n<td>TEC. EM SEG.    NO TRABALHO<\/td>\n<td align=\"right\">4<\/td>\n<td align=\"right\">3.710.75<\/td>\n<\/tr>\n<tr>\n<td>TEC. NIVEL    SUPERIOR<\/td>\n<td align=\"right\">8<\/td>\n<td align=\"right\">4.670.43<\/td>\n<\/tr>\n<tr bgcolor=\"dce6f2\">\n<td>TEC. SAUDE    BUCAL &#8211; NM<\/td>\n<td align=\"right\">4<\/td>\n<td align=\"right\">1.393.14<\/td>\n<\/tr>\n<tr>\n<td>TEC. SAUDE    BUCAL &#8211; NM<\/td>\n<td align=\"right\">8<\/td>\n<td align=\"right\">2.786.27<\/td>\n<\/tr>\n<tr bgcolor=\"dce6f2\">\n<td>TECNICO DE    MANUTEN\u00c7\u00c3O<\/td>\n<td align=\"right\">4<\/td>\n<td align=\"right\">2.111.30<\/td>\n<\/tr>\n<tr>\n<td>T\u00c9CNICO DE    SUPORTE<\/td>\n<td align=\"right\">8<\/td>\n<td align=\"right\">3.136.54<\/td>\n<\/tr>\n<tr bgcolor=\"dce6f2\">\n<td>TELEFONISTA<\/td>\n<td align=\"right\">8<\/td>\n<td align=\"right\">1.546.66<\/td>\n<\/tr>\n<\/table>\n","protected":false},"excerpt":{"rendered":"<p>FUN\u00c7\u00c3O Carga Hor\u00e1ria SALARIO AGENTE ADMINISTRATIVO 8 1.431.51 ASSESSOR DA DIRETORIA REGIONAL DO SESI 8 10.857.28 ASSESSOR DE PLANEJAMENTO 4 5.644.25 ASSISTENTE ADMINISTRATIVO\u00a0\u00a0\u00a0\u00a0\u00a0\u00a0\u00a0\u00a0\u00a0\u00a0\u00a0\u00a0\u00a0\u00a0\u00a0 8 2.111.30 ASSISTENTE SOCIAL 6 4.670.43 ASSISTENTE SOCIAL 4 2.335.22 ASSISTENTE TECNICO ADMINISTRATIVO 8 4.054.64 ATOR 8 2.111.30 AUXILIAR DE COZINHA 8 972.46 AUXILIAR DE LABORATORIO 8 1.426.72 AUXILIAR DE PRE ESCOLA [&hellip;]<\/p>\n","protected":false},"author":1,"featured_media":0,"parent":0,"menu_order":0,"comment_status":"open","ping_status":"open","template":"","meta":{"footnotes":""},"class_list":["post-6572","page","type-page","status-publish","hentry"],"yoast_head":"<!-- This site is optimized with the Yoast SEO plugin v26.8 - https:\/\/yoast.com\/product\/yoast-seo-wordpress\/ -->\n<title>Estrutura Remunerat\u00f3ria - SESI<\/title>\n<meta name=\"robots\" content=\"index, follow, max-snippet:-1, max-image-preview:large, max-video-preview:-1\" \/>\n<link rel=\"canonical\" href=\"https:\/\/fieam.org.br\/sesi\/estrutura-remuneratoria\/\" \/>\n<meta property=\"og:locale\" content=\"pt_BR\" \/>\n<meta property=\"og:type\" content=\"article\" \/>\n<meta property=\"og:title\" content=\"Estrutura Remunerat\u00f3ria - SESI\" \/>\n<meta property=\"og:description\" content=\"FUN\u00c7\u00c3O Carga Hor\u00e1ria SALARIO AGENTE ADMINISTRATIVO 8 1.431.51 ASSESSOR DA DIRETORIA REGIONAL DO SESI 8 10.857.28 ASSESSOR DE PLANEJAMENTO 4 5.644.25 ASSISTENTE ADMINISTRATIVO\u00a0\u00a0\u00a0\u00a0\u00a0\u00a0\u00a0\u00a0\u00a0\u00a0\u00a0\u00a0\u00a0\u00a0\u00a0 8 2.111.30 ASSISTENTE SOCIAL 6 4.670.43 ASSISTENTE SOCIAL 4 2.335.22 ASSISTENTE TECNICO ADMINISTRATIVO 8 4.054.64 ATOR 8 2.111.30 AUXILIAR DE COZINHA 8 972.46 AUXILIAR DE LABORATORIO 8 1.426.72 AUXILIAR DE PRE ESCOLA [&hellip;]\" \/>\n<meta property=\"og:url\" content=\"https:\/\/fieam.org.br\/sesi\/estrutura-remuneratoria\/\" \/>\n<meta property=\"og:site_name\" content=\"SESI\" \/>\n<meta name=\"twitter:card\" content=\"summary_large_image\" \/>\n<meta name=\"twitter:label1\" content=\"Est. tempo de leitura\" \/>\n\t<meta name=\"twitter:data1\" content=\"2 minutos\" \/>\n<script type=\"application\/ld+json\" class=\"yoast-schema-graph\">{\"@context\":\"https:\/\/schema.org\",\"@graph\":[{\"@type\":\"WebPage\",\"@id\":\"https:\/\/fieam.org.br\/sesi\/estrutura-remuneratoria\/\",\"url\":\"https:\/\/fieam.org.br\/sesi\/estrutura-remuneratoria\/\",\"name\":\"Estrutura Remunerat\u00f3ria - SESI\",\"isPartOf\":{\"@id\":\"https:\/\/fieam.org.br\/sesi\/#website\"},\"datePublished\":\"2015-01-30T20:01:40+00:00\",\"breadcrumb\":{\"@id\":\"https:\/\/fieam.org.br\/sesi\/estrutura-remuneratoria\/#breadcrumb\"},\"inLanguage\":\"pt-BR\",\"potentialAction\":[{\"@type\":\"ReadAction\",\"target\":[\"https:\/\/fieam.org.br\/sesi\/estrutura-remuneratoria\/\"]}]},{\"@type\":\"BreadcrumbList\",\"@id\":\"https:\/\/fieam.org.br\/sesi\/estrutura-remuneratoria\/#breadcrumb\",\"itemListElement\":[{\"@type\":\"ListItem\",\"position\":1,\"name\":\"In\u00edcio\",\"item\":\"https:\/\/fieam.org.br\/sesi\/\"},{\"@type\":\"ListItem\",\"position\":2,\"name\":\"Estrutura Remunerat\u00f3ria\"}]},{\"@type\":\"WebSite\",\"@id\":\"https:\/\/fieam.org.br\/sesi\/#website\",\"url\":\"https:\/\/fieam.org.br\/sesi\/\",\"name\":\"SESI\",\"description\":\"Site Oficial!\",\"publisher\":{\"@id\":\"https:\/\/fieam.org.br\/sesi\/#organization\"},\"potentialAction\":[{\"@type\":\"SearchAction\",\"target\":{\"@type\":\"EntryPoint\",\"urlTemplate\":\"https:\/\/fieam.org.br\/sesi\/?s={search_term_string}\"},\"query-input\":{\"@type\":\"PropertyValueSpecification\",\"valueRequired\":true,\"valueName\":\"search_term_string\"}}],\"inLanguage\":\"pt-BR\"},{\"@type\":\"Organization\",\"@id\":\"https:\/\/fieam.org.br\/sesi\/#organization\",\"name\":\"SESI\",\"url\":\"https:\/\/fieam.org.br\/sesi\/\",\"logo\":{\"@type\":\"ImageObject\",\"inLanguage\":\"pt-BR\",\"@id\":\"https:\/\/fieam.org.br\/sesi\/#\/schema\/logo\/image\/\",\"url\":\"https:\/\/fieam.org.br\/sesi\/wp-content\/uploads\/sites\/14\/2024\/03\/cropped-fav.png\",\"contentUrl\":\"https:\/\/fieam.org.br\/sesi\/wp-content\/uploads\/sites\/14\/2024\/03\/cropped-fav.png\",\"width\":610,\"height\":589,\"caption\":\"SESI\"},\"image\":{\"@id\":\"https:\/\/fieam.org.br\/sesi\/#\/schema\/logo\/image\/\"}}]}<\/script>\n<!-- \/ Yoast SEO plugin. -->","yoast_head_json":{"title":"Estrutura Remunerat\u00f3ria - SESI","robots":{"index":"index","follow":"follow","max-snippet":"max-snippet:-1","max-image-preview":"max-image-preview:large","max-video-preview":"max-video-preview:-1"},"canonical":"https:\/\/fieam.org.br\/sesi\/estrutura-remuneratoria\/","og_locale":"pt_BR","og_type":"article","og_title":"Estrutura Remunerat\u00f3ria - SESI","og_description":"FUN\u00c7\u00c3O Carga Hor\u00e1ria SALARIO AGENTE ADMINISTRATIVO 8 1.431.51 ASSESSOR DA DIRETORIA REGIONAL DO SESI 8 10.857.28 ASSESSOR DE PLANEJAMENTO 4 5.644.25 ASSISTENTE ADMINISTRATIVO\u00a0\u00a0\u00a0\u00a0\u00a0\u00a0\u00a0\u00a0\u00a0\u00a0\u00a0\u00a0\u00a0\u00a0\u00a0 8 2.111.30 ASSISTENTE SOCIAL 6 4.670.43 ASSISTENTE SOCIAL 4 2.335.22 ASSISTENTE TECNICO ADMINISTRATIVO 8 4.054.64 ATOR 8 2.111.30 AUXILIAR DE COZINHA 8 972.46 AUXILIAR DE LABORATORIO 8 1.426.72 AUXILIAR DE PRE ESCOLA [&hellip;]","og_url":"https:\/\/fieam.org.br\/sesi\/estrutura-remuneratoria\/","og_site_name":"SESI","twitter_card":"summary_large_image","twitter_misc":{"Est. tempo de leitura":"2 minutos"},"schema":{"@context":"https:\/\/schema.org","@graph":[{"@type":"WebPage","@id":"https:\/\/fieam.org.br\/sesi\/estrutura-remuneratoria\/","url":"https:\/\/fieam.org.br\/sesi\/estrutura-remuneratoria\/","name":"Estrutura Remunerat\u00f3ria - SESI","isPartOf":{"@id":"https:\/\/fieam.org.br\/sesi\/#website"},"datePublished":"2015-01-30T20:01:40+00:00","breadcrumb":{"@id":"https:\/\/fieam.org.br\/sesi\/estrutura-remuneratoria\/#breadcrumb"},"inLanguage":"pt-BR","potentialAction":[{"@type":"ReadAction","target":["https:\/\/fieam.org.br\/sesi\/estrutura-remuneratoria\/"]}]},{"@type":"BreadcrumbList","@id":"https:\/\/fieam.org.br\/sesi\/estrutura-remuneratoria\/#breadcrumb","itemListElement":[{"@type":"ListItem","position":1,"name":"In\u00edcio","item":"https:\/\/fieam.org.br\/sesi\/"},{"@type":"ListItem","position":2,"name":"Estrutura Remunerat\u00f3ria"}]},{"@type":"WebSite","@id":"https:\/\/fieam.org.br\/sesi\/#website","url":"https:\/\/fieam.org.br\/sesi\/","name":"SESI","description":"Site Oficial!","publisher":{"@id":"https:\/\/fieam.org.br\/sesi\/#organization"},"potentialAction":[{"@type":"SearchAction","target":{"@type":"EntryPoint","urlTemplate":"https:\/\/fieam.org.br\/sesi\/?s={search_term_string}"},"query-input":{"@type":"PropertyValueSpecification","valueRequired":true,"valueName":"search_term_string"}}],"inLanguage":"pt-BR"},{"@type":"Organization","@id":"https:\/\/fieam.org.br\/sesi\/#organization","name":"SESI","url":"https:\/\/fieam.org.br\/sesi\/","logo":{"@type":"ImageObject","inLanguage":"pt-BR","@id":"https:\/\/fieam.org.br\/sesi\/#\/schema\/logo\/image\/","url":"https:\/\/fieam.org.br\/sesi\/wp-content\/uploads\/sites\/14\/2024\/03\/cropped-fav.png","contentUrl":"https:\/\/fieam.org.br\/sesi\/wp-content\/uploads\/sites\/14\/2024\/03\/cropped-fav.png","width":610,"height":589,"caption":"SESI"},"image":{"@id":"https:\/\/fieam.org.br\/sesi\/#\/schema\/logo\/image\/"}}]}},"_links":{"self":[{"href":"https:\/\/fieam.org.br\/sesi\/wp-json\/wp\/v2\/pages\/6572","targetHints":{"allow":["GET"]}}],"collection":[{"href":"https:\/\/fieam.org.br\/sesi\/wp-json\/wp\/v2\/pages"}],"about":[{"href":"https:\/\/fieam.org.br\/sesi\/wp-json\/wp\/v2\/types\/page"}],"author":[{"embeddable":true,"href":"https:\/\/fieam.org.br\/sesi\/wp-json\/wp\/v2\/users\/1"}],"replies":[{"embeddable":true,"href":"https:\/\/fieam.org.br\/sesi\/wp-json\/wp\/v2\/comments?post=6572"}],"version-history":[{"count":0,"href":"https:\/\/fieam.org.br\/sesi\/wp-json\/wp\/v2\/pages\/6572\/revisions"}],"wp:attachment":[{"href":"https:\/\/fieam.org.br\/sesi\/wp-json\/wp\/v2\/media?parent=6572"}],"curies":[{"name":"wp","href":"https:\/\/api.w.org\/{rel}","templated":true}]}}