{"id":22002,"date":"2025-04-30T14:10:02","date_gmt":"2025-04-30T14:10:02","guid":{"rendered":"https:\/\/fieam.org.br\/sesi\/?page_id=22002"},"modified":"2025-05-09T15:31:38","modified_gmt":"2025-05-09T15:31:38","slug":"1a-corrida-nacional-do-sesi-2","status":"publish","type":"page","link":"https:\/\/fieam.org.br\/sesi\/1a-corrida-nacional-do-sesi-2\/","title":{"rendered":"1\u00aa Corrida Nacional do SESI"},"content":{"rendered":"<p><strong>1\u00aa Corrida do SESI reuniu mais de 35 mil participantes em todo Brasil<\/strong><\/p>\n<p>&nbsp;<\/p>\n<p>Ao todo, 35.199 pessoas se inscreveram nos 22 estados e 26 cidades para o evento. A corrida foi organizada e teve o apoio do Conselho Nacional do SESI e do Departamento Nacional do SESI.<\/p>\n<p><strong>N\u00fameros da competi\u00e7\u00e3o<\/strong><\/p>\n<p>Do total de inscritos, 574 s\u00e3o mulheres e 430 s\u00e3o homens, refor\u00e7ando a diversidade de g\u00eanero no evento. A corrida tamb\u00e9m teve a participa\u00e7\u00e3o de 23 atletas PCDs, que d\u00e3o exemplo de supera\u00e7\u00e3o e inclus\u00e3o no esporte. Entre os inscritos, 299 s\u00e3o industri\u00e1rios, trabalhadores que representam diretamente o esp\u00edrito da data celebrada.<\/p>\n<p><strong>Confira abaixo o resultado da corrida e os melhores momentos desse grande evento!<\/strong><\/p>\n<p><a href=\"https:\/\/esportecorrida.com.br\/wiclax\/resultados\/forchip\/g-live.html?f=provas\/477\/sesi.clax\"><img fetchpriority=\"high\" decoding=\"async\" class=\"alignnone size-full wp-image-22003\" src=\"https:\/\/fieam.org.br\/sesi\/wp-content\/uploads\/sites\/14\/2025\/04\/Banner-Resultado.png\" alt=\"\" width=\"401\" height=\"266\" srcset=\"https:\/\/fieam.org.br\/sesi\/wp-content\/uploads\/sites\/14\/2025\/04\/Banner-Resultado.png 401w, https:\/\/fieam.org.br\/sesi\/wp-content\/uploads\/sites\/14\/2025\/04\/Banner-Resultado-300x199.png 300w\" sizes=\"(max-width: 401px) 100vw, 401px\" \/><\/a>\u00a0 \u00a0 <a href=\"https:\/\/drive.google.com\/drive\/folders\/1LoGVPobYYDD_bXgzava1_o7wnTF4iJTC?usp=sharing\"><img decoding=\"async\" class=\"alignnone size-full wp-image-22004\" src=\"https:\/\/fieam.org.br\/sesi\/wp-content\/uploads\/sites\/14\/2025\/04\/Banner-Fotos.png\" alt=\"\" width=\"401\" height=\"266\" srcset=\"https:\/\/fieam.org.br\/sesi\/wp-content\/uploads\/sites\/14\/2025\/04\/Banner-Fotos.png 401w, https:\/\/fieam.org.br\/sesi\/wp-content\/uploads\/sites\/14\/2025\/04\/Banner-Fotos-300x199.png 300w\" sizes=\"(max-width: 401px) 100vw, 401px\" \/><\/a><\/p>\n","protected":false},"excerpt":{"rendered":"<p>1\u00aa Corrida do SESI reuniu mais de 35 mil participantes em todo Brasil &nbsp; Ao todo, 35.199 pessoas se inscreveram nos 22 estados e 26 cidades para o evento. A corrida foi organizada e teve o apoio do Conselho Nacional do SESI e do Departamento Nacional do SESI. N\u00fameros da competi\u00e7\u00e3o Do total de inscritos, [&hellip;]<\/p>\n","protected":false},"author":16,"featured_media":0,"parent":0,"menu_order":0,"comment_status":"closed","ping_status":"closed","template":"","meta":{"footnotes":""},"class_list":["post-22002","page","type-page","status-publish","hentry"],"yoast_head":"<!-- This site is optimized with the Yoast SEO plugin v26.8 - https:\/\/yoast.com\/product\/yoast-seo-wordpress\/ -->\n<title>1\u00aa Corrida Nacional do SESI - SESI<\/title>\n<meta name=\"robots\" content=\"index, follow, max-snippet:-1, max-image-preview:large, max-video-preview:-1\" \/>\n<link rel=\"canonical\" href=\"https:\/\/fieam.org.br\/sesi\/1a-corrida-nacional-do-sesi-2\/\" \/>\n<meta property=\"og:locale\" content=\"pt_BR\" \/>\n<meta property=\"og:type\" content=\"article\" \/>\n<meta property=\"og:title\" content=\"1\u00aa Corrida Nacional do SESI - SESI\" \/>\n<meta property=\"og:description\" content=\"1\u00aa Corrida do SESI reuniu mais de 35 mil participantes em todo Brasil &nbsp; Ao todo, 35.199 pessoas se inscreveram nos 22 estados e 26 cidades para o evento. A corrida foi organizada e teve o apoio do Conselho Nacional do SESI e do Departamento Nacional do SESI. N\u00fameros da competi\u00e7\u00e3o Do total de inscritos, [&hellip;]\" \/>\n<meta property=\"og:url\" content=\"https:\/\/fieam.org.br\/sesi\/1a-corrida-nacional-do-sesi-2\/\" \/>\n<meta property=\"og:site_name\" content=\"SESI\" \/>\n<meta property=\"article:modified_time\" content=\"2025-05-09T15:31:38+00:00\" \/>\n<meta property=\"og:image\" content=\"https:\/\/fieam.org.br\/sesi\/wp-content\/uploads\/sites\/14\/2025\/04\/Banner-Resultado.png\" \/>\n\t<meta property=\"og:image:width\" content=\"401\" \/>\n\t<meta property=\"og:image:height\" content=\"266\" \/>\n\t<meta property=\"og:image:type\" content=\"image\/png\" \/>\n<meta name=\"twitter:card\" content=\"summary_large_image\" \/>\n<meta name=\"twitter:label1\" content=\"Est. tempo de leitura\" \/>\n\t<meta name=\"twitter:data1\" content=\"1 minuto\" \/>\n<script type=\"application\/ld+json\" class=\"yoast-schema-graph\">{\"@context\":\"https:\/\/schema.org\",\"@graph\":[{\"@type\":\"WebPage\",\"@id\":\"https:\/\/fieam.org.br\/sesi\/1a-corrida-nacional-do-sesi-2\/\",\"url\":\"https:\/\/fieam.org.br\/sesi\/1a-corrida-nacional-do-sesi-2\/\",\"name\":\"1\u00aa Corrida Nacional do SESI - SESI\",\"isPartOf\":{\"@id\":\"https:\/\/fieam.org.br\/sesi\/#website\"},\"primaryImageOfPage\":{\"@id\":\"https:\/\/fieam.org.br\/sesi\/1a-corrida-nacional-do-sesi-2\/#primaryimage\"},\"image\":{\"@id\":\"https:\/\/fieam.org.br\/sesi\/1a-corrida-nacional-do-sesi-2\/#primaryimage\"},\"thumbnailUrl\":\"https:\/\/fieam.org.br\/sesi\/wp-content\/uploads\/sites\/14\/2025\/04\/Banner-Resultado.png\",\"datePublished\":\"2025-04-30T14:10:02+00:00\",\"dateModified\":\"2025-05-09T15:31:38+00:00\",\"breadcrumb\":{\"@id\":\"https:\/\/fieam.org.br\/sesi\/1a-corrida-nacional-do-sesi-2\/#breadcrumb\"},\"inLanguage\":\"pt-BR\",\"potentialAction\":[{\"@type\":\"ReadAction\",\"target\":[\"https:\/\/fieam.org.br\/sesi\/1a-corrida-nacional-do-sesi-2\/\"]}]},{\"@type\":\"ImageObject\",\"inLanguage\":\"pt-BR\",\"@id\":\"https:\/\/fieam.org.br\/sesi\/1a-corrida-nacional-do-sesi-2\/#primaryimage\",\"url\":\"https:\/\/fieam.org.br\/sesi\/wp-content\/uploads\/sites\/14\/2025\/04\/Banner-Resultado.png\",\"contentUrl\":\"https:\/\/fieam.org.br\/sesi\/wp-content\/uploads\/sites\/14\/2025\/04\/Banner-Resultado.png\",\"width\":401,\"height\":266},{\"@type\":\"BreadcrumbList\",\"@id\":\"https:\/\/fieam.org.br\/sesi\/1a-corrida-nacional-do-sesi-2\/#breadcrumb\",\"itemListElement\":[{\"@type\":\"ListItem\",\"position\":1,\"name\":\"In\u00edcio\",\"item\":\"https:\/\/fieam.org.br\/sesi\/\"},{\"@type\":\"ListItem\",\"position\":2,\"name\":\"1\u00aa Corrida Nacional do SESI\"}]},{\"@type\":\"WebSite\",\"@id\":\"https:\/\/fieam.org.br\/sesi\/#website\",\"url\":\"https:\/\/fieam.org.br\/sesi\/\",\"name\":\"SESI\",\"description\":\"Site Oficial!\",\"publisher\":{\"@id\":\"https:\/\/fieam.org.br\/sesi\/#organization\"},\"potentialAction\":[{\"@type\":\"SearchAction\",\"target\":{\"@type\":\"EntryPoint\",\"urlTemplate\":\"https:\/\/fieam.org.br\/sesi\/?s={search_term_string}\"},\"query-input\":{\"@type\":\"PropertyValueSpecification\",\"valueRequired\":true,\"valueName\":\"search_term_string\"}}],\"inLanguage\":\"pt-BR\"},{\"@type\":\"Organization\",\"@id\":\"https:\/\/fieam.org.br\/sesi\/#organization\",\"name\":\"SESI\",\"url\":\"https:\/\/fieam.org.br\/sesi\/\",\"logo\":{\"@type\":\"ImageObject\",\"inLanguage\":\"pt-BR\",\"@id\":\"https:\/\/fieam.org.br\/sesi\/#\/schema\/logo\/image\/\",\"url\":\"https:\/\/fieam.org.br\/sesi\/wp-content\/uploads\/sites\/14\/2024\/03\/cropped-fav.png\",\"contentUrl\":\"https:\/\/fieam.org.br\/sesi\/wp-content\/uploads\/sites\/14\/2024\/03\/cropped-fav.png\",\"width\":610,\"height\":589,\"caption\":\"SESI\"},\"image\":{\"@id\":\"https:\/\/fieam.org.br\/sesi\/#\/schema\/logo\/image\/\"}}]}<\/script>\n<!-- \/ Yoast SEO plugin. -->","yoast_head_json":{"title":"1\u00aa Corrida Nacional do SESI - SESI","robots":{"index":"index","follow":"follow","max-snippet":"max-snippet:-1","max-image-preview":"max-image-preview:large","max-video-preview":"max-video-preview:-1"},"canonical":"https:\/\/fieam.org.br\/sesi\/1a-corrida-nacional-do-sesi-2\/","og_locale":"pt_BR","og_type":"article","og_title":"1\u00aa Corrida Nacional do SESI - SESI","og_description":"1\u00aa Corrida do SESI reuniu mais de 35 mil participantes em todo Brasil &nbsp; Ao todo, 35.199 pessoas se inscreveram nos 22 estados e 26 cidades para o evento. A corrida foi organizada e teve o apoio do Conselho Nacional do SESI e do Departamento Nacional do SESI. N\u00fameros da competi\u00e7\u00e3o Do total de inscritos, [&hellip;]","og_url":"https:\/\/fieam.org.br\/sesi\/1a-corrida-nacional-do-sesi-2\/","og_site_name":"SESI","article_modified_time":"2025-05-09T15:31:38+00:00","og_image":[{"width":401,"height":266,"url":"https:\/\/fieam.org.br\/sesi\/wp-content\/uploads\/sites\/14\/2025\/04\/Banner-Resultado.png","type":"image\/png"}],"twitter_card":"summary_large_image","twitter_misc":{"Est. tempo de leitura":"1 minuto"},"schema":{"@context":"https:\/\/schema.org","@graph":[{"@type":"WebPage","@id":"https:\/\/fieam.org.br\/sesi\/1a-corrida-nacional-do-sesi-2\/","url":"https:\/\/fieam.org.br\/sesi\/1a-corrida-nacional-do-sesi-2\/","name":"1\u00aa Corrida Nacional do SESI - SESI","isPartOf":{"@id":"https:\/\/fieam.org.br\/sesi\/#website"},"primaryImageOfPage":{"@id":"https:\/\/fieam.org.br\/sesi\/1a-corrida-nacional-do-sesi-2\/#primaryimage"},"image":{"@id":"https:\/\/fieam.org.br\/sesi\/1a-corrida-nacional-do-sesi-2\/#primaryimage"},"thumbnailUrl":"https:\/\/fieam.org.br\/sesi\/wp-content\/uploads\/sites\/14\/2025\/04\/Banner-Resultado.png","datePublished":"2025-04-30T14:10:02+00:00","dateModified":"2025-05-09T15:31:38+00:00","breadcrumb":{"@id":"https:\/\/fieam.org.br\/sesi\/1a-corrida-nacional-do-sesi-2\/#breadcrumb"},"inLanguage":"pt-BR","potentialAction":[{"@type":"ReadAction","target":["https:\/\/fieam.org.br\/sesi\/1a-corrida-nacional-do-sesi-2\/"]}]},{"@type":"ImageObject","inLanguage":"pt-BR","@id":"https:\/\/fieam.org.br\/sesi\/1a-corrida-nacional-do-sesi-2\/#primaryimage","url":"https:\/\/fieam.org.br\/sesi\/wp-content\/uploads\/sites\/14\/2025\/04\/Banner-Resultado.png","contentUrl":"https:\/\/fieam.org.br\/sesi\/wp-content\/uploads\/sites\/14\/2025\/04\/Banner-Resultado.png","width":401,"height":266},{"@type":"BreadcrumbList","@id":"https:\/\/fieam.org.br\/sesi\/1a-corrida-nacional-do-sesi-2\/#breadcrumb","itemListElement":[{"@type":"ListItem","position":1,"name":"In\u00edcio","item":"https:\/\/fieam.org.br\/sesi\/"},{"@type":"ListItem","position":2,"name":"1\u00aa Corrida Nacional do SESI"}]},{"@type":"WebSite","@id":"https:\/\/fieam.org.br\/sesi\/#website","url":"https:\/\/fieam.org.br\/sesi\/","name":"SESI","description":"Site Oficial!","publisher":{"@id":"https:\/\/fieam.org.br\/sesi\/#organization"},"potentialAction":[{"@type":"SearchAction","target":{"@type":"EntryPoint","urlTemplate":"https:\/\/fieam.org.br\/sesi\/?s={search_term_string}"},"query-input":{"@type":"PropertyValueSpecification","valueRequired":true,"valueName":"search_term_string"}}],"inLanguage":"pt-BR"},{"@type":"Organization","@id":"https:\/\/fieam.org.br\/sesi\/#organization","name":"SESI","url":"https:\/\/fieam.org.br\/sesi\/","logo":{"@type":"ImageObject","inLanguage":"pt-BR","@id":"https:\/\/fieam.org.br\/sesi\/#\/schema\/logo\/image\/","url":"https:\/\/fieam.org.br\/sesi\/wp-content\/uploads\/sites\/14\/2024\/03\/cropped-fav.png","contentUrl":"https:\/\/fieam.org.br\/sesi\/wp-content\/uploads\/sites\/14\/2024\/03\/cropped-fav.png","width":610,"height":589,"caption":"SESI"},"image":{"@id":"https:\/\/fieam.org.br\/sesi\/#\/schema\/logo\/image\/"}}]}},"_links":{"self":[{"href":"https:\/\/fieam.org.br\/sesi\/wp-json\/wp\/v2\/pages\/22002","targetHints":{"allow":["GET"]}}],"collection":[{"href":"https:\/\/fieam.org.br\/sesi\/wp-json\/wp\/v2\/pages"}],"about":[{"href":"https:\/\/fieam.org.br\/sesi\/wp-json\/wp\/v2\/types\/page"}],"author":[{"embeddable":true,"href":"https:\/\/fieam.org.br\/sesi\/wp-json\/wp\/v2\/users\/16"}],"replies":[{"embeddable":true,"href":"https:\/\/fieam.org.br\/sesi\/wp-json\/wp\/v2\/comments?post=22002"}],"version-history":[{"count":4,"href":"https:\/\/fieam.org.br\/sesi\/wp-json\/wp\/v2\/pages\/22002\/revisions"}],"predecessor-version":[{"id":22026,"href":"https:\/\/fieam.org.br\/sesi\/wp-json\/wp\/v2\/pages\/22002\/revisions\/22026"}],"wp:attachment":[{"href":"https:\/\/fieam.org.br\/sesi\/wp-json\/wp\/v2\/media?parent=22002"}],"curies":[{"name":"wp","href":"https:\/\/api.w.org\/{rel}","templated":true}]}}

1ª Corrida Nacional do SESI

<p><strong>1ª Corrida do SESI reuniu mais de 35 mil participantes em todo Brasil</strong></p>
<p>&nbsp;</p>
<p>Ao todo, 35.199 pessoas se inscreveram nos 22 estados e 26 cidades para o evento. A corrida foi organizada e teve o apoio do Conselho Nacional do SESI e do Departamento Nacional do SESI.</p>
<p><strong>Números da competição</strong></p>
<p>Do total de inscritos, 574 são mulheres e 430 são homens, reforçando a diversidade de gênero no evento. A corrida também teve a participação de 23 atletas PCDs, que dão exemplo de superação e inclusão no esporte. Entre os inscritos, 299 são industriários, trabalhadores que representam diretamente o espírito da data celebrada.</p>
<p><strong>Confira abaixo o resultado da corrida e os melhores momentos desse grande evento!</strong></p>
<p><a href="https://esportecorrida.com.br/wiclax/resultados/forchip/g-live.html?f=provas/477/sesi.clax"><img fetchpriority="high" decoding="async" class="alignnone size-full wp-image-22003" src="https://fieam.org.br/sesi/wp-content/uploads/sites/14/2025/04/Banner-Resultado.png" alt="" width="401" height="266" srcset="https://fieam.org.br/sesi/wp-content/uploads/sites/14/2025/04/Banner-Resultado.png 401w, https://fieam.org.br/sesi/wp-content/uploads/sites/14/2025/04/Banner-Resultado-300x199.png 300w" sizes="(max-width: 401px) 100vw, 401px" /></a>    <a href="https://drive.google.com/drive/folders/1LoGVPobYYDD_bXgzava1_o7wnTF4iJTC?usp=sharing"><img decoding="async" class="alignnone size-full wp-image-22004" src="https://fieam.org.br/sesi/wp-content/uploads/sites/14/2025/04/Banner-Fotos.png" alt="" width="401" height="266" srcset="https://fieam.org.br/sesi/wp-content/uploads/sites/14/2025/04/Banner-Fotos.png 401w, https://fieam.org.br/sesi/wp-content/uploads/sites/14/2025/04/Banner-Fotos-300x199.png 300w" sizes="(max-width: 401px) 100vw, 401px" /></a></p>

<p>1ª Corrida do SESI reuniu mais de 35 mil participantes em todo Brasil &nbsp; Ao todo, 35.199 pessoas se inscreveram nos 22 estados e 26 cidades para o evento. A corrida foi organizada e teve o apoio do Conselho Nacional do SESI e do Departamento Nacional do SESI. Números da competição Do total de inscritos, [&hellip;]</p>

<!-- This site is optimized with the Yoast SEO plugin v26.8 - https://yoast.com/product/yoast-seo-wordpress/ -->
<title>1ª Corrida Nacional do SESI - SESI</title>
<meta name="robots" content="index, follow, max-snippet:-1, max-image-preview:large, max-video-preview:-1" />
<link rel="canonical" href="https://fieam.org.br/sesi/1a-corrida-nacional-do-sesi-2/" />
<meta property="og:locale" content="pt_BR" />
<meta property="og:type" content="article" />
<meta property="og:title" content="1ª Corrida Nacional do SESI - SESI" />
<meta property="og:description" content="1ª Corrida do SESI reuniu mais de 35 mil participantes em todo Brasil &nbsp; Ao todo, 35.199 pessoas se inscreveram nos 22 estados e 26 cidades para o evento. A corrida foi organizada e teve o apoio do Conselho Nacional do SESI e do Departamento Nacional do SESI. Números da competição Do total de inscritos, [&hellip;]" />
<meta property="og:url" content="https://fieam.org.br/sesi/1a-corrida-nacional-do-sesi-2/" />
<meta property="og:site_name" content="SESI" />
<meta property="article:modified_time" content="2025-05-09T15:31:38+00:00" />
<meta property="og:image" content="https://fieam.org.br/sesi/wp-content/uploads/sites/14/2025/04/Banner-Resultado.png" />
	<meta property="og:image:width" content="401" />
	<meta property="og:image:height" content="266" />
	<meta property="og:image:type" content="image/png" />
<meta name="twitter:card" content="summary_large_image" />
<meta name="twitter:label1" content="Est. tempo de leitura" />
	<meta name="twitter:data1" content="1 minuto" />
<script type="application/ld+json" class="yoast-schema-graph">{"@context":"https://schema.org","@graph":[{"@type":"WebPage","@id":"https://fieam.org.br/sesi/1a-corrida-nacional-do-sesi-2/","url":"https://fieam.org.br/sesi/1a-corrida-nacional-do-sesi-2/","name":"1ª Corrida Nacional do SESI - SESI","isPartOf":{"@id":"https://fieam.org.br/sesi/#website"},"primaryImageOfPage":{"@id":"https://fieam.org.br/sesi/1a-corrida-nacional-do-sesi-2/#primaryimage"},"image":{"@id":"https://fieam.org.br/sesi/1a-corrida-nacional-do-sesi-2/#primaryimage"},"thumbnailUrl":"https://fieam.org.br/sesi/wp-content/uploads/sites/14/2025/04/Banner-Resultado.png","datePublished":"2025-04-30T14:10:02+00:00","dateModified":"2025-05-09T15:31:38+00:00","breadcrumb":{"@id":"https://fieam.org.br/sesi/1a-corrida-nacional-do-sesi-2/#breadcrumb"},"inLanguage":"pt-BR","potentialAction":[{"@type":"ReadAction","target":["https://fieam.org.br/sesi/1a-corrida-nacional-do-sesi-2/"]}]},{"@type":"ImageObject","inLanguage":"pt-BR","@id":"https://fieam.org.br/sesi/1a-corrida-nacional-do-sesi-2/#primaryimage","url":"https://fieam.org.br/sesi/wp-content/uploads/sites/14/2025/04/Banner-Resultado.png","contentUrl":"https://fieam.org.br/sesi/wp-content/uploads/sites/14/2025/04/Banner-Resultado.png","width":401,"height":266},{"@type":"BreadcrumbList","@id":"https://fieam.org.br/sesi/1a-corrida-nacional-do-sesi-2/#breadcrumb","itemListElement":[{"@type":"ListItem","position":1,"name":"Início","item":"https://fieam.org.br/sesi/"},{"@type":"ListItem","position":2,"name":"1ª Corrida Nacional do SESI"}]},{"@type":"WebSite","@id":"https://fieam.org.br/sesi/#website","url":"https://fieam.org.br/sesi/","name":"SESI","description":"Site Oficial!","publisher":{"@id":"https://fieam.org.br/sesi/#organization"},"potentialAction":[{"@type":"SearchAction","target":{"@type":"EntryPoint","urlTemplate":"https://fieam.org.br/sesi/?s={search_term_string}"},"query-input":{"@type":"PropertyValueSpecification","valueRequired":true,"valueName":"search_term_string"}}],"inLanguage":"pt-BR"},{"@type":"Organization","@id":"https://fieam.org.br/sesi/#organization","name":"SESI","url":"https://fieam.org.br/sesi/","logo":{"@type":"ImageObject","inLanguage":"pt-BR","@id":"https://fieam.org.br/sesi/#/schema/logo/image/","url":"https://fieam.org.br/sesi/wp-content/uploads/sites/14/2024/03/cropped-fav.png","contentUrl":"https://fieam.org.br/sesi/wp-content/uploads/sites/14/2024/03/cropped-fav.png","width":610,"height":589,"caption":"SESI"},"image":{"@id":"https://fieam.org.br/sesi/#/schema/logo/image/"}}]}</script>
<!-- / Yoast SEO plugin. -->

1ª Corrida Nacional do SESI - SESI

1ª Corrida do SESI reuniu mais de 35 mil participantes em todo Brasil &nbsp; Ao todo, 35.199 pessoas se inscreveram nos 22 estados e 26 cidades para o evento. A corrida foi organizada e teve o apoio do Conselho Nacional do SESI e do Departamento Nacional do SESI. Números da competição Do total de inscritos, [&hellip;]

Início
