{"id":19911,"date":"2024-03-03T03:25:06","date_gmt":"2024-03-03T03:25:06","guid":{"rendered":"https:\/\/marketingmassivo.com.br\/sesi\/?page_id=19911"},"modified":"2024-03-03T04:05:16","modified_gmt":"2024-03-03T04:05:16","slug":"promocao-da-saude","status":"publish","type":"page","link":"https:\/\/fieam.org.br\/sesi\/promocao-da-saude\/","title":{"rendered":"Promo\u00e7\u00e3o da Sa\u00fade"},"content":{"rendered":"\t\t<div data-elementor-type=\"wp-page\" data-elementor-id=\"19911\" class=\"elementor elementor-19911\" data-elementor-post-type=\"page\">\n\t\t\t\t\t\t<section class=\"elementor-section elementor-top-section elementor-element elementor-element-2ddae612 elementor-section-boxed elementor-section-height-default elementor-section-height-default\" data-id=\"2ddae612\" data-element_type=\"section\" data-settings=\"{&quot;background_background&quot;:&quot;classic&quot;,&quot;ekit_has_onepagescroll_dot&quot;:&quot;yes&quot;}\">\n\t\t\t\t\t\t\t<div class=\"elementor-background-overlay\"><\/div>\n\t\t\t\t\t\t\t<div class=\"elementor-container elementor-column-gap-default\">\n\t\t\t\t\t<div class=\"elementor-column elementor-col-100 elementor-top-column elementor-element elementor-element-5a270926\" data-id=\"5a270926\" data-element_type=\"column\">\n\t\t\t<div class=\"elementor-widget-wrap elementor-element-populated\">\n\t\t\t\t\t\t<div class=\"elementor-element elementor-element-41d3045c elementor-widget__width-auto elementor-invisible elementor-widget elementor-widget-image\" data-id=\"41d3045c\" data-element_type=\"widget\" data-settings=\"{&quot;_animation&quot;:&quot;rotateIn&quot;,&quot;_animation_delay&quot;:720,&quot;ekit_we_effect_on&quot;:&quot;none&quot;}\" data-widget_type=\"image.default\">\n\t\t\t\t<div class=\"elementor-widget-container\">\n\t\t\t\t\t\t\t\t\t\t\t\t\t\t\t<img decoding=\"async\" width=\"45\" height=\"38\" src=\"https:\/\/fieam.org.br\/sesi\/wp-content\/uploads\/sites\/14\/2024\/02\/setas.png\" class=\"attachment-full size-full wp-image-4668\" alt=\"\" \/>\t\t\t\t\t\t\t\t\t\t\t\t\t\t\t<\/div>\n\t\t\t\t<\/div>\n\t\t\t\t<div class=\"elementor-element elementor-element-47779439 elementor-invisible elementor-widget elementor-widget-heading\" data-id=\"47779439\" data-element_type=\"widget\" data-settings=\"{&quot;_animation&quot;:&quot;fadeInDown&quot;,&quot;ekit_we_effect_on&quot;:&quot;none&quot;}\" data-widget_type=\"heading.default\">\n\t\t\t\t<div class=\"elementor-widget-container\">\n\t\t\t\t\t<h2 class=\"elementor-heading-title elementor-size-default\">Promo\u00e7\u00e3o da Sa\u00fade<\/h2>\t\t\t\t<\/div>\n\t\t\t\t<\/div>\n\t\t\t\t<div class=\"elementor-element elementor-element-1e8b08d4 elementor-invisible elementor-widget elementor-widget-heading\" data-id=\"1e8b08d4\" data-element_type=\"widget\" data-settings=\"{&quot;_animation&quot;:&quot;fadeInUp&quot;,&quot;ekit_we_effect_on&quot;:&quot;none&quot;}\" data-widget_type=\"heading.default\">\n\t\t\t\t<div class=\"elementor-widget-container\">\n\t\t\t\t\t<div class=\"elementor-heading-title elementor-size-default\">O Servi\u00e7o Social da Ind\u00fastria (SESI) Amazonas atua na qualidade de vida dos industri\u00e1rios e sua fam\u00edlia, e tamb\u00e9m do p\u00fablico em geral por meio de a\u00e7\u00f5es de sa\u00fade e bem-estar, visando o desenvolvimento sustent\u00e1vel e a competitividade da ind\u00fastria brasileira.<\/div>\t\t\t\t<\/div>\n\t\t\t\t<\/div>\n\t\t\t\t\t<\/div>\n\t\t<\/div>\n\t\t\t\t\t<\/div>\n\t\t<\/section>\n\t\t<div class=\"elementor-element elementor-element-4c31bfd e-flex e-con-boxed e-con e-parent\" data-id=\"4c31bfd\" data-element_type=\"container\" data-settings=\"{&quot;ekit_has_onepagescroll_dot&quot;:&quot;yes&quot;}\">\n\t\t\t\t\t<div class=\"e-con-inner\">\n\t\t<div class=\"elementor-element elementor-element-31e4e97 e-con-full e-flex e-con e-child\" data-id=\"31e4e97\" data-element_type=\"container\" data-settings=\"{&quot;ekit_has_onepagescroll_dot&quot;:&quot;yes&quot;}\">\n\t\t\t\t<div class=\"elementor-element elementor-element-f3f0931 elementor-position-top elementor-widget elementor-widget-image-box\" data-id=\"f3f0931\" data-element_type=\"widget\" data-settings=\"{&quot;ekit_we_effect_on&quot;:&quot;none&quot;}\" data-widget_type=\"image-box.default\">\n\t\t\t\t<div class=\"elementor-widget-container\">\n\t\t\t\t\t<div class=\"elementor-image-box-wrapper\"><figure class=\"elementor-image-box-img\"><a href=\"\/sesi\/sesi-clinica\" tabindex=\"-1\"><img decoding=\"async\" width=\"150\" height=\"150\" src=\"https:\/\/fieam.org.br\/sesi\/wp-content\/uploads\/sites\/14\/2024\/03\/SESI-Cultural-e-Social_p.jpg\" class=\"attachment-full size-full wp-image-19918\" alt=\"\" \/><\/a><\/figure><div class=\"elementor-image-box-content\"><h3 class=\"elementor-image-box-title\"><a href=\"\/sesi\/sesi-clinica\">SESI Cl\u00ednica<\/a><\/h3><p class=\"elementor-image-box-description\">11 especialidades m\u00e9dicas, enfermagem, exames de imagem e laboratoriais, e fisioterapia (RPG e Pilates).<\/p><\/div><\/div>\t\t\t\t<\/div>\n\t\t\t\t<\/div>\n\t\t\t\t<\/div>\n\t\t<div class=\"elementor-element elementor-element-cc67ea1 e-con-full e-flex e-con e-child\" data-id=\"cc67ea1\" data-element_type=\"container\" data-settings=\"{&quot;ekit_has_onepagescroll_dot&quot;:&quot;yes&quot;}\">\n\t\t\t\t<div class=\"elementor-element elementor-element-ea3aafa elementor-position-top elementor-widget elementor-widget-image-box\" data-id=\"ea3aafa\" data-element_type=\"widget\" data-settings=\"{&quot;ekit_we_effect_on&quot;:&quot;none&quot;}\" data-widget_type=\"image-box.default\">\n\t\t\t\t<div class=\"elementor-widget-container\">\n\t\t\t\t\t<div class=\"elementor-image-box-wrapper\"><figure class=\"elementor-image-box-img\"><a href=\"\/sesi\/sesi-clinica\" tabindex=\"-1\"><img decoding=\"async\" width=\"150\" height=\"150\" src=\"https:\/\/fieam.org.br\/sesi\/wp-content\/uploads\/sites\/14\/2024\/03\/SESI-Cultural-e-Social_p.jpg\" class=\"attachment-full size-full wp-image-19918\" alt=\"\" \/><\/a><\/figure><div class=\"elementor-image-box-content\"><h3 class=\"elementor-image-box-title\"><a href=\"\/sesi\/sesi-clinica\">SESI Sociocultural<\/a><\/h3><p class=\"elementor-image-box-description\">As a\u00e7\u00f5es do SESI voltadas para a promo\u00e7\u00e3o da cultura incentivam a produ\u00e7\u00e3o art\u00edstica, o desenvolvimento de novos talentos, a participa\u00e7\u00e3o de empresas, seus trabalhadores, dependentes e p\u00fablico em geral nas atividades que zelam pelo bem-estar.Saiba mais<\/p><\/div><\/div>\t\t\t\t<\/div>\n\t\t\t\t<\/div>\n\t\t\t\t<\/div>\n\t\t\t\t\t<\/div>\n\t\t\t\t<\/div>\n\t\t<div class=\"elementor-element elementor-element-1b9bc66 e-flex e-con-boxed e-con e-parent\" data-id=\"1b9bc66\" data-element_type=\"container\" data-settings=\"{&quot;ekit_has_onepagescroll_dot&quot;:&quot;yes&quot;}\">\n\t\t\t\t\t<div class=\"e-con-inner\">\n\t\t<div class=\"elementor-element elementor-element-7da3de5 e-con-full e-flex e-con e-child\" data-id=\"7da3de5\" data-element_type=\"container\" data-settings=\"{&quot;ekit_has_onepagescroll_dot&quot;:&quot;yes&quot;}\">\n\t\t\t\t<div class=\"elementor-element elementor-element-b4d97da elementor-position-top elementor-widget elementor-widget-image-box\" data-id=\"b4d97da\" data-element_type=\"widget\" data-settings=\"{&quot;ekit_we_effect_on&quot;:&quot;none&quot;}\" data-widget_type=\"image-box.default\">\n\t\t\t\t<div class=\"elementor-widget-container\">\n\t\t\t\t\t<div class=\"elementor-image-box-wrapper\"><figure class=\"elementor-image-box-img\"><a href=\"\/sesi\/sesi-clinica\" tabindex=\"-1\"><img decoding=\"async\" width=\"150\" height=\"150\" src=\"https:\/\/fieam.org.br\/sesi\/wp-content\/uploads\/sites\/14\/2024\/03\/Odontologia_p.jpg\" class=\"attachment-full size-full wp-image-19917\" alt=\"\" \/><\/a><\/figure><div class=\"elementor-image-box-content\"><h3 class=\"elementor-image-box-title\"><a href=\"\/sesi\/sesi-clinica\">SESI Odontologia<\/a><\/h3><p class=\"elementor-image-box-description\">Atendimento odontol\u00f3gico realizado no SESI Sa\u00fade, em unidades m\u00f3veis (in company) e consult\u00f3rios odontol\u00f3gicos credenciados.<\/p><\/div><\/div>\t\t\t\t<\/div>\n\t\t\t\t<\/div>\n\t\t\t\t<\/div>\n\t\t<div class=\"elementor-element elementor-element-eac5f44 e-con-full e-flex e-con e-child\" data-id=\"eac5f44\" data-element_type=\"container\" data-settings=\"{&quot;ekit_has_onepagescroll_dot&quot;:&quot;yes&quot;}\">\n\t\t\t\t<div class=\"elementor-element elementor-element-674a087 elementor-position-top elementor-widget elementor-widget-image-box\" data-id=\"674a087\" data-element_type=\"widget\" data-settings=\"{&quot;ekit_we_effect_on&quot;:&quot;none&quot;}\" data-widget_type=\"image-box.default\">\n\t\t\t\t<div class=\"elementor-widget-container\">\n\t\t\t\t\t<div class=\"elementor-image-box-wrapper\"><figure class=\"elementor-image-box-img\"><a href=\"\/sesi\/sesi-clinica\" tabindex=\"-1\"><img loading=\"lazy\" decoding=\"async\" width=\"150\" height=\"150\" src=\"https:\/\/fieam.org.br\/sesi\/wp-content\/uploads\/sites\/14\/2024\/03\/Lazer-Ativo_p.jpg\" class=\"attachment-full size-full wp-image-19920\" alt=\"\" \/><\/a><\/figure><div class=\"elementor-image-box-content\"><h3 class=\"elementor-image-box-title\"><a href=\"\/sesi\/sesi-clinica\">Lazer Ativo<\/a><\/h3><p class=\"elementor-image-box-description\">Promove estilo de vida mais saud\u00e1vel entre os trabalhadores da ind\u00fastria, dependentes e p\u00fablico em geral por meio de atividades l\u00fadicas, f\u00edsicas e socioeducativas desenvolvidas nos espa\u00e7os f\u00edsicos das empresas ou nas instala\u00e7\u00f5es do SESI.<\/p><\/div><\/div>\t\t\t\t<\/div>\n\t\t\t\t<\/div>\n\t\t\t\t<\/div>\n\t\t\t\t\t<\/div>\n\t\t\t\t<\/div>\n\t\t<div class=\"elementor-element elementor-element-af40cba e-flex e-con-boxed e-con e-parent\" data-id=\"af40cba\" data-element_type=\"container\" data-settings=\"{&quot;ekit_has_onepagescroll_dot&quot;:&quot;yes&quot;}\">\n\t\t\t\t\t<div class=\"e-con-inner\">\n\t\t<div class=\"elementor-element elementor-element-f725d70 e-con-full e-flex e-con e-child\" data-id=\"f725d70\" data-element_type=\"container\" data-settings=\"{&quot;ekit_has_onepagescroll_dot&quot;:&quot;yes&quot;}\">\n\t\t\t\t<div class=\"elementor-element elementor-element-6d983c6 elementor-position-top elementor-widget elementor-widget-image-box\" data-id=\"6d983c6\" data-element_type=\"widget\" data-settings=\"{&quot;ekit_we_effect_on&quot;:&quot;none&quot;}\" data-widget_type=\"image-box.default\">\n\t\t\t\t<div class=\"elementor-widget-container\">\n\t\t\t\t\t<div class=\"elementor-image-box-wrapper\"><figure class=\"elementor-image-box-img\"><a href=\"\/sesi\/sesi-clinica\" tabindex=\"-1\"><img decoding=\"async\" width=\"150\" height=\"150\" src=\"https:\/\/fieam.org.br\/sesi\/wp-content\/uploads\/sites\/14\/2024\/03\/Odontologia_p.jpg\" class=\"attachment-full size-full wp-image-19917\" alt=\"\" \/><\/a><\/figure><div class=\"elementor-image-box-content\"><h3 class=\"elementor-image-box-title\"><a href=\"\/sesi\/sesi-clinica\">Sa\u00fade Ocupacional<\/a><\/h3><p class=\"elementor-image-box-description\">Assessoria nas empresas para promover a melhoria cont\u00ednua do ambiente laboral, possibilitando mais qualidade de vida para os trabalhadores e incrementos de mais produtividade pela redu\u00e7\u00e3o dos acidentes,doen\u00e7as do trabalho e doen\u00e7as t\u00edpicas do adulto.<\/p><\/div><\/div>\t\t\t\t<\/div>\n\t\t\t\t<\/div>\n\t\t\t\t<\/div>\n\t\t<div class=\"elementor-element elementor-element-8f69cc2 e-con-full e-flex e-con e-child\" data-id=\"8f69cc2\" data-element_type=\"container\" data-settings=\"{&quot;ekit_has_onepagescroll_dot&quot;:&quot;yes&quot;}\">\n\t\t\t\t<div class=\"elementor-element elementor-element-a5cf188 elementor-position-top elementor-widget elementor-widget-image-box\" data-id=\"a5cf188\" data-element_type=\"widget\" data-settings=\"{&quot;ekit_we_effect_on&quot;:&quot;none&quot;}\" data-widget_type=\"image-box.default\">\n\t\t\t\t<div class=\"elementor-widget-container\">\n\t\t\t\t\t<div class=\"elementor-image-box-wrapper\"><figure class=\"elementor-image-box-img\"><a href=\"\/sesi\/sesi-clinica\" tabindex=\"-1\"><img loading=\"lazy\" decoding=\"async\" width=\"150\" height=\"150\" src=\"https:\/\/fieam.org.br\/sesi\/wp-content\/uploads\/sites\/14\/2024\/03\/SESI-Esporte_p.jpg\" class=\"attachment-full size-full wp-image-19919\" alt=\"\" \/><\/a><\/figure><div class=\"elementor-image-box-content\"><h3 class=\"elementor-image-box-title\"><a href=\"\/sesi\/sesi-clinica\">SESI Esporte<\/a><\/h3><p class=\"elementor-image-box-description\">A\u00e7\u00f5es esportivas direcionadas aos industri\u00e1rios, dependentes e p\u00fablico em geral.<\/p><\/div><\/div>\t\t\t\t<\/div>\n\t\t\t\t<\/div>\n\t\t\t\t<\/div>\n\t\t\t\t\t<\/div>\n\t\t\t\t<\/div>\n\t\t\t\t<\/div>\n\t\t","protected":false},"excerpt":{"rendered":"<p>Promo\u00e7\u00e3o da Sa\u00fade O Servi\u00e7o Social da Ind\u00fastria (SESI) Amazonas atua na qualidade de vida dos industri\u00e1rios e sua fam\u00edlia, e tamb\u00e9m do p\u00fablico em geral por meio de a\u00e7\u00f5es de sa\u00fade e bem-estar, visando o desenvolvimento sustent\u00e1vel e a competitividade da ind\u00fastria brasileira. SESI Cl\u00ednica 11 especialidades m\u00e9dicas, enfermagem, exames de imagem e laboratoriais, [&hellip;]<\/p>\n","protected":false},"author":1,"featured_media":0,"parent":0,"menu_order":0,"comment_status":"closed","ping_status":"closed","template":"","meta":{"footnotes":""},"class_list":["post-19911","page","type-page","status-publish","hentry"],"yoast_head":"<!-- This site is optimized with the Yoast SEO plugin v26.8 - https:\/\/yoast.com\/product\/yoast-seo-wordpress\/ -->\n<title>Promo\u00e7\u00e3o da Sa\u00fade - SESI<\/title>\n<meta name=\"robots\" content=\"index, follow, max-snippet:-1, max-image-preview:large, max-video-preview:-1\" \/>\n<link rel=\"canonical\" href=\"https:\/\/fieam.org.br\/sesi\/promocao-da-saude\/\" \/>\n<meta property=\"og:locale\" content=\"pt_BR\" \/>\n<meta property=\"og:type\" content=\"article\" \/>\n<meta property=\"og:title\" content=\"Promo\u00e7\u00e3o da Sa\u00fade - SESI\" \/>\n<meta property=\"og:description\" content=\"Promo\u00e7\u00e3o da Sa\u00fade O Servi\u00e7o Social da Ind\u00fastria (SESI) Amazonas atua na qualidade de vida dos industri\u00e1rios e sua fam\u00edlia, e tamb\u00e9m do p\u00fablico em geral por meio de a\u00e7\u00f5es de sa\u00fade e bem-estar, visando o desenvolvimento sustent\u00e1vel e a competitividade da ind\u00fastria brasileira. SESI Cl\u00ednica 11 especialidades m\u00e9dicas, enfermagem, exames de imagem e laboratoriais, [&hellip;]\" \/>\n<meta property=\"og:url\" content=\"https:\/\/fieam.org.br\/sesi\/promocao-da-saude\/\" \/>\n<meta property=\"og:site_name\" content=\"SESI\" \/>\n<meta property=\"article:modified_time\" content=\"2024-03-03T04:05:16+00:00\" \/>\n<meta property=\"og:image\" content=\"https:\/\/marketingmassivo.com.br\/sesi\/wp-content\/uploads\/sites\/12\/2024\/02\/setas.png\" \/>\n<meta name=\"twitter:card\" content=\"summary_large_image\" \/>\n<meta name=\"twitter:label1\" content=\"Est. tempo de leitura\" \/>\n\t<meta name=\"twitter:data1\" content=\"1 minuto\" \/>\n<script type=\"application\/ld+json\" class=\"yoast-schema-graph\">{\"@context\":\"https:\/\/schema.org\",\"@graph\":[{\"@type\":\"WebPage\",\"@id\":\"https:\/\/fieam.org.br\/sesi\/promocao-da-saude\/\",\"url\":\"https:\/\/fieam.org.br\/sesi\/promocao-da-saude\/\",\"name\":\"Promo\u00e7\u00e3o da Sa\u00fade - SESI\",\"isPartOf\":{\"@id\":\"https:\/\/fieam.org.br\/sesi\/#website\"},\"primaryImageOfPage\":{\"@id\":\"https:\/\/fieam.org.br\/sesi\/promocao-da-saude\/#primaryimage\"},\"image\":{\"@id\":\"https:\/\/fieam.org.br\/sesi\/promocao-da-saude\/#primaryimage\"},\"thumbnailUrl\":\"https:\/\/marketingmassivo.com.br\/sesi\/wp-content\/uploads\/sites\/12\/2024\/02\/setas.png\",\"datePublished\":\"2024-03-03T03:25:06+00:00\",\"dateModified\":\"2024-03-03T04:05:16+00:00\",\"breadcrumb\":{\"@id\":\"https:\/\/fieam.org.br\/sesi\/promocao-da-saude\/#breadcrumb\"},\"inLanguage\":\"pt-BR\",\"potentialAction\":[{\"@type\":\"ReadAction\",\"target\":[\"https:\/\/fieam.org.br\/sesi\/promocao-da-saude\/\"]}]},{\"@type\":\"ImageObject\",\"inLanguage\":\"pt-BR\",\"@id\":\"https:\/\/fieam.org.br\/sesi\/promocao-da-saude\/#primaryimage\",\"url\":\"https:\/\/marketingmassivo.com.br\/sesi\/wp-content\/uploads\/sites\/12\/2024\/02\/setas.png\",\"contentUrl\":\"https:\/\/marketingmassivo.com.br\/sesi\/wp-content\/uploads\/sites\/12\/2024\/02\/setas.png\"},{\"@type\":\"BreadcrumbList\",\"@id\":\"https:\/\/fieam.org.br\/sesi\/promocao-da-saude\/#breadcrumb\",\"itemListElement\":[{\"@type\":\"ListItem\",\"position\":1,\"name\":\"In\u00edcio\",\"item\":\"https:\/\/fieam.org.br\/sesi\/\"},{\"@type\":\"ListItem\",\"position\":2,\"name\":\"Promo\u00e7\u00e3o da Sa\u00fade\"}]},{\"@type\":\"WebSite\",\"@id\":\"https:\/\/fieam.org.br\/sesi\/#website\",\"url\":\"https:\/\/fieam.org.br\/sesi\/\",\"name\":\"SESI\",\"description\":\"Site Oficial!\",\"publisher\":{\"@id\":\"https:\/\/fieam.org.br\/sesi\/#organization\"},\"potentialAction\":[{\"@type\":\"SearchAction\",\"target\":{\"@type\":\"EntryPoint\",\"urlTemplate\":\"https:\/\/fieam.org.br\/sesi\/?s={search_term_string}\"},\"query-input\":{\"@type\":\"PropertyValueSpecification\",\"valueRequired\":true,\"valueName\":\"search_term_string\"}}],\"inLanguage\":\"pt-BR\"},{\"@type\":\"Organization\",\"@id\":\"https:\/\/fieam.org.br\/sesi\/#organization\",\"name\":\"SESI\",\"url\":\"https:\/\/fieam.org.br\/sesi\/\",\"logo\":{\"@type\":\"ImageObject\",\"inLanguage\":\"pt-BR\",\"@id\":\"https:\/\/fieam.org.br\/sesi\/#\/schema\/logo\/image\/\",\"url\":\"https:\/\/fieam.org.br\/sesi\/wp-content\/uploads\/sites\/14\/2024\/03\/cropped-fav.png\",\"contentUrl\":\"https:\/\/fieam.org.br\/sesi\/wp-content\/uploads\/sites\/14\/2024\/03\/cropped-fav.png\",\"width\":610,\"height\":589,\"caption\":\"SESI\"},\"image\":{\"@id\":\"https:\/\/fieam.org.br\/sesi\/#\/schema\/logo\/image\/\"}}]}<\/script>\n<!-- \/ Yoast SEO plugin. -->","yoast_head_json":{"title":"Promo\u00e7\u00e3o da Sa\u00fade - SESI","robots":{"index":"index","follow":"follow","max-snippet":"max-snippet:-1","max-image-preview":"max-image-preview:large","max-video-preview":"max-video-preview:-1"},"canonical":"https:\/\/fieam.org.br\/sesi\/promocao-da-saude\/","og_locale":"pt_BR","og_type":"article","og_title":"Promo\u00e7\u00e3o da Sa\u00fade - SESI","og_description":"Promo\u00e7\u00e3o da Sa\u00fade O Servi\u00e7o Social da Ind\u00fastria (SESI) Amazonas atua na qualidade de vida dos industri\u00e1rios e sua fam\u00edlia, e tamb\u00e9m do p\u00fablico em geral por meio de a\u00e7\u00f5es de sa\u00fade e bem-estar, visando o desenvolvimento sustent\u00e1vel e a competitividade da ind\u00fastria brasileira. SESI Cl\u00ednica 11 especialidades m\u00e9dicas, enfermagem, exames de imagem e laboratoriais, [&hellip;]","og_url":"https:\/\/fieam.org.br\/sesi\/promocao-da-saude\/","og_site_name":"SESI","article_modified_time":"2024-03-03T04:05:16+00:00","og_image":[{"url":"https:\/\/marketingmassivo.com.br\/sesi\/wp-content\/uploads\/sites\/12\/2024\/02\/setas.png","type":"","width":"","height":""}],"twitter_card":"summary_large_image","twitter_misc":{"Est. tempo de leitura":"1 minuto"},"schema":{"@context":"https:\/\/schema.org","@graph":[{"@type":"WebPage","@id":"https:\/\/fieam.org.br\/sesi\/promocao-da-saude\/","url":"https:\/\/fieam.org.br\/sesi\/promocao-da-saude\/","name":"Promo\u00e7\u00e3o da Sa\u00fade - SESI","isPartOf":{"@id":"https:\/\/fieam.org.br\/sesi\/#website"},"primaryImageOfPage":{"@id":"https:\/\/fieam.org.br\/sesi\/promocao-da-saude\/#primaryimage"},"image":{"@id":"https:\/\/fieam.org.br\/sesi\/promocao-da-saude\/#primaryimage"},"thumbnailUrl":"https:\/\/marketingmassivo.com.br\/sesi\/wp-content\/uploads\/sites\/12\/2024\/02\/setas.png","datePublished":"2024-03-03T03:25:06+00:00","dateModified":"2024-03-03T04:05:16+00:00","breadcrumb":{"@id":"https:\/\/fieam.org.br\/sesi\/promocao-da-saude\/#breadcrumb"},"inLanguage":"pt-BR","potentialAction":[{"@type":"ReadAction","target":["https:\/\/fieam.org.br\/sesi\/promocao-da-saude\/"]}]},{"@type":"ImageObject","inLanguage":"pt-BR","@id":"https:\/\/fieam.org.br\/sesi\/promocao-da-saude\/#primaryimage","url":"https:\/\/marketingmassivo.com.br\/sesi\/wp-content\/uploads\/sites\/12\/2024\/02\/setas.png","contentUrl":"https:\/\/marketingmassivo.com.br\/sesi\/wp-content\/uploads\/sites\/12\/2024\/02\/setas.png"},{"@type":"BreadcrumbList","@id":"https:\/\/fieam.org.br\/sesi\/promocao-da-saude\/#breadcrumb","itemListElement":[{"@type":"ListItem","position":1,"name":"In\u00edcio","item":"https:\/\/fieam.org.br\/sesi\/"},{"@type":"ListItem","position":2,"name":"Promo\u00e7\u00e3o da Sa\u00fade"}]},{"@type":"WebSite","@id":"https:\/\/fieam.org.br\/sesi\/#website","url":"https:\/\/fieam.org.br\/sesi\/","name":"SESI","description":"Site Oficial!","publisher":{"@id":"https:\/\/fieam.org.br\/sesi\/#organization"},"potentialAction":[{"@type":"SearchAction","target":{"@type":"EntryPoint","urlTemplate":"https:\/\/fieam.org.br\/sesi\/?s={search_term_string}"},"query-input":{"@type":"PropertyValueSpecification","valueRequired":true,"valueName":"search_term_string"}}],"inLanguage":"pt-BR"},{"@type":"Organization","@id":"https:\/\/fieam.org.br\/sesi\/#organization","name":"SESI","url":"https:\/\/fieam.org.br\/sesi\/","logo":{"@type":"ImageObject","inLanguage":"pt-BR","@id":"https:\/\/fieam.org.br\/sesi\/#\/schema\/logo\/image\/","url":"https:\/\/fieam.org.br\/sesi\/wp-content\/uploads\/sites\/14\/2024\/03\/cropped-fav.png","contentUrl":"https:\/\/fieam.org.br\/sesi\/wp-content\/uploads\/sites\/14\/2024\/03\/cropped-fav.png","width":610,"height":589,"caption":"SESI"},"image":{"@id":"https:\/\/fieam.org.br\/sesi\/#\/schema\/logo\/image\/"}}]}},"_links":{"self":[{"href":"https:\/\/fieam.org.br\/sesi\/wp-json\/wp\/v2\/pages\/19911","targetHints":{"allow":["GET"]}}],"collection":[{"href":"https:\/\/fieam.org.br\/sesi\/wp-json\/wp\/v2\/pages"}],"about":[{"href":"https:\/\/fieam.org.br\/sesi\/wp-json\/wp\/v2\/types\/page"}],"author":[{"embeddable":true,"href":"https:\/\/fieam.org.br\/sesi\/wp-json\/wp\/v2\/users\/1"}],"replies":[{"embeddable":true,"href":"https:\/\/fieam.org.br\/sesi\/wp-json\/wp\/v2\/comments?post=19911"}],"version-history":[{"count":7,"href":"https:\/\/fieam.org.br\/sesi\/wp-json\/wp\/v2\/pages\/19911\/revisions"}],"predecessor-version":[{"id":19924,"href":"https:\/\/fieam.org.br\/sesi\/wp-json\/wp\/v2\/pages\/19911\/revisions\/19924"}],"wp:attachment":[{"href":"https:\/\/fieam.org.br\/sesi\/wp-json\/wp\/v2\/media?parent=19911"}],"curies":[{"name":"wp","href":"https:\/\/api.w.org\/{rel}","templated":true}]}}