{"id":8680,"date":"2019-02-21T15:10:45","date_gmt":"2019-02-21T19:10:45","guid":{"rendered":"http:\/\/www.fieam.org.br\/senai\/?page_id=8680"},"modified":"2019-02-21T15:10:45","modified_gmt":"2019-02-21T19:10:45","slug":"logica-de-programacao","status":"publish","type":"page","link":"https:\/\/fieam.org.br\/senai\/logica-de-programacao\/","title":{"rendered":"L\u00f3gica de Programa\u00e7\u00e3o"},"content":{"rendered":"<p><strong>Curso:<\/strong> <strong>L\u00f3gica de Programa\u00e7\u00e3o<\/strong><strong>.<\/strong><\/p>\n<p>&nbsp;<\/p>\n<p><strong>Modalidade:<\/strong> Inicia\u00e7\u00e3o Profissional\u00a0\u00a0\u00a0\u00a0\u00a0\u00a0 \u00a0\u00a0\u00a0\u00a0\u00a0\u00a0\u00a0\u00a0\u00a0\u00a0\u00a0 <strong>\u00c1rea de atua\u00e7\u00e3o:<\/strong> Tecnologia da Informa\u00e7\u00e3o<\/p>\n<p><strong>\u00a0<\/strong><\/p>\n<p><strong>Carga Hor\u00e1ria do curso:<\/strong> 14 horas. Acesso disponibilizado ao curso por <strong>20 dias <\/strong>(corridos). Para cumprir o curso dentro do tempo estabelecido, recomendam-se em m\u00e9dia 50 minutos de estudo por dia.<\/p>\n<p>&nbsp;<\/p>\n<p><strong>Investimento:<\/strong> Gratuito.<\/p>\n<p>&nbsp;<\/p>\n<p><strong>P\u00fablico Alvo<\/strong><\/p>\n<p>Pessoas com o interesse em aprender os conceitos b\u00e1sicos da l\u00f3gica de programa\u00e7\u00e3o utilizada para a resolu\u00e7\u00e3o de problemas computacionais.<\/p>\n<p><strong>Objetivos<\/strong><\/p>\n<p>Apresentar ao aluno os conceitos b\u00e1sicos sobre l\u00f3gica de programa\u00e7\u00e3o, tipos de dados, estruturas de controle e repeti\u00e7\u00e3o. Exemplificar o uso de vari\u00e1veis homog\u00eaneas e heterog\u00eaneas<\/p>\n<p><strong>Pr\u00e9-requisitos<\/strong><\/p>\n<p>&nbsp;<\/p>\n<p>A partir de 14 anos, alfabetizado, conhecimento em Inform\u00e1tica B\u00e1sica. Disponibilizar de microcomputador com acesso \u00e0 internet, velocidade m\u00ednima 56kbps, navegador Internet Explorer 8 ou Mozilla Firefox, plug-ins Adobe Acrobat Reader, Adobe Flash Player e javascript.<\/p>\n<p>&nbsp;<\/p>\n<p><strong>Desenvolvimento Metodol\u00f3gico<\/strong><\/p>\n<ul>\n<li>Curso auto-instrucional executado no formato a dist\u00e2ncia, totalmente on-line, em ambiente virtual de aprendizagem &#8211; AVA, com atividades e uma avalia\u00e7\u00e3o.<\/li>\n<li>baseado na metodologia <strong>SENAI de Educa\u00e7\u00e3o Profissional<\/strong> (forma\u00e7\u00e3o por compet\u00eancias), que criando situa\u00e7\u00f5es desafiadoras propicia ao aluno construir o seu pr\u00f3prio conhecimento.<\/li>\n<li>Nas situa\u00e7\u00f5es de aprendizagem do curso o aluno mobiliza as capacidades para resolu\u00e7\u00e3o de uma situa\u00e7\u00e3o problema por meio da intera\u00e7\u00e3o com os objetos educacionais.<\/li>\n<li>abordagem contextualizada e aplicados recursos de <em>gamification <\/em>onde complementar de acordo com o desenvolvimento metodol\u00f3gico.<\/li>\n<\/ul>\n<p>&nbsp;<\/p>\n<p><strong>Matriz Curricular do Curso<\/strong><\/p>\n<p>Introdu\u00e7\u00e3o; Representa\u00e7\u00f5es; Tipos de Dados (Inteiro, Real, Literal, L\u00f3gico); Vari\u00e1veis; Express\u00f5es Aritm\u00e9ticas; Express\u00f5es L\u00f3gicas; Estrutura de Repeti\u00e7\u00e3o; Estrutura de Condi\u00e7\u00e3o; Vari\u00e1veis Indexadas; Revis\u00e3o e Subalgoritmos.<\/p>\n<p>&nbsp;<\/p>\n<p><strong>Crit\u00e9rios de Avalia\u00e7\u00e3o<\/strong><\/p>\n<ul>\n<li>A avalia\u00e7\u00e3o do aprendizado ser\u00e1 realizada atrav\u00e9s de uma avalia\u00e7\u00e3o on-line no ambiente EAD, onde a m\u00e9dia final ser\u00e1 composta somente da nota da avalia\u00e7\u00e3o final.<\/li>\n<li>A avalia\u00e7\u00e3o do aprendizado \u00e9 somativa realizada no final do curso no ambiente virtual de aprendizagem.<\/li>\n<li>Para se tornar apto ao recebimento do certificado on-line, o aluno dever\u00e1 ter aproveitamento m\u00ednimo de 60% na avalia\u00e7\u00e3o final.<\/li>\n<\/ul>\n<p>&nbsp;<\/p>\n<p><strong>Acesso ao Ambiente Virtual de Aprendizagem &#8211; AVA<\/strong><\/p>\n<p>Acesse o tutorial com o passo a passo para acesso ao curso,\u00a0<a href=\"http:\/\/www.fieam.org.br\/senai\/wp-content\/uploads\/sites\/3\/2018\/12\/Tutorial-Inscri%C3%A7%C3%A3o-Competencias-Transversais.pdf\">clique aqui<\/a>.<\/p>\n<p>&nbsp;<\/p>\n<p><strong>Mais Informa\u00e7\u00f5es:<\/strong><\/p>\n<p>Envie e-mail para \u00a0<a href=\"mailto:corem.senai@am.senai.br\">corem.senai@am.senai.br<\/a><\/p>\n","protected":false},"excerpt":{"rendered":"<p>Curso: L\u00f3gica de Programa\u00e7\u00e3o. &nbsp; Modalidade: Inicia\u00e7\u00e3o Profissional\u00a0\u00a0\u00a0\u00a0\u00a0\u00a0 \u00a0\u00a0\u00a0\u00a0\u00a0\u00a0\u00a0\u00a0\u00a0\u00a0\u00a0 \u00c1rea de atua\u00e7\u00e3o: Tecnologia da Informa\u00e7\u00e3o \u00a0 Carga Hor\u00e1ria do curso: 14 horas. Acesso disponibilizado ao curso por 20 dias (corridos). Para cumprir o curso dentro do tempo estabelecido, recomendam-se em m\u00e9dia 50 minutos de estudo por dia. &nbsp; Investimento: Gratuito. &nbsp; P\u00fablico Alvo Pessoas com [&hellip;]<\/p>\n","protected":false},"author":1,"featured_media":0,"parent":0,"menu_order":0,"comment_status":"closed","ping_status":"closed","template":"","meta":{"footnotes":""},"class_list":["post-8680","page","type-page","status-publish","hentry"],"yoast_head":"<!-- This site is optimized with the Yoast SEO plugin v26.8 - https:\/\/yoast.com\/product\/yoast-seo-wordpress\/ -->\n<title>L\u00f3gica de Programa\u00e7\u00e3o - SENAI<\/title>\n<meta name=\"robots\" content=\"index, follow, max-snippet:-1, max-image-preview:large, max-video-preview:-1\" \/>\n<link rel=\"canonical\" href=\"https:\/\/fieam.org.br\/senai\/logica-de-programacao\/\" \/>\n<meta property=\"og:locale\" content=\"pt_BR\" \/>\n<meta property=\"og:type\" content=\"article\" \/>\n<meta property=\"og:title\" content=\"L\u00f3gica de Programa\u00e7\u00e3o - SENAI\" \/>\n<meta property=\"og:description\" content=\"Curso: L\u00f3gica de Programa\u00e7\u00e3o. &nbsp; Modalidade: Inicia\u00e7\u00e3o Profissional\u00a0\u00a0\u00a0\u00a0\u00a0\u00a0 \u00a0\u00a0\u00a0\u00a0\u00a0\u00a0\u00a0\u00a0\u00a0\u00a0\u00a0 \u00c1rea de atua\u00e7\u00e3o: Tecnologia da Informa\u00e7\u00e3o \u00a0 Carga Hor\u00e1ria do curso: 14 horas. Acesso disponibilizado ao curso por 20 dias (corridos). Para cumprir o curso dentro do tempo estabelecido, recomendam-se em m\u00e9dia 50 minutos de estudo por dia. &nbsp; Investimento: Gratuito. &nbsp; P\u00fablico Alvo Pessoas com [&hellip;]\" \/>\n<meta property=\"og:url\" content=\"https:\/\/fieam.org.br\/senai\/logica-de-programacao\/\" \/>\n<meta property=\"og:site_name\" content=\"SENAI\" \/>\n<meta name=\"twitter:card\" content=\"summary_large_image\" \/>\n<meta name=\"twitter:label1\" content=\"Est. tempo de leitura\" \/>\n\t<meta name=\"twitter:data1\" content=\"2 minutos\" \/>\n<script type=\"application\/ld+json\" class=\"yoast-schema-graph\">{\"@context\":\"https:\/\/schema.org\",\"@graph\":[{\"@type\":\"WebPage\",\"@id\":\"https:\/\/fieam.org.br\/senai\/logica-de-programacao\/\",\"url\":\"https:\/\/fieam.org.br\/senai\/logica-de-programacao\/\",\"name\":\"L\u00f3gica de Programa\u00e7\u00e3o - SENAI\",\"isPartOf\":{\"@id\":\"https:\/\/fieam.org.br\/senai\/#website\"},\"datePublished\":\"2019-02-21T19:10:45+00:00\",\"breadcrumb\":{\"@id\":\"https:\/\/fieam.org.br\/senai\/logica-de-programacao\/#breadcrumb\"},\"inLanguage\":\"pt-BR\",\"potentialAction\":[{\"@type\":\"ReadAction\",\"target\":[\"https:\/\/fieam.org.br\/senai\/logica-de-programacao\/\"]}]},{\"@type\":\"BreadcrumbList\",\"@id\":\"https:\/\/fieam.org.br\/senai\/logica-de-programacao\/#breadcrumb\",\"itemListElement\":[{\"@type\":\"ListItem\",\"position\":1,\"name\":\"In\u00edcio\",\"item\":\"https:\/\/fieam.org.br\/senai\/\"},{\"@type\":\"ListItem\",\"position\":2,\"name\":\"L\u00f3gica de Programa\u00e7\u00e3o\"}]},{\"@type\":\"WebSite\",\"@id\":\"https:\/\/fieam.org.br\/senai\/#website\",\"url\":\"https:\/\/fieam.org.br\/senai\/\",\"name\":\"SENAI\",\"description\":\"Site Oficial!\",\"publisher\":{\"@id\":\"https:\/\/fieam.org.br\/senai\/#organization\"},\"potentialAction\":[{\"@type\":\"SearchAction\",\"target\":{\"@type\":\"EntryPoint\",\"urlTemplate\":\"https:\/\/fieam.org.br\/senai\/?s={search_term_string}\"},\"query-input\":{\"@type\":\"PropertyValueSpecification\",\"valueRequired\":true,\"valueName\":\"search_term_string\"}}],\"inLanguage\":\"pt-BR\"},{\"@type\":\"Organization\",\"@id\":\"https:\/\/fieam.org.br\/senai\/#organization\",\"name\":\"SENAI\",\"url\":\"https:\/\/fieam.org.br\/senai\/\",\"logo\":{\"@type\":\"ImageObject\",\"inLanguage\":\"pt-BR\",\"@id\":\"https:\/\/fieam.org.br\/senai\/#\/schema\/logo\/image\/\",\"url\":\"https:\/\/fieam.org.br\/senai\/wp-content\/uploads\/sites\/16\/2024\/03\/cropped-fav.png\",\"contentUrl\":\"https:\/\/fieam.org.br\/senai\/wp-content\/uploads\/sites\/16\/2024\/03\/cropped-fav.png\",\"width\":592,\"height\":577,\"caption\":\"SENAI\"},\"image\":{\"@id\":\"https:\/\/fieam.org.br\/senai\/#\/schema\/logo\/image\/\"}}]}<\/script>\n<!-- \/ Yoast SEO plugin. -->","yoast_head_json":{"title":"L\u00f3gica de Programa\u00e7\u00e3o - SENAI","robots":{"index":"index","follow":"follow","max-snippet":"max-snippet:-1","max-image-preview":"max-image-preview:large","max-video-preview":"max-video-preview:-1"},"canonical":"https:\/\/fieam.org.br\/senai\/logica-de-programacao\/","og_locale":"pt_BR","og_type":"article","og_title":"L\u00f3gica de Programa\u00e7\u00e3o - SENAI","og_description":"Curso: L\u00f3gica de Programa\u00e7\u00e3o. &nbsp; Modalidade: Inicia\u00e7\u00e3o Profissional\u00a0\u00a0\u00a0\u00a0\u00a0\u00a0 \u00a0\u00a0\u00a0\u00a0\u00a0\u00a0\u00a0\u00a0\u00a0\u00a0\u00a0 \u00c1rea de atua\u00e7\u00e3o: Tecnologia da Informa\u00e7\u00e3o \u00a0 Carga Hor\u00e1ria do curso: 14 horas. Acesso disponibilizado ao curso por 20 dias (corridos). Para cumprir o curso dentro do tempo estabelecido, recomendam-se em m\u00e9dia 50 minutos de estudo por dia. &nbsp; Investimento: Gratuito. &nbsp; P\u00fablico Alvo Pessoas com [&hellip;]","og_url":"https:\/\/fieam.org.br\/senai\/logica-de-programacao\/","og_site_name":"SENAI","twitter_card":"summary_large_image","twitter_misc":{"Est. tempo de leitura":"2 minutos"},"schema":{"@context":"https:\/\/schema.org","@graph":[{"@type":"WebPage","@id":"https:\/\/fieam.org.br\/senai\/logica-de-programacao\/","url":"https:\/\/fieam.org.br\/senai\/logica-de-programacao\/","name":"L\u00f3gica de Programa\u00e7\u00e3o - SENAI","isPartOf":{"@id":"https:\/\/fieam.org.br\/senai\/#website"},"datePublished":"2019-02-21T19:10:45+00:00","breadcrumb":{"@id":"https:\/\/fieam.org.br\/senai\/logica-de-programacao\/#breadcrumb"},"inLanguage":"pt-BR","potentialAction":[{"@type":"ReadAction","target":["https:\/\/fieam.org.br\/senai\/logica-de-programacao\/"]}]},{"@type":"BreadcrumbList","@id":"https:\/\/fieam.org.br\/senai\/logica-de-programacao\/#breadcrumb","itemListElement":[{"@type":"ListItem","position":1,"name":"In\u00edcio","item":"https:\/\/fieam.org.br\/senai\/"},{"@type":"ListItem","position":2,"name":"L\u00f3gica de Programa\u00e7\u00e3o"}]},{"@type":"WebSite","@id":"https:\/\/fieam.org.br\/senai\/#website","url":"https:\/\/fieam.org.br\/senai\/","name":"SENAI","description":"Site Oficial!","publisher":{"@id":"https:\/\/fieam.org.br\/senai\/#organization"},"potentialAction":[{"@type":"SearchAction","target":{"@type":"EntryPoint","urlTemplate":"https:\/\/fieam.org.br\/senai\/?s={search_term_string}"},"query-input":{"@type":"PropertyValueSpecification","valueRequired":true,"valueName":"search_term_string"}}],"inLanguage":"pt-BR"},{"@type":"Organization","@id":"https:\/\/fieam.org.br\/senai\/#organization","name":"SENAI","url":"https:\/\/fieam.org.br\/senai\/","logo":{"@type":"ImageObject","inLanguage":"pt-BR","@id":"https:\/\/fieam.org.br\/senai\/#\/schema\/logo\/image\/","url":"https:\/\/fieam.org.br\/senai\/wp-content\/uploads\/sites\/16\/2024\/03\/cropped-fav.png","contentUrl":"https:\/\/fieam.org.br\/senai\/wp-content\/uploads\/sites\/16\/2024\/03\/cropped-fav.png","width":592,"height":577,"caption":"SENAI"},"image":{"@id":"https:\/\/fieam.org.br\/senai\/#\/schema\/logo\/image\/"}}]}},"_links":{"self":[{"href":"https:\/\/fieam.org.br\/senai\/wp-json\/wp\/v2\/pages\/8680","targetHints":{"allow":["GET"]}}],"collection":[{"href":"https:\/\/fieam.org.br\/senai\/wp-json\/wp\/v2\/pages"}],"about":[{"href":"https:\/\/fieam.org.br\/senai\/wp-json\/wp\/v2\/types\/page"}],"author":[{"embeddable":true,"href":"https:\/\/fieam.org.br\/senai\/wp-json\/wp\/v2\/users\/1"}],"replies":[{"embeddable":true,"href":"https:\/\/fieam.org.br\/senai\/wp-json\/wp\/v2\/comments?post=8680"}],"version-history":[{"count":0,"href":"https:\/\/fieam.org.br\/senai\/wp-json\/wp\/v2\/pages\/8680\/revisions"}],"wp:attachment":[{"href":"https:\/\/fieam.org.br\/senai\/wp-json\/wp\/v2\/media?parent=8680"}],"curies":[{"name":"wp","href":"https:\/\/api.w.org\/{rel}","templated":true}]}}

Lógica de Programação

<p><strong>Curso:</strong> <strong>Lógica de Programação</strong><strong>.</strong></p>
<p>&nbsp;</p>
<p><strong>Modalidade:</strong> Iniciação Profissional                   <strong>Área de atuação:</strong> Tecnologia da Informação</p>
<p><strong> </strong></p>
<p><strong>Carga Horária do curso:</strong> 14 horas. Acesso disponibilizado ao curso por <strong>20 dias </strong>(corridos). Para cumprir o curso dentro do tempo estabelecido, recomendam-se em média 50 minutos de estudo por dia.</p>
<p>&nbsp;</p>
<p><strong>Investimento:</strong> Gratuito.</p>
<p>&nbsp;</p>
<p><strong>Público Alvo</strong></p>
<p>Pessoas com o interesse em aprender os conceitos básicos da lógica de programação utilizada para a resolução de problemas computacionais.</p>
<p><strong>Objetivos</strong></p>
<p>Apresentar ao aluno os conceitos básicos sobre lógica de programação, tipos de dados, estruturas de controle e repetição. Exemplificar o uso de variáveis homogêneas e heterogêneas</p>
<p><strong>Pré-requisitos</strong></p>
<p>&nbsp;</p>
<p>A partir de 14 anos, alfabetizado, conhecimento em Informática Básica. Disponibilizar de microcomputador com acesso à internet, velocidade mínima 56kbps, navegador Internet Explorer 8 ou Mozilla Firefox, plug-ins Adobe Acrobat Reader, Adobe Flash Player e javascript.</p>
<p>&nbsp;</p>
<p><strong>Desenvolvimento Metodológico</strong></p>
<ul>
<li>Curso auto-instrucional executado no formato a distância, totalmente on-line, em ambiente virtual de aprendizagem &#8211; AVA, com atividades e uma avaliação.</li>
<li>baseado na metodologia <strong>SENAI de Educação Profissional</strong> (formação por competências), que criando situações desafiadoras propicia ao aluno construir o seu próprio conhecimento.</li>
<li>Nas situações de aprendizagem do curso o aluno mobiliza as capacidades para resolução de uma situação problema por meio da interação com os objetos educacionais.</li>
<li>abordagem contextualizada e aplicados recursos de <em>gamification </em>onde complementar de acordo com o desenvolvimento metodológico.</li>
</ul>
<p>&nbsp;</p>
<p><strong>Matriz Curricular do Curso</strong></p>
<p>Introdução; Representações; Tipos de Dados (Inteiro, Real, Literal, Lógico); Variáveis; Expressões Aritméticas; Expressões Lógicas; Estrutura de Repetição; Estrutura de Condição; Variáveis Indexadas; Revisão e Subalgoritmos.</p>
<p>&nbsp;</p>
<p><strong>Critérios de Avaliação</strong></p>
<ul>
<li>A avaliação do aprendizado será realizada através de uma avaliação on-line no ambiente EAD, onde a média final será composta somente da nota da avaliação final.</li>
<li>A avaliação do aprendizado é somativa realizada no final do curso no ambiente virtual de aprendizagem.</li>
<li>Para se tornar apto ao recebimento do certificado on-line, o aluno deverá ter aproveitamento mínimo de 60% na avaliação final.</li>
</ul>
<p>&nbsp;</p>
<p><strong>Acesso ao Ambiente Virtual de Aprendizagem &#8211; AVA</strong></p>
<p>Acesse o tutorial com o passo a passo para acesso ao curso, <a href="http://www.fieam.org.br/senai/wp-content/uploads/sites/3/2018/12/Tutorial-Inscri%C3%A7%C3%A3o-Competencias-Transversais.pdf">clique aqui</a>.</p>
<p>&nbsp;</p>
<p><strong>Mais Informações:</strong></p>
<p>Envie e-mail para  <a href="mailto:corem.senai@am.senai.br">corem.senai@am.senai.br</a></p>

<p>Curso: Lógica de Programação. &nbsp; Modalidade: Iniciação Profissional                   Área de atuação: Tecnologia da Informação   Carga Horária do curso: 14 horas. Acesso disponibilizado ao curso por 20 dias (corridos). Para cumprir o curso dentro do tempo estabelecido, recomendam-se em média 50 minutos de estudo por dia. &nbsp; Investimento: Gratuito. &nbsp; Público Alvo Pessoas com [&hellip;]</p>

<!-- This site is optimized with the Yoast SEO plugin v26.8 - https://yoast.com/product/yoast-seo-wordpress/ -->
<title>Lógica de Programação - SENAI</title>
<meta name="robots" content="index, follow, max-snippet:-1, max-image-preview:large, max-video-preview:-1" />
<link rel="canonical" href="https://fieam.org.br/senai/logica-de-programacao/" />
<meta property="og:locale" content="pt_BR" />
<meta property="og:type" content="article" />
<meta property="og:title" content="Lógica de Programação - SENAI" />
<meta property="og:description" content="Curso: Lógica de Programação. &nbsp; Modalidade: Iniciação Profissional                   Área de atuação: Tecnologia da Informação   Carga Horária do curso: 14 horas. Acesso disponibilizado ao curso por 20 dias (corridos). Para cumprir o curso dentro do tempo estabelecido, recomendam-se em média 50 minutos de estudo por dia. &nbsp; Investimento: Gratuito. &nbsp; Público Alvo Pessoas com [&hellip;]" />
<meta property="og:url" content="https://fieam.org.br/senai/logica-de-programacao/" />
<meta property="og:site_name" content="SENAI" />
<meta name="twitter:card" content="summary_large_image" />
<meta name="twitter:label1" content="Est. tempo de leitura" />
	<meta name="twitter:data1" content="2 minutos" />
<script type="application/ld+json" class="yoast-schema-graph">{"@context":"https://schema.org","@graph":[{"@type":"WebPage","@id":"https://fieam.org.br/senai/logica-de-programacao/","url":"https://fieam.org.br/senai/logica-de-programacao/","name":"Lógica de Programação - SENAI","isPartOf":{"@id":"https://fieam.org.br/senai/#website"},"datePublished":"2019-02-21T19:10:45+00:00","breadcrumb":{"@id":"https://fieam.org.br/senai/logica-de-programacao/#breadcrumb"},"inLanguage":"pt-BR","potentialAction":[{"@type":"ReadAction","target":["https://fieam.org.br/senai/logica-de-programacao/"]}]},{"@type":"BreadcrumbList","@id":"https://fieam.org.br/senai/logica-de-programacao/#breadcrumb","itemListElement":[{"@type":"ListItem","position":1,"name":"Início","item":"https://fieam.org.br/senai/"},{"@type":"ListItem","position":2,"name":"Lógica de Programação"}]},{"@type":"WebSite","@id":"https://fieam.org.br/senai/#website","url":"https://fieam.org.br/senai/","name":"SENAI","description":"Site Oficial!","publisher":{"@id":"https://fieam.org.br/senai/#organization"},"potentialAction":[{"@type":"SearchAction","target":{"@type":"EntryPoint","urlTemplate":"https://fieam.org.br/senai/?s={search_term_string}"},"query-input":{"@type":"PropertyValueSpecification","valueRequired":true,"valueName":"search_term_string"}}],"inLanguage":"pt-BR"},{"@type":"Organization","@id":"https://fieam.org.br/senai/#organization","name":"SENAI","url":"https://fieam.org.br/senai/","logo":{"@type":"ImageObject","inLanguage":"pt-BR","@id":"https://fieam.org.br/senai/#/schema/logo/image/","url":"https://fieam.org.br/senai/wp-content/uploads/sites/16/2024/03/cropped-fav.png","contentUrl":"https://fieam.org.br/senai/wp-content/uploads/sites/16/2024/03/cropped-fav.png","width":592,"height":577,"caption":"SENAI"},"image":{"@id":"https://fieam.org.br/senai/#/schema/logo/image/"}}]}</script>
<!-- / Yoast SEO plugin. -->

Lógica de Programação - SENAI

Curso: Lógica de Programação. &nbsp; Modalidade: Iniciação Profissional                   Área de atuação: Tecnologia da Informação   Carga Horária do curso: 14 horas. Acesso disponibilizado ao curso por 20 dias (corridos). Para cumprir o curso dentro do tempo estabelecido, recomendam-se em média 50 minutos de estudo por dia. &nbsp; Investimento: Gratuito. &nbsp; Público Alvo Pessoas com [&hellip;]

Início
