{"id":8558,"date":"2018-12-12T11:11:39","date_gmt":"2018-12-12T15:11:39","guid":{"rendered":"http:\/\/www.fieam.org.br\/senai\/?page_id=8558"},"modified":"2018-12-12T11:11:39","modified_gmt":"2018-12-12T15:11:39","slug":"curso-nocoes-basica-de-mecanica-automotiva-ead","status":"publish","type":"page","link":"https:\/\/fieam.org.br\/senai\/curso-nocoes-basica-de-mecanica-automotiva-ead\/","title":{"rendered":"Curso No\u00e7\u00f5es B\u00e1sica de Mec\u00e2nica Automotiva EAD"},"content":{"rendered":"<p><strong>Curso:<\/strong> <strong>Mec\u00e2nica Automotiva<\/strong><\/p>\n<p>&nbsp;<\/p>\n<p><strong>Modalidade:<\/strong> Inicia\u00e7\u00e3o Profissional\u00a0\u00a0\u00a0\u00a0\u00a0\u00a0\u00a0\u00a0\u00a0\u00a0\u00a0\u00a0\u00a0\u00a0\u00a0\u00a0\u00a0\u00a0 <strong>\u00c1rea de atua\u00e7\u00e3o:<\/strong> Metalmec\u00e2nica<\/p>\n<p><strong>\u00a0<\/strong><\/p>\n<p><strong>Carga Hor\u00e1ria do curso:<\/strong> 14 horas. Acesso disponibilizado ao curso por <strong>20 dias <\/strong>(corridos). Para cumprir o curso dentro do tempo estabelecido, recomendam-se em m\u00e9dia 50 minutos de estudo por dia.<\/p>\n<p>&nbsp;<\/p>\n<p><strong>Investimento:<\/strong> Gratuito.<\/p>\n<p>&nbsp;<\/p>\n<p><strong>P\u00fablico Alvo<\/strong><\/p>\n<p>Colaboradores de \u00e1reas ligadas \u00e0 repara\u00e7\u00e3o e autom\u00f3veis. Pessoas interessadas em conhecimentos de conceitos automotivos. Professores. Alunos. Empregados e empregadores de modo geral.<\/p>\n<p><strong>Objetivo<\/strong><\/p>\n<p>Proporcionar aos alunos o conhecimento necess\u00e1rio \u00e0 aplica\u00e7\u00e3o e interpreta\u00e7\u00e3o de conceitos f\u00edsicos e mec\u00e2nicos, relacionados \u00e0 \u00e1rea de mec\u00e2nica automotiva. O curso tem como objetivo explorar os principais temas relacionados \u00e0 mec\u00e2nica automotiva, desde os conceitos b\u00e1sicos at\u00e9 a conceitua\u00e7\u00e3o de funcionamento e fun\u00e7\u00f5es dos sistemas complexos, como sistemas mec\u00e2nicos principais e secund\u00e1rios.<\/p>\n<p><strong>Pr\u00e9-requisitos<\/strong><\/p>\n<p>&nbsp;<\/p>\n<p>A partir de 14 anos, alfabetizado, conhecimento em Inform\u00e1tica B\u00e1sica. Disponibilizar de microcomputador com acesso \u00e0 internet, velocidade m\u00ednima 56kbps, navegador Internet Explorer 8 ou Mozilla Firefox, plug-ins Adobe Acrobat Reader, Adobe Flash Player e javascript.<\/p>\n<p>&nbsp;<\/p>\n<p><strong>Desenvolvimento Metodol\u00f3gico<\/strong><\/p>\n<ul>\n<li>Curso auto-instrucional executado no formato a dist\u00e2ncia, totalmente on-line, em ambiente virtual de aprendizagem &#8211; AVA, com atividades e uma avalia\u00e7\u00e3o.<\/li>\n<li>baseado na metodologia <strong>SENAI de Educa\u00e7\u00e3o Profissional<\/strong> (forma\u00e7\u00e3o por compet\u00eancias), que criando situa\u00e7\u00f5es desafiadoras propicia ao aluno construir o seu pr\u00f3prio conhecimento.<\/li>\n<li>Nas situa\u00e7\u00f5es de aprendizagem do curso o aluno mobiliza as capacidades para resolu\u00e7\u00e3o de uma situa\u00e7\u00e3o problema por meio da intera\u00e7\u00e3o com os objetos educacionais.<\/li>\n<li>abordagem contextualizada e aplicados recursos de <em>gamification <\/em>onde complementar de acordo com o desenvolvimento metodol\u00f3gico.<\/li>\n<\/ul>\n<p>&nbsp;<\/p>\n<p><strong>Matriz Curricular do Curso<\/strong><\/p>\n<p>Sistema de suspen\u00e7\u00e3o e rodas; Sistema de freios; Sistema de dire\u00e7\u00e3o; Sistema de transmiss\u00e3o mec\u00e2nica; Motor Ciclo Otto; Sistema de alimenta\u00e7\u00e3o; Turbo Alimentador.<\/p>\n<p><strong>Crit\u00e9rios de Avalia\u00e7\u00e3o<\/strong><\/p>\n<ul>\n<li>A avalia\u00e7\u00e3o do aprendizado ser\u00e1 realizada atrav\u00e9s de uma avalia\u00e7\u00e3o on-line no ambiente EAD, onde a m\u00e9dia final ser\u00e1 composta somente da nota da avalia\u00e7\u00e3o final.<\/li>\n<li>A avalia\u00e7\u00e3o do aprendizado \u00e9 somativa realizada no final do curso no ambiente virtual de aprendizagem.<\/li>\n<li>Para se tornar apto ao recebimento do certificado on-line, o aluno dever\u00e1 ter aproveitamento m\u00ednimo de 60% na avalia\u00e7\u00e3o final.<\/li>\n<\/ul>\n<p>&nbsp;<\/p>\n<p><strong>Acesso ao Ambiente Virtual de Aprendizagem &#8211; AVA<\/strong><\/p>\n<p>Acesse o tutorial com o passo a passo para acesso ao curso, <a href=\"http:\/\/www.fieam.org.br\/senai\/wp-content\/uploads\/sites\/3\/2018\/12\/Tutorial-Inscri%C3%A7%C3%A3o-Competencias-Transversais.pdf\">clique aqui<\/a>.<\/p>\n<p>&nbsp;<\/p>\n<p><strong>Mais Informa\u00e7\u00f5es:<\/strong><\/p>\n<p>Envie e-mail para \u00a0<a href=\"mailto:corem.senai@am.senai.br\">corem.senai@am.senai.br<\/a><\/p>\n","protected":false},"excerpt":{"rendered":"<p>Curso: Mec\u00e2nica Automotiva &nbsp; Modalidade: Inicia\u00e7\u00e3o Profissional\u00a0\u00a0\u00a0\u00a0\u00a0\u00a0\u00a0\u00a0\u00a0\u00a0\u00a0\u00a0\u00a0\u00a0\u00a0\u00a0\u00a0\u00a0 \u00c1rea de atua\u00e7\u00e3o: Metalmec\u00e2nica \u00a0 Carga Hor\u00e1ria do curso: 14 horas. Acesso disponibilizado ao curso por 20 dias (corridos). Para cumprir o curso dentro do tempo estabelecido, recomendam-se em m\u00e9dia 50 minutos de estudo por dia. &nbsp; Investimento: Gratuito. &nbsp; P\u00fablico Alvo Colaboradores de \u00e1reas ligadas \u00e0 repara\u00e7\u00e3o [&hellip;]<\/p>\n","protected":false},"author":1,"featured_media":0,"parent":0,"menu_order":0,"comment_status":"closed","ping_status":"closed","template":"","meta":{"footnotes":""},"class_list":["post-8558","page","type-page","status-publish","hentry"],"yoast_head":"<!-- This site is optimized with the Yoast SEO plugin v26.8 - https:\/\/yoast.com\/product\/yoast-seo-wordpress\/ -->\n<title>Curso No\u00e7\u00f5es B\u00e1sica de Mec\u00e2nica Automotiva EAD - SENAI<\/title>\n<meta name=\"robots\" content=\"index, follow, max-snippet:-1, max-image-preview:large, max-video-preview:-1\" \/>\n<link rel=\"canonical\" href=\"https:\/\/fieam.org.br\/senai\/curso-nocoes-basica-de-mecanica-automotiva-ead\/\" \/>\n<meta property=\"og:locale\" content=\"pt_BR\" \/>\n<meta property=\"og:type\" content=\"article\" \/>\n<meta property=\"og:title\" content=\"Curso No\u00e7\u00f5es B\u00e1sica de Mec\u00e2nica Automotiva EAD - SENAI\" \/>\n<meta property=\"og:description\" content=\"Curso: Mec\u00e2nica Automotiva &nbsp; Modalidade: Inicia\u00e7\u00e3o Profissional\u00a0\u00a0\u00a0\u00a0\u00a0\u00a0\u00a0\u00a0\u00a0\u00a0\u00a0\u00a0\u00a0\u00a0\u00a0\u00a0\u00a0\u00a0 \u00c1rea de atua\u00e7\u00e3o: Metalmec\u00e2nica \u00a0 Carga Hor\u00e1ria do curso: 14 horas. Acesso disponibilizado ao curso por 20 dias (corridos). Para cumprir o curso dentro do tempo estabelecido, recomendam-se em m\u00e9dia 50 minutos de estudo por dia. &nbsp; Investimento: Gratuito. &nbsp; P\u00fablico Alvo Colaboradores de \u00e1reas ligadas \u00e0 repara\u00e7\u00e3o [&hellip;]\" \/>\n<meta property=\"og:url\" content=\"https:\/\/fieam.org.br\/senai\/curso-nocoes-basica-de-mecanica-automotiva-ead\/\" \/>\n<meta property=\"og:site_name\" content=\"SENAI\" \/>\n<meta name=\"twitter:card\" content=\"summary_large_image\" \/>\n<meta name=\"twitter:label1\" content=\"Est. tempo de leitura\" \/>\n\t<meta name=\"twitter:data1\" content=\"2 minutos\" \/>\n<script type=\"application\/ld+json\" class=\"yoast-schema-graph\">{\"@context\":\"https:\/\/schema.org\",\"@graph\":[{\"@type\":\"WebPage\",\"@id\":\"https:\/\/fieam.org.br\/senai\/curso-nocoes-basica-de-mecanica-automotiva-ead\/\",\"url\":\"https:\/\/fieam.org.br\/senai\/curso-nocoes-basica-de-mecanica-automotiva-ead\/\",\"name\":\"Curso No\u00e7\u00f5es B\u00e1sica de Mec\u00e2nica Automotiva EAD - SENAI\",\"isPartOf\":{\"@id\":\"https:\/\/fieam.org.br\/senai\/#website\"},\"datePublished\":\"2018-12-12T15:11:39+00:00\",\"breadcrumb\":{\"@id\":\"https:\/\/fieam.org.br\/senai\/curso-nocoes-basica-de-mecanica-automotiva-ead\/#breadcrumb\"},\"inLanguage\":\"pt-BR\",\"potentialAction\":[{\"@type\":\"ReadAction\",\"target\":[\"https:\/\/fieam.org.br\/senai\/curso-nocoes-basica-de-mecanica-automotiva-ead\/\"]}]},{\"@type\":\"BreadcrumbList\",\"@id\":\"https:\/\/fieam.org.br\/senai\/curso-nocoes-basica-de-mecanica-automotiva-ead\/#breadcrumb\",\"itemListElement\":[{\"@type\":\"ListItem\",\"position\":1,\"name\":\"In\u00edcio\",\"item\":\"https:\/\/fieam.org.br\/senai\/\"},{\"@type\":\"ListItem\",\"position\":2,\"name\":\"Curso No\u00e7\u00f5es B\u00e1sica de Mec\u00e2nica Automotiva EAD\"}]},{\"@type\":\"WebSite\",\"@id\":\"https:\/\/fieam.org.br\/senai\/#website\",\"url\":\"https:\/\/fieam.org.br\/senai\/\",\"name\":\"SENAI\",\"description\":\"Site Oficial!\",\"publisher\":{\"@id\":\"https:\/\/fieam.org.br\/senai\/#organization\"},\"potentialAction\":[{\"@type\":\"SearchAction\",\"target\":{\"@type\":\"EntryPoint\",\"urlTemplate\":\"https:\/\/fieam.org.br\/senai\/?s={search_term_string}\"},\"query-input\":{\"@type\":\"PropertyValueSpecification\",\"valueRequired\":true,\"valueName\":\"search_term_string\"}}],\"inLanguage\":\"pt-BR\"},{\"@type\":\"Organization\",\"@id\":\"https:\/\/fieam.org.br\/senai\/#organization\",\"name\":\"SENAI\",\"url\":\"https:\/\/fieam.org.br\/senai\/\",\"logo\":{\"@type\":\"ImageObject\",\"inLanguage\":\"pt-BR\",\"@id\":\"https:\/\/fieam.org.br\/senai\/#\/schema\/logo\/image\/\",\"url\":\"https:\/\/fieam.org.br\/senai\/wp-content\/uploads\/sites\/16\/2024\/03\/cropped-fav.png\",\"contentUrl\":\"https:\/\/fieam.org.br\/senai\/wp-content\/uploads\/sites\/16\/2024\/03\/cropped-fav.png\",\"width\":592,\"height\":577,\"caption\":\"SENAI\"},\"image\":{\"@id\":\"https:\/\/fieam.org.br\/senai\/#\/schema\/logo\/image\/\"}}]}<\/script>\n<!-- \/ Yoast SEO plugin. -->","yoast_head_json":{"title":"Curso No\u00e7\u00f5es B\u00e1sica de Mec\u00e2nica Automotiva EAD - SENAI","robots":{"index":"index","follow":"follow","max-snippet":"max-snippet:-1","max-image-preview":"max-image-preview:large","max-video-preview":"max-video-preview:-1"},"canonical":"https:\/\/fieam.org.br\/senai\/curso-nocoes-basica-de-mecanica-automotiva-ead\/","og_locale":"pt_BR","og_type":"article","og_title":"Curso No\u00e7\u00f5es B\u00e1sica de Mec\u00e2nica Automotiva EAD - SENAI","og_description":"Curso: Mec\u00e2nica Automotiva &nbsp; Modalidade: Inicia\u00e7\u00e3o Profissional\u00a0\u00a0\u00a0\u00a0\u00a0\u00a0\u00a0\u00a0\u00a0\u00a0\u00a0\u00a0\u00a0\u00a0\u00a0\u00a0\u00a0\u00a0 \u00c1rea de atua\u00e7\u00e3o: Metalmec\u00e2nica \u00a0 Carga Hor\u00e1ria do curso: 14 horas. Acesso disponibilizado ao curso por 20 dias (corridos). Para cumprir o curso dentro do tempo estabelecido, recomendam-se em m\u00e9dia 50 minutos de estudo por dia. &nbsp; Investimento: Gratuito. &nbsp; P\u00fablico Alvo Colaboradores de \u00e1reas ligadas \u00e0 repara\u00e7\u00e3o [&hellip;]","og_url":"https:\/\/fieam.org.br\/senai\/curso-nocoes-basica-de-mecanica-automotiva-ead\/","og_site_name":"SENAI","twitter_card":"summary_large_image","twitter_misc":{"Est. tempo de leitura":"2 minutos"},"schema":{"@context":"https:\/\/schema.org","@graph":[{"@type":"WebPage","@id":"https:\/\/fieam.org.br\/senai\/curso-nocoes-basica-de-mecanica-automotiva-ead\/","url":"https:\/\/fieam.org.br\/senai\/curso-nocoes-basica-de-mecanica-automotiva-ead\/","name":"Curso No\u00e7\u00f5es B\u00e1sica de Mec\u00e2nica Automotiva EAD - SENAI","isPartOf":{"@id":"https:\/\/fieam.org.br\/senai\/#website"},"datePublished":"2018-12-12T15:11:39+00:00","breadcrumb":{"@id":"https:\/\/fieam.org.br\/senai\/curso-nocoes-basica-de-mecanica-automotiva-ead\/#breadcrumb"},"inLanguage":"pt-BR","potentialAction":[{"@type":"ReadAction","target":["https:\/\/fieam.org.br\/senai\/curso-nocoes-basica-de-mecanica-automotiva-ead\/"]}]},{"@type":"BreadcrumbList","@id":"https:\/\/fieam.org.br\/senai\/curso-nocoes-basica-de-mecanica-automotiva-ead\/#breadcrumb","itemListElement":[{"@type":"ListItem","position":1,"name":"In\u00edcio","item":"https:\/\/fieam.org.br\/senai\/"},{"@type":"ListItem","position":2,"name":"Curso No\u00e7\u00f5es B\u00e1sica de Mec\u00e2nica Automotiva EAD"}]},{"@type":"WebSite","@id":"https:\/\/fieam.org.br\/senai\/#website","url":"https:\/\/fieam.org.br\/senai\/","name":"SENAI","description":"Site Oficial!","publisher":{"@id":"https:\/\/fieam.org.br\/senai\/#organization"},"potentialAction":[{"@type":"SearchAction","target":{"@type":"EntryPoint","urlTemplate":"https:\/\/fieam.org.br\/senai\/?s={search_term_string}"},"query-input":{"@type":"PropertyValueSpecification","valueRequired":true,"valueName":"search_term_string"}}],"inLanguage":"pt-BR"},{"@type":"Organization","@id":"https:\/\/fieam.org.br\/senai\/#organization","name":"SENAI","url":"https:\/\/fieam.org.br\/senai\/","logo":{"@type":"ImageObject","inLanguage":"pt-BR","@id":"https:\/\/fieam.org.br\/senai\/#\/schema\/logo\/image\/","url":"https:\/\/fieam.org.br\/senai\/wp-content\/uploads\/sites\/16\/2024\/03\/cropped-fav.png","contentUrl":"https:\/\/fieam.org.br\/senai\/wp-content\/uploads\/sites\/16\/2024\/03\/cropped-fav.png","width":592,"height":577,"caption":"SENAI"},"image":{"@id":"https:\/\/fieam.org.br\/senai\/#\/schema\/logo\/image\/"}}]}},"_links":{"self":[{"href":"https:\/\/fieam.org.br\/senai\/wp-json\/wp\/v2\/pages\/8558","targetHints":{"allow":["GET"]}}],"collection":[{"href":"https:\/\/fieam.org.br\/senai\/wp-json\/wp\/v2\/pages"}],"about":[{"href":"https:\/\/fieam.org.br\/senai\/wp-json\/wp\/v2\/types\/page"}],"author":[{"embeddable":true,"href":"https:\/\/fieam.org.br\/senai\/wp-json\/wp\/v2\/users\/1"}],"replies":[{"embeddable":true,"href":"https:\/\/fieam.org.br\/senai\/wp-json\/wp\/v2\/comments?post=8558"}],"version-history":[{"count":0,"href":"https:\/\/fieam.org.br\/senai\/wp-json\/wp\/v2\/pages\/8558\/revisions"}],"wp:attachment":[{"href":"https:\/\/fieam.org.br\/senai\/wp-json\/wp\/v2\/media?parent=8558"}],"curies":[{"name":"wp","href":"https:\/\/api.w.org\/{rel}","templated":true}]}}