{"id":8208,"date":"2018-07-18T16:43:22","date_gmt":"2018-07-18T20:43:22","guid":{"rendered":"http:\/\/www.fieam.org.br\/senai\/?page_id=8208"},"modified":"2018-07-18T16:43:22","modified_gmt":"2018-07-18T20:43:22","slug":"tecnico-em-refrigeracao-e-climatizacao","status":"publish","type":"page","link":"https:\/\/fieam.org.br\/senai\/tecnico-em-refrigeracao-e-climatizacao\/","title":{"rendered":"T\u00e9cnico em Refrigera\u00e7\u00e3o e Climatiza\u00e7\u00e3o"},"content":{"rendered":"<table width=\"105%\">\n<tbody>\n<tr>\n<td colspan=\"2\" width=\"742\"><strong>&nbsp;T\u00e9cnico em Refrigera\u00e7\u00e3o e Climatiza\u00e7\u00e3o<\/strong><\/td>\n<\/tr>\n<tr>\n<td width=\"220\"><strong>Unidade Polo do SENAI\/AM<\/strong><\/td>\n<td width=\"522\"><strong>Escola SENAI&nbsp; Ant\u00f4nio Sim\u00f5es<\/strong><\/td>\n<\/tr>\n<tr>\n<td width=\"220\"><strong>Per\u00edodo de inscri\u00e7\u00e3o e Efetiva\u00e7\u00e3o da Matr\u00edcula<\/strong><\/td>\n<td width=\"522\"><strong>02.07.2018 a 20.08.2018<\/strong><\/p>\n<p>Garanta sua vaga!<\/p>\n<p><strong><a href=\"http:\/\/www.fieam.org.br\/2015\/senai\/formulario-de-inscricao\/\">Clique aqui para efetuar sua pr\u00e9-inscri\u00e7\u00e3o<\/a><\/strong><\/p>\n<p>Podendo ser efetuada direto na Central de Matr\u00edculas da Escola SENAI&nbsp; Ant\u00f4nio Sim\u00f5es.<\/p>\n<p>Av. Rodrigo Ot\u00e1vio, 2394 \u2013 Distrito Industrial.<\/p>\n<p>Fone: (92) 3182-9975\/9976\/9977 &#8211; E-mail: <a href=\"mailto:corem.esas@am.senai.br\">corem.esas@am.senai.br<\/a><\/td>\n<\/tr>\n<tr>\n<td width=\"220\"><strong>Per\u00edodo do curso<\/strong><\/td>\n<td width=\"522\"><strong>10.09.2018 a 25.05.2020<\/strong><\/p>\n<p>&nbsp;<\/p>\n<p><strong>De 23.08.2018 a 03.09.2018 ser\u00e1 realizado o nivelamento<\/strong><strong>:<\/strong><\/p>\n<p><strong>Nivelamento: <\/strong>Introdu\u00e7\u00e3o \u00e0 Educa\u00e7\u00e3o a Dist\u00e2ncia<\/p>\n<p><strong>Carga Hor\u00e1ria: <\/strong>32h (8 dias letivos)<\/p>\n<p><strong>Unidades Curriculares:<\/strong><\/p>\n<p>\u00b7&nbsp;&nbsp;&nbsp;&nbsp;&nbsp;&nbsp;&nbsp;&nbsp; <strong>EAD \u2013 2h<\/strong><\/p>\n<p>\u00b7&nbsp;&nbsp;&nbsp;&nbsp;&nbsp;&nbsp;&nbsp;&nbsp; <strong>Inform\u00e1tica B\u00e1sica\/LMS \u2013 10h<\/strong><\/p>\n<p>\u00b7&nbsp;&nbsp;&nbsp;&nbsp;&nbsp;&nbsp;&nbsp;&nbsp; <strong>Matem\u00e1tica \u2013 12h<\/strong><\/p>\n<p>\u00b7&nbsp;&nbsp;&nbsp;&nbsp;&nbsp;&nbsp;&nbsp;&nbsp; <strong>L\u00edngua Portuguesa \u2013 8h <\/strong><\/p>\n<p><strong>Dia 10.09.2018 &#8211; <\/strong>Aula Inaugural presencial &#8211; Hor\u00e1rio: 19 \u00e0s 21h.<\/p>\n<p><strong>Local: <\/strong>Escola SENAI&nbsp; Ant\u00f4nio Sim\u00f5es \u2013 Sala 606.<\/td>\n<\/tr>\n<tr>\n<td width=\"220\"><strong>Quantidade de Vagas<\/strong><\/td>\n<td width=\"522\">50<\/td>\n<\/tr>\n<tr>\n<td width=\"220\"><strong>Carga Hor\u00e1ria Total<\/strong><\/td>\n<td width=\"522\">1.200h<\/p>\n<p>&nbsp;<\/td>\n<\/tr>\n<tr>\n<td width=\"220\"><strong>Carga Hor\u00e1ria a dist\u00e2ncia<\/strong><\/td>\n<td width=\"522\">840h<\/td>\n<\/tr>\n<tr>\n<td width=\"220\"><strong>Carga Hor\u00e1ria presencial<\/strong><\/td>\n<td width=\"522\">360h<\/td>\n<\/tr>\n<tr>\n<td width=\"220\"><strong>Investimento<\/strong><\/td>\n<td width=\"522\">R$3.840,00 ou 16 x R$240,00<\/td>\n<\/tr>\n<tr>\n<td width=\"220\"><strong>Modalidade<\/strong><\/td>\n<td width=\"522\">Habilita\u00e7\u00e3o Profissional<\/td>\n<\/tr>\n<tr>\n<td width=\"220\"><strong>\u00c1rea Tecnol\u00f3gica<\/strong><\/td>\n<td width=\"522\">Refrigera\u00e7\u00e3o e Climatiza\u00e7\u00e3o<\/td>\n<\/tr>\n<tr>\n<td width=\"220\"><strong>Objetivos do curso.<\/strong><\/td>\n<td width=\"522\"><strong>Objetivo Geral <\/strong><\/p>\n<p>Habilitar profissionais para Projetar instala\u00e7\u00e3o de sistemas de refrigera\u00e7\u00e3o e climatiza\u00e7\u00e3o, sob supervis\u00e3o; coordenar a execu\u00e7\u00e3o da instala\u00e7\u00e3o e da manuten\u00e7\u00e3o de sistemas de refrigera\u00e7\u00e3o e climatiza\u00e7\u00e3o, seguindo legisla\u00e7\u00e3o e normas t\u00e9cnicas, ambientais, de sa\u00fade e seguran\u00e7a no trabalho e utilizando as boas pr\u00e1ticas.<\/p>\n<p><strong>&nbsp;&nbsp;&nbsp;&nbsp;&nbsp;&nbsp;&nbsp;&nbsp;&nbsp;&nbsp;&nbsp; <\/strong><\/p>\n<p><strong>&nbsp;Objetivos Espec\u00edfico<\/strong><\/p>\n<p>\u00b7&nbsp;&nbsp;&nbsp;&nbsp;&nbsp;&nbsp;&nbsp;&nbsp; Projetar instala\u00e7\u00e3o de sistemas de climatiza\u00e7\u00e3o e refrigera\u00e7\u00e3o sob supervis\u00e3o, seguindo legisla\u00e7\u00e3o e normas t\u00e9cnicas, ambientais, de sa\u00fade e seguran\u00e7a no trabalho e utilizando as boas pr\u00e1ticas;<\/p>\n<p>\u00b7&nbsp;&nbsp;&nbsp;&nbsp;&nbsp;&nbsp;&nbsp;&nbsp; Coordenar a execu\u00e7\u00e3o da instala\u00e7\u00e3o e da manuten\u00e7\u00e3o de sistemas de climatiza\u00e7\u00e3o, seguindo legisla\u00e7\u00e3o e normas t\u00e9cnicas, ambientais, de sa\u00fade e seguran\u00e7a no trabalho e utilizando as boas pr\u00e1ticas;<\/p>\n<p>\u00b7&nbsp;&nbsp;&nbsp;&nbsp;&nbsp;&nbsp;&nbsp;&nbsp; Coordenar a execu\u00e7\u00e3o da instala\u00e7\u00e3o e da manuten\u00e7\u00e3o de sistemas de refrigera\u00e7\u00e3o, seguindo legisla\u00e7\u00e3o e normas t\u00e9cnicas, ambientais, de sa\u00fade e seguran\u00e7a no trabalho e utilizando as boas pr\u00e1ticas;<\/p>\n<p>&nbsp;<\/td>\n<\/tr>\n<tr>\n<td width=\"220\"><strong>Perfil profissional<\/strong><\/td>\n<td width=\"522\">O T\u00e9cnico em Refrigera\u00e7\u00e3o e Climatiza\u00e7\u00e3o elaboram projetos de sistemas eletromec\u00e2nicos, montam e instalam m\u00e1quinas e equipamentos, planejam e realizam manuten\u00e7\u00e3o, desenvolvem processos de fabrica\u00e7\u00e3o e montagem, elaboram documenta\u00e7\u00e3o, realizam compras e vendas t\u00e9cnicas e cumprem normas e procedimentos de seguran\u00e7a no trabalho e preserva\u00e7\u00e3o ambiental.<\/td>\n<\/tr>\n<tr>\n<td width=\"220\"><strong>Pr\u00e9-requisitos &#8211; Documenta\u00e7\u00e3o<\/strong><\/td>\n<td width=\"522\">Para ingresso no curso t\u00e9cnico em Refrigera\u00e7\u00e3o e Climatiza\u00e7\u00e3o, o candidato, deve ter no m\u00ednimo 18 anos, poder\u00e1 estar cursando o 2\u00ba Ano do Ensino M\u00e9dio ou ter conclu\u00eddo o ensino m\u00e9dio.<\/p>\n<p>Apresentar originais e c\u00f3pias dos seguintes documentos:<\/p>\n<p>Em caso de estar cursando o 2\u00ba ou 3\u00ba ano, apresentar a declara\u00e7\u00e3o de escolaridade.<\/p>\n<p>Comprovante de conclus\u00e3o do Ensino M\u00e9dio, acompanhado do respectivo hist\u00f3rico escolar;<\/p>\n<p>3. &nbsp;Carteira de Identidade (RG);<\/p>\n<p>4. &nbsp;Cadastro de Pessoa F\u00edsica (CPF);<\/p>\n<p>5. Comprovante de endere\u00e7o atual, emitido por concession\u00e1ria de saneamento, eletricidade ou telefonia. Caso o comprovante de endere\u00e7o n\u00e3o esteja em nome do aluno ou de seu respons\u00e1vel legal, o mesmo deve estar acompanhado do contrato de loca\u00e7\u00e3o, ou do termo de cess\u00e3o, ou termo de comodato, ou outro tipo de documento comprobat\u00f3rio da localiza\u00e7\u00e3o de sua resid\u00eancia;<\/p>\n<p>6. Uma foto 3\/4 recente.<\/p>\n<p>7. Data de nascimento da m\u00e3e.<\/p>\n<p>8. Ter computador com acesso a internet.<\/td>\n<\/tr>\n<tr>\n<td width=\"220\"><strong>&nbsp;<\/strong><\/td>\n<td width=\"522\">1.&nbsp;&nbsp;&nbsp;&nbsp; &nbsp;<\/td>\n<\/tr>\n<\/tbody>\n<\/table>\n<p>&nbsp;<\/p>\n<table width=\"0\">\n<tbody>\n<tr>\n<td colspan=\"2\" width=\"606\"><strong>&nbsp;<\/strong><\/p>\n<p><strong>Configura\u00e7\u00e3o m\u00ednima do computador para acesso ao curso<\/strong><\/p>\n<p><strong>&nbsp;<\/strong><\/td>\n<td width=\"0\">&nbsp;<\/td>\n<\/tr>\n<tr>\n<td width=\"123\"><strong>Item<\/strong><\/td>\n<td width=\"483\"><strong>Descri\u00e7\u00e3o<\/strong><\/td>\n<td width=\"0\">&nbsp;<\/td>\n<\/tr>\n<tr>\n<td width=\"123\"><strong>Processador<\/strong><\/td>\n<td width=\"483\">Processador Dual Core 2GHz ou superior<\/td>\n<td width=\"0\">&nbsp;<\/td>\n<\/tr>\n<tr>\n<td width=\"123\"><strong>Mem\u00f3ria<\/strong><\/td>\n<td width=\"483\">1 GB de Mem\u00f3ria RAM ou mais<\/td>\n<td width=\"0\">&nbsp;<\/td>\n<\/tr>\n<tr>\n<td width=\"123\"><strong>V\u00eddeo<\/strong><\/td>\n<td width=\"483\">Placa de V\u00eddeo on board de 128MB ou superior<\/td>\n<td width=\"0\">&nbsp;<\/td>\n<\/tr>\n<tr>\n<td width=\"123\"><strong>Som<\/strong><\/td>\n<td width=\"483\">Placa de Som on board ou offboard e alto-falantes<\/td>\n<td width=\"0\">&nbsp;<\/td>\n<\/tr>\n<tr>\n<td rowspan=\"2\" width=\"123\"><strong>Internet<\/strong><\/td>\n<td width=\"483\">Conex\u00e3o Banda Larga de 300 kbps (por computador)<\/td>\n<td width=\"0\">&nbsp;<\/td>\n<\/tr>\n<tr>\n<td width=\"483\">Placa de Rede 10 Mbps Ethernet ou superior<\/td>\n<td width=\"0\">&nbsp;<\/td>\n<\/tr>\n<tr>\n<td rowspan=\"3\" width=\"123\"><strong>Sistema Operacional<br \/>\n(aluno deve possuir uma das alternativas)<\/strong><\/td>\n<td width=\"483\">Windows XP ou posterior<\/td>\n<td width=\"0\">&nbsp;<\/td>\n<\/tr>\n<tr>\n<td width=\"483\">Linux Ubuntu 6+ ou outras distribui\u00e7\u00f5es com<br \/>\nsuporte aos Browsers homologados<br \/>\nAndroid 4.0 ou superior;<\/td>\n<td width=\"0\">&nbsp;<\/td>\n<\/tr>\n<tr>\n<td width=\"483\">IOS n\u00e3o \u00e9 compat\u00edvel por causa dos recursos multim\u00eddia desenvolvidos em formato Flash.<\/td>\n<td width=\"0\">&nbsp;<\/td>\n<\/tr>\n<tr>\n<td rowspan=\"3\" width=\"123\"><strong>Navegadores<br \/>\n(aluno deve possuir uma das alternativas)<\/strong><\/td>\n<td width=\"483\">Mozilla Firefox 18 ou posterior<\/td>\n<td width=\"0\">&nbsp;<\/td>\n<\/tr>\n<tr>\n<td width=\"483\">Google Chrome 20 ou posterior<\/td>\n<td width=\"0\">&nbsp;<\/td>\n<\/tr>\n<tr>\n<td width=\"483\">Internet Explorer 9 ou posterior<\/td>\n<td width=\"0\">&nbsp;<\/td>\n<\/tr>\n<tr>\n<td rowspan=\"3\" width=\"123\"><strong>Plugins e Softwares<\/strong><\/td>\n<td width=\"483\">Plugin Flash Player 11 ou posterior<br \/>\n(http:\/\/get.adobe.com\/br\/flashplayer)<\/td>\n<td width=\"0\">&nbsp;<\/td>\n<\/tr>\n<tr>\n<td rowspan=\"2\" width=\"483\">Java SE 1.6.45 ou superior (<a href=\"http:\/\/java.com\">http:\/\/java.com<\/a>)<\/td>\n<td width=\"0\">&nbsp;<\/td>\n<\/tr>\n<tr>\n<td width=\"0\">&nbsp;<\/td>\n<\/tr>\n<tr>\n<td width=\"123\"><strong>Acess\u00f3rios para intera\u00e7\u00e3o em Webconfer\u00eancia<\/strong><\/td>\n<td width=\"483\">Webcam e conjunto de microfone e fone de ouvido (headset).<\/p>\n<p>&nbsp;<\/td>\n<td width=\"0\">&nbsp;<\/td>\n<\/tr>\n<\/tbody>\n<\/table>\n<p>&nbsp;<\/p>\n<table width=\"0\">\n<tbody>\n<tr>\n<td colspan=\"3\" width=\"494\"><strong>Matriz Curricular<\/strong><\/td>\n<\/tr>\n<tr>\n<td width=\"225\"><strong>M\u00f3dulo B\u00e1sico<\/strong><\/td>\n<td width=\"85\"><strong>C.H<\/strong><\/td>\n<td width=\"184\"><strong>Per\u00edodo <\/strong><\/td>\n<\/tr>\n<tr>\n<td width=\"225\">Inform\u00e1tica B\u00e1sica<\/td>\n<td width=\"85\">40h<\/td>\n<td width=\"184\"><strong>10.09.18 a 21.09.18<\/strong><\/td>\n<\/tr>\n<tr>\n<td width=\"225\">Metrologia Dimensional<\/td>\n<td width=\"85\">30h<\/td>\n<td width=\"184\"><strong>27.09.18 a 08.10.18<\/strong><\/td>\n<\/tr>\n<tr>\n<td width=\"225\">Desenho T\u00e9cnico<\/td>\n<td width=\"85\">90h<\/td>\n<td width=\"184\"><strong>15.10.18 a 19.11.18<\/strong><\/td>\n<\/tr>\n<tr>\n<td width=\"225\">Eletrot\u00e9cnica<\/td>\n<td width=\"85\">40h<\/td>\n<td width=\"184\"><strong>26.11.18 a 07.12.18<\/strong><\/td>\n<\/tr>\n<tr>\n<td width=\"225\">Fundamentos de Refrigera\u00e7\u00e3o e Climatiza\u00e7\u00e3o<\/td>\n<td width=\"85\">40h<\/td>\n<td width=\"184\"><strong>13.12.18 a 19.12.18<\/strong><\/td>\n<\/tr>\n<tr>\n<td width=\"225\">Fundamentos de Refrigera\u00e7\u00e3o e Climatiza\u00e7\u00e3o<\/td>\n<td width=\"85\"><strong>Recesso Escolar: 20.12.18 a 01.02.19<\/strong><\/td>\n<td width=\"184\"><strong>04.02.19 a 08.02.19<\/strong><\/td>\n<\/tr>\n<tr>\n<td width=\"225\">Refrigera\u00e7\u00e3o e Climatiza\u00e7\u00e3o Residencial<\/td>\n<td width=\"85\">60h<\/td>\n<td width=\"184\"><strong>14.02.19 a 11.03.19<\/strong><\/td>\n<\/tr>\n<tr>\n<td width=\"225\"><strong>M\u00f3dulo Espec\u00edfico I<\/strong><\/td>\n<td width=\"85\"><strong>C.H<\/strong><\/td>\n<td width=\"184\"><strong>Per\u00edodo <\/strong><\/td>\n<\/tr>\n<tr>\n<td width=\"225\">Termodin\u00e2mica<\/td>\n<td width=\"85\">40h<\/td>\n<td width=\"184\"><strong>19.03.19 a 01.04.19<\/strong><\/td>\n<\/tr>\n<tr>\n<td width=\"225\">Mec\u00e2nica dos Fluidos<\/td>\n<td width=\"85\">40h<\/td>\n<td width=\"184\"><strong>05.04.19 a 22.04.19<\/strong><\/td>\n<\/tr>\n<tr>\n<td width=\"225\">Comandos El\u00e9tricos<\/td>\n<td width=\"85\">90h<\/td>\n<td width=\"184\"><strong>26.04.19 a 29.05.19<\/strong><\/td>\n<\/tr>\n<tr>\n<td width=\"225\">Instala\u00e7\u00e3o, Opera\u00e7\u00e3o e Manuten\u00e7\u00e3o de Sistemas de Climatiza\u00e7\u00e3o<\/td>\n<td width=\"85\">130h<\/td>\n<td width=\"184\"><strong>04.06.19 a 22.07.19<\/strong><\/td>\n<\/tr>\n<tr>\n<td width=\"225\"><strong>M\u00f3dulo Espec\u00edfico II<\/strong><\/td>\n<td width=\"85\"><strong>C.H<\/strong><\/td>\n<td width=\"184\"><strong>Per\u00edodo <\/strong><\/td>\n<\/tr>\n<tr>\n<td width=\"225\">Eletr\u00f4nica Aplicada<\/td>\n<td width=\"85\">70h<\/td>\n<td width=\"184\"><strong>26.07.19 a 20.08.19<\/strong><\/td>\n<\/tr>\n<tr>\n<td width=\"225\">Manuten\u00e7\u00e3o de Compressores<\/td>\n<td width=\"85\">30h<\/td>\n<td width=\"184\"><strong>26.08.19 a 04.09.19<\/strong><\/td>\n<\/tr>\n<tr>\n<td width=\"225\">Instala\u00e7\u00e3o, Opera\u00e7\u00e3o e Manuten\u00e7\u00e3o de Sistemas de Refrigera\u00e7\u00e3o Comercial<\/td>\n<td width=\"85\">100h<\/td>\n<td width=\"184\"><strong>12.09.19 a 16.10.19<\/strong><\/td>\n<\/tr>\n<tr>\n<td width=\"225\">Instala\u00e7\u00e3o, Opera\u00e7\u00e3o e Manuten\u00e7\u00e3o de Sistemas de Refrigera\u00e7\u00e3o Industrial<\/td>\n<td width=\"85\">100h<\/td>\n<td width=\"184\"><strong>22.10.19 a 28.11.19<\/strong><\/td>\n<\/tr>\n<tr>\n<td width=\"225\"><strong>M\u00f3dulo Espec\u00edfico III<\/strong><\/td>\n<td width=\"85\"><strong>C.H<\/strong><\/td>\n<td width=\"184\"><strong>Per\u00edodo <\/strong><\/td>\n<\/tr>\n<tr>\n<td width=\"225\">Gest\u00e3o de Pessoas<\/td>\n<td width=\"85\">30h<\/td>\n<td width=\"184\"><strong>04.12.19 a 13.12.19<\/strong><\/td>\n<\/tr>\n<tr>\n<td colspan=\"3\" width=\"494\"><strong>Recesso Escolar: 20.12.19 a 01.02.020<\/strong><\/td>\n<\/tr>\n<tr>\n<td width=\"225\">Automa\u00e7\u00e3o Aplicada \u00e0 Refrigera\u00e7\u00e3o e \u00e0 Climatiza\u00e7\u00e3o<\/td>\n<td width=\"85\">90h<\/td>\n<td width=\"184\"><strong>03.02.20 a 09.03.20<\/strong><\/td>\n<\/tr>\n<tr>\n<td width=\"225\">Projeto de Instala\u00e7\u00e3o em Sistemas de Climatiza\u00e7\u00e3o<\/td>\n<td width=\"85\">90h<\/td>\n<td width=\"184\"><strong>13.03.20 a 15.04.20<\/strong><\/td>\n<\/tr>\n<tr>\n<td width=\"225\">Projeto de Instala\u00e7\u00e3o em Sistemas de Refrigera\u00e7\u00e3o<\/td>\n<td width=\"85\">90h<\/td>\n<td width=\"184\"><strong>22.04.20 a 25.05.20<\/strong><\/td>\n<\/tr>\n<\/tbody>\n<\/table>\n<p><strong>&nbsp;<br \/>\n<\/strong><\/p>\n<p><strong>Informa\u00e7\u00f5es:<\/strong><\/p>\n<p><strong>Escola SENAI&nbsp; Ant\u00f4nio Sim\u00f5es<\/strong><\/p>\n<p><strong>\u00c1reas<\/strong>: Eletroeletr\u00f4nica, Automa\u00e7\u00e3o, Tecnologia da Informa\u00e7\u00e3o, Refrigera\u00e7\u00e3o e Climatiza\u00e7\u00e3o, eletr\u00f4nica, Gest\u00e3o, Metrologia, mecatr\u00f4nica.<\/p>\n<p>Av. Rodrigo Ot\u00e1vio, 2394 \u2013 Distrito Industrial<\/p>\n<p>Fone: (0xx92) 3182-9975\/9976\/9977 &#8211; E-mail: <a href=\"mailto:corem.esas@am.senai.br\">corem.esas@am.senai.br<\/a><\/p>\n<p>Envie suas d\u00favidas, criticas e\/ou sugest\u00f5es para <a href=\"mailto:ead@am.senai.br\">ead@am.senai.br<\/a>.<\/p>\n<p>Hor\u00e1rio de Funcionamento: de 7h30&nbsp; &nbsp;\u00e0s 11h30, 13h30 \u00e0s 17h30 e de 18h as 22h, de segunda a sexta-feira.&nbsp;<\/p>\n","protected":false},"excerpt":{"rendered":"<p>&nbsp;T\u00e9cnico em Refrigera\u00e7\u00e3o e Climatiza\u00e7\u00e3o Unidade Polo do SENAI\/AM Escola SENAI&nbsp; Ant\u00f4nio Sim\u00f5es Per\u00edodo de inscri\u00e7\u00e3o e Efetiva\u00e7\u00e3o da Matr\u00edcula 02.07.2018 a 20.08.2018 Garanta sua vaga! Clique aqui para efetuar sua pr\u00e9-inscri\u00e7\u00e3o Podendo ser efetuada direto na Central de Matr\u00edculas da Escola SENAI&nbsp; Ant\u00f4nio Sim\u00f5es. Av. Rodrigo Ot\u00e1vio, 2394 \u2013 Distrito Industrial. Fone: (92) 3182-9975\/9976\/9977 [&hellip;]<\/p>\n","protected":false},"author":1,"featured_media":0,"parent":0,"menu_order":0,"comment_status":"closed","ping_status":"closed","template":"","meta":{"footnotes":""},"class_list":["post-8208","page","type-page","status-publish","hentry"],"yoast_head":"<!-- This site is optimized with the Yoast SEO plugin v26.8 - https:\/\/yoast.com\/product\/yoast-seo-wordpress\/ -->\n<title>T\u00e9cnico em Refrigera\u00e7\u00e3o e Climatiza\u00e7\u00e3o - SENAI<\/title>\n<meta name=\"robots\" content=\"index, follow, max-snippet:-1, max-image-preview:large, max-video-preview:-1\" \/>\n<link rel=\"canonical\" href=\"https:\/\/fieam.org.br\/senai\/tecnico-em-refrigeracao-e-climatizacao\/\" \/>\n<meta property=\"og:locale\" content=\"pt_BR\" \/>\n<meta property=\"og:type\" content=\"article\" \/>\n<meta property=\"og:title\" content=\"T\u00e9cnico em Refrigera\u00e7\u00e3o e Climatiza\u00e7\u00e3o - SENAI\" \/>\n<meta property=\"og:description\" content=\"&nbsp;T\u00e9cnico em Refrigera\u00e7\u00e3o e Climatiza\u00e7\u00e3o Unidade Polo do SENAI\/AM Escola SENAI&nbsp; Ant\u00f4nio Sim\u00f5es Per\u00edodo de inscri\u00e7\u00e3o e Efetiva\u00e7\u00e3o da Matr\u00edcula 02.07.2018 a 20.08.2018 Garanta sua vaga! Clique aqui para efetuar sua pr\u00e9-inscri\u00e7\u00e3o Podendo ser efetuada direto na Central de Matr\u00edculas da Escola SENAI&nbsp; Ant\u00f4nio Sim\u00f5es. Av. Rodrigo Ot\u00e1vio, 2394 \u2013 Distrito Industrial. Fone: (92) 3182-9975\/9976\/9977 [&hellip;]\" \/>\n<meta property=\"og:url\" content=\"https:\/\/fieam.org.br\/senai\/tecnico-em-refrigeracao-e-climatizacao\/\" \/>\n<meta property=\"og:site_name\" content=\"SENAI\" \/>\n<meta name=\"twitter:card\" content=\"summary_large_image\" \/>\n<meta name=\"twitter:label1\" content=\"Est. tempo de leitura\" \/>\n\t<meta name=\"twitter:data1\" content=\"6 minutos\" \/>\n<script type=\"application\/ld+json\" class=\"yoast-schema-graph\">{\"@context\":\"https:\/\/schema.org\",\"@graph\":[{\"@type\":\"WebPage\",\"@id\":\"https:\/\/fieam.org.br\/senai\/tecnico-em-refrigeracao-e-climatizacao\/\",\"url\":\"https:\/\/fieam.org.br\/senai\/tecnico-em-refrigeracao-e-climatizacao\/\",\"name\":\"T\u00e9cnico em Refrigera\u00e7\u00e3o e Climatiza\u00e7\u00e3o - SENAI\",\"isPartOf\":{\"@id\":\"https:\/\/fieam.org.br\/senai\/#website\"},\"datePublished\":\"2018-07-18T20:43:22+00:00\",\"breadcrumb\":{\"@id\":\"https:\/\/fieam.org.br\/senai\/tecnico-em-refrigeracao-e-climatizacao\/#breadcrumb\"},\"inLanguage\":\"pt-BR\",\"potentialAction\":[{\"@type\":\"ReadAction\",\"target\":[\"https:\/\/fieam.org.br\/senai\/tecnico-em-refrigeracao-e-climatizacao\/\"]}]},{\"@type\":\"BreadcrumbList\",\"@id\":\"https:\/\/fieam.org.br\/senai\/tecnico-em-refrigeracao-e-climatizacao\/#breadcrumb\",\"itemListElement\":[{\"@type\":\"ListItem\",\"position\":1,\"name\":\"In\u00edcio\",\"item\":\"https:\/\/fieam.org.br\/senai\/\"},{\"@type\":\"ListItem\",\"position\":2,\"name\":\"T\u00e9cnico em Refrigera\u00e7\u00e3o e Climatiza\u00e7\u00e3o\"}]},{\"@type\":\"WebSite\",\"@id\":\"https:\/\/fieam.org.br\/senai\/#website\",\"url\":\"https:\/\/fieam.org.br\/senai\/\",\"name\":\"SENAI\",\"description\":\"Site Oficial!\",\"publisher\":{\"@id\":\"https:\/\/fieam.org.br\/senai\/#organization\"},\"potentialAction\":[{\"@type\":\"SearchAction\",\"target\":{\"@type\":\"EntryPoint\",\"urlTemplate\":\"https:\/\/fieam.org.br\/senai\/?s={search_term_string}\"},\"query-input\":{\"@type\":\"PropertyValueSpecification\",\"valueRequired\":true,\"valueName\":\"search_term_string\"}}],\"inLanguage\":\"pt-BR\"},{\"@type\":\"Organization\",\"@id\":\"https:\/\/fieam.org.br\/senai\/#organization\",\"name\":\"SENAI\",\"url\":\"https:\/\/fieam.org.br\/senai\/\",\"logo\":{\"@type\":\"ImageObject\",\"inLanguage\":\"pt-BR\",\"@id\":\"https:\/\/fieam.org.br\/senai\/#\/schema\/logo\/image\/\",\"url\":\"https:\/\/fieam.org.br\/senai\/wp-content\/uploads\/sites\/16\/2024\/03\/cropped-fav.png\",\"contentUrl\":\"https:\/\/fieam.org.br\/senai\/wp-content\/uploads\/sites\/16\/2024\/03\/cropped-fav.png\",\"width\":592,\"height\":577,\"caption\":\"SENAI\"},\"image\":{\"@id\":\"https:\/\/fieam.org.br\/senai\/#\/schema\/logo\/image\/\"}}]}<\/script>\n<!-- \/ Yoast SEO plugin. -->","yoast_head_json":{"title":"T\u00e9cnico em Refrigera\u00e7\u00e3o e Climatiza\u00e7\u00e3o - SENAI","robots":{"index":"index","follow":"follow","max-snippet":"max-snippet:-1","max-image-preview":"max-image-preview:large","max-video-preview":"max-video-preview:-1"},"canonical":"https:\/\/fieam.org.br\/senai\/tecnico-em-refrigeracao-e-climatizacao\/","og_locale":"pt_BR","og_type":"article","og_title":"T\u00e9cnico em Refrigera\u00e7\u00e3o e Climatiza\u00e7\u00e3o - SENAI","og_description":"&nbsp;T\u00e9cnico em Refrigera\u00e7\u00e3o e Climatiza\u00e7\u00e3o Unidade Polo do SENAI\/AM Escola SENAI&nbsp; Ant\u00f4nio Sim\u00f5es Per\u00edodo de inscri\u00e7\u00e3o e Efetiva\u00e7\u00e3o da Matr\u00edcula 02.07.2018 a 20.08.2018 Garanta sua vaga! Clique aqui para efetuar sua pr\u00e9-inscri\u00e7\u00e3o Podendo ser efetuada direto na Central de Matr\u00edculas da Escola SENAI&nbsp; Ant\u00f4nio Sim\u00f5es. Av. Rodrigo Ot\u00e1vio, 2394 \u2013 Distrito Industrial. Fone: (92) 3182-9975\/9976\/9977 [&hellip;]","og_url":"https:\/\/fieam.org.br\/senai\/tecnico-em-refrigeracao-e-climatizacao\/","og_site_name":"SENAI","twitter_card":"summary_large_image","twitter_misc":{"Est. tempo de leitura":"6 minutos"},"schema":{"@context":"https:\/\/schema.org","@graph":[{"@type":"WebPage","@id":"https:\/\/fieam.org.br\/senai\/tecnico-em-refrigeracao-e-climatizacao\/","url":"https:\/\/fieam.org.br\/senai\/tecnico-em-refrigeracao-e-climatizacao\/","name":"T\u00e9cnico em Refrigera\u00e7\u00e3o e Climatiza\u00e7\u00e3o - SENAI","isPartOf":{"@id":"https:\/\/fieam.org.br\/senai\/#website"},"datePublished":"2018-07-18T20:43:22+00:00","breadcrumb":{"@id":"https:\/\/fieam.org.br\/senai\/tecnico-em-refrigeracao-e-climatizacao\/#breadcrumb"},"inLanguage":"pt-BR","potentialAction":[{"@type":"ReadAction","target":["https:\/\/fieam.org.br\/senai\/tecnico-em-refrigeracao-e-climatizacao\/"]}]},{"@type":"BreadcrumbList","@id":"https:\/\/fieam.org.br\/senai\/tecnico-em-refrigeracao-e-climatizacao\/#breadcrumb","itemListElement":[{"@type":"ListItem","position":1,"name":"In\u00edcio","item":"https:\/\/fieam.org.br\/senai\/"},{"@type":"ListItem","position":2,"name":"T\u00e9cnico em Refrigera\u00e7\u00e3o e Climatiza\u00e7\u00e3o"}]},{"@type":"WebSite","@id":"https:\/\/fieam.org.br\/senai\/#website","url":"https:\/\/fieam.org.br\/senai\/","name":"SENAI","description":"Site Oficial!","publisher":{"@id":"https:\/\/fieam.org.br\/senai\/#organization"},"potentialAction":[{"@type":"SearchAction","target":{"@type":"EntryPoint","urlTemplate":"https:\/\/fieam.org.br\/senai\/?s={search_term_string}"},"query-input":{"@type":"PropertyValueSpecification","valueRequired":true,"valueName":"search_term_string"}}],"inLanguage":"pt-BR"},{"@type":"Organization","@id":"https:\/\/fieam.org.br\/senai\/#organization","name":"SENAI","url":"https:\/\/fieam.org.br\/senai\/","logo":{"@type":"ImageObject","inLanguage":"pt-BR","@id":"https:\/\/fieam.org.br\/senai\/#\/schema\/logo\/image\/","url":"https:\/\/fieam.org.br\/senai\/wp-content\/uploads\/sites\/16\/2024\/03\/cropped-fav.png","contentUrl":"https:\/\/fieam.org.br\/senai\/wp-content\/uploads\/sites\/16\/2024\/03\/cropped-fav.png","width":592,"height":577,"caption":"SENAI"},"image":{"@id":"https:\/\/fieam.org.br\/senai\/#\/schema\/logo\/image\/"}}]}},"_links":{"self":[{"href":"https:\/\/fieam.org.br\/senai\/wp-json\/wp\/v2\/pages\/8208","targetHints":{"allow":["GET"]}}],"collection":[{"href":"https:\/\/fieam.org.br\/senai\/wp-json\/wp\/v2\/pages"}],"about":[{"href":"https:\/\/fieam.org.br\/senai\/wp-json\/wp\/v2\/types\/page"}],"author":[{"embeddable":true,"href":"https:\/\/fieam.org.br\/senai\/wp-json\/wp\/v2\/users\/1"}],"replies":[{"embeddable":true,"href":"https:\/\/fieam.org.br\/senai\/wp-json\/wp\/v2\/comments?post=8208"}],"version-history":[{"count":0,"href":"https:\/\/fieam.org.br\/senai\/wp-json\/wp\/v2\/pages\/8208\/revisions"}],"wp:attachment":[{"href":"https:\/\/fieam.org.br\/senai\/wp-json\/wp\/v2\/media?parent=8208"}],"curies":[{"name":"wp","href":"https:\/\/api.w.org\/{rel}","templated":true}]}}