{"id":6794,"date":"2016-08-23T14:44:52","date_gmt":"2016-08-23T18:44:52","guid":{"rendered":"http:\/\/www.fieam.org.br\/2015\/senai\/?page_id=6794"},"modified":"2024-03-07T04:08:44","modified_gmt":"2024-03-07T04:08:44","slug":"educacao-profissional-e-servicos-tecnologicos-e-de-inovacao","status":"publish","type":"page","link":"https:\/\/fieam.org.br\/senai\/educacao-profissional-e-servicos-tecnologicos-e-de-inovacao\/","title":{"rendered":"Educa\u00e7\u00e3o Profissional e Tecnologia"},"content":{"rendered":"\t\t<div data-elementor-type=\"wp-page\" data-elementor-id=\"6794\" class=\"elementor elementor-6794\" data-elementor-post-type=\"page\">\n\t\t\t\t\t\t<section class=\"elementor-section elementor-top-section elementor-element elementor-element-114a12b elementor-section-boxed elementor-section-height-default elementor-section-height-default\" data-id=\"114a12b\" data-element_type=\"section\" data-settings=\"{&quot;background_background&quot;:&quot;classic&quot;,&quot;ekit_has_onepagescroll_dot&quot;:&quot;yes&quot;}\">\n\t\t\t\t\t\t\t<div class=\"elementor-background-overlay\"><\/div>\n\t\t\t\t\t\t\t<div class=\"elementor-container elementor-column-gap-default\">\n\t\t\t\t\t<div class=\"elementor-column elementor-col-100 elementor-top-column elementor-element elementor-element-2e334ca\" data-id=\"2e334ca\" data-element_type=\"column\">\n\t\t\t<div class=\"elementor-widget-wrap elementor-element-populated\">\n\t\t\t\t\t\t<div class=\"elementor-element elementor-element-e62b87b elementor-widget__width-auto elementor-invisible elementor-widget elementor-widget-image\" data-id=\"e62b87b\" data-element_type=\"widget\" data-settings=\"{&quot;_animation&quot;:&quot;rotateIn&quot;,&quot;_animation_delay&quot;:720,&quot;ekit_we_effect_on&quot;:&quot;none&quot;}\" data-widget_type=\"image.default\">\n\t\t\t\t<div class=\"elementor-widget-container\">\n\t\t\t\t\t\t\t\t\t\t\t\t\t\t\t<img decoding=\"async\" width=\"45\" height=\"38\" src=\"https:\/\/fieam.org.br\/senai\/wp-content\/uploads\/sites\/16\/2024\/02\/setas.png\" class=\"attachment-full size-full wp-image-4668\" alt=\"\" \/>\t\t\t\t\t\t\t\t\t\t\t\t\t\t\t<\/div>\n\t\t\t\t<\/div>\n\t\t\t\t<div class=\"elementor-element elementor-element-3888fde elementor-invisible elementor-widget elementor-widget-heading\" data-id=\"3888fde\" data-element_type=\"widget\" data-settings=\"{&quot;_animation&quot;:&quot;fadeInDown&quot;,&quot;ekit_we_effect_on&quot;:&quot;none&quot;}\" data-widget_type=\"heading.default\">\n\t\t\t\t<div class=\"elementor-widget-container\">\n\t\t\t\t\t<h2 class=\"elementor-heading-title elementor-size-default\">Educa\u00e7\u00e3o Profissional e Tecnologia<\/h2>\t\t\t\t<\/div>\n\t\t\t\t<\/div>\n\t\t\t\t<div class=\"elementor-element elementor-element-6d909d6 elementor-invisible elementor-widget elementor-widget-heading\" data-id=\"6d909d6\" data-element_type=\"widget\" data-settings=\"{&quot;_animation&quot;:&quot;fadeInUp&quot;,&quot;ekit_we_effect_on&quot;:&quot;none&quot;}\" data-widget_type=\"heading.default\">\n\t\t\t\t<div class=\"elementor-widget-container\">\n\t\t\t\t\t<div class=\"elementor-heading-title elementor-size-default\">Servi\u00e7o Nacional de Aprendizagem Industrial<\/div>\t\t\t\t<\/div>\n\t\t\t\t<\/div>\n\t\t\t\t\t<\/div>\n\t\t<\/div>\n\t\t\t\t\t<\/div>\n\t\t<\/section>\n\t\t<div class=\"elementor-element elementor-element-5d07d6d8 e-flex e-con-boxed e-con e-parent\" data-id=\"5d07d6d8\" data-element_type=\"container\" data-settings=\"{&quot;ekit_has_onepagescroll_dot&quot;:&quot;yes&quot;}\">\n\t\t\t\t\t<div class=\"e-con-inner\">\n\t\t\t\t<div class=\"elementor-element elementor-element-415b07e6 elementor-widget elementor-widget-text-editor\" data-id=\"415b07e6\" data-element_type=\"widget\" data-settings=\"{&quot;ekit_we_effect_on&quot;:&quot;none&quot;}\" data-widget_type=\"text-editor.default\">\n\t\t\t\t<div class=\"elementor-widget-container\">\n\t\t\t\t\t\t\t\t\t<strong><a href=\"https:\/\/marketingmassivo.com.br\/senai\/wp-content\/uploads\/sites\/13\/2023\/03\/original_Os_cursos_que_voce_procura_estao_aqui.jpg\"><img fetchpriority=\"high\" decoding=\"async\" class=\"aligncenter size-full wp-image-11720\" src=\"https:\/\/marketingmassivo.com.br\/senai\/wp-content\/uploads\/sites\/13\/2023\/03\/original_Os_cursos_que_voce_procura_estao_aqui.jpg\" alt=\"\" width=\"1000\" height=\"250\" srcset=\"https:\/\/fieam.org.br\/senai\/wp-content\/uploads\/sites\/16\/2023\/03\/original_Os_cursos_que_voce_procura_estao_aqui.jpg 1000w, https:\/\/fieam.org.br\/senai\/wp-content\/uploads\/sites\/16\/2023\/03\/original_Os_cursos_que_voce_procura_estao_aqui-300x75.jpg 300w, https:\/\/fieam.org.br\/senai\/wp-content\/uploads\/sites\/16\/2023\/03\/original_Os_cursos_que_voce_procura_estao_aqui-768x192.jpg 768w\" sizes=\"(max-width: 1000px) 100vw, 1000px\" \/><\/a><\/strong>\n<h2><\/h2>\n<h2><strong>Escola SENAI de A\u00e7\u00f5es M\u00f3veis e Comunit\u00e1rias \u2013 ESAMC<\/strong><\/h2>\n<strong>\u00c1reas:<\/strong> Alimentos, Vestu\u00e1rio, Constru\u00e7\u00e3o Civil, Energia, Eletroeletr\u00f4nica, Gest\u00e3o, Madeira e Mobili\u00e1rio, Metalmec\u00e2nica, Refrigera\u00e7\u00e3o, Tecnologia da Informa\u00e7\u00e3o, Transportes\/Seguran\u00e7a e\u00a0Meio Ambiente.\n\n<strong>Manaus:<\/strong> Alimenta\u00e7\u00e3o, Confec\u00e7\u00e3o do Vestu\u00e1rio e Seguran\u00e7a na \u00e1rea de Transporte.\n\n<strong>Munic\u00edpios\/AM:<\/strong> Alimenta\u00e7\u00e3o, Confec\u00e7\u00e3o do Vestu\u00e1rio e Seguran\u00e7a na \u00e1rea de Transporte, Constru\u00e7\u00e3o Civil, Energia, Eletroeletr\u00f4nica, Gest\u00e3o, Madeira e Mobili\u00e1rio, Metalmec\u00e2nica, Refrigera\u00e7\u00e3o, Tecnologia da Informa\u00e7\u00e3o e Meio Ambiente.\n<h3><\/h3>\n<h3><b>Os cursos na \u00e1rea de Educa\u00e7\u00e3o Profissional e Tecnologia s\u00e3o:<\/b><\/h3>\n<div class=\"col-xs-12 col-sm-9\"><article id=\"post-4570\" class=\"post-4570 page type-page status-publish hentry\">\n<ul>\n \t<li><strong>Manaus-AM<\/strong>:\n<ul>\n \t<li>Confeiteiro de Bolos Art\u00edsticos<\/li>\n \t<li>Confeiteiro de Bolos de Novas Tend\u00eancias<\/li>\n \t<li>Confeiteiro Industrial<\/li>\n \t<li>Costureiro Industrial do Vestu\u00e1rio<\/li>\n \t<li>Cozinheiro Dom\u00e9stico<\/li>\n \t<li>Dire\u00e7\u00e3o Defensiva<\/li>\n \t<li>Modelista Industrial do Vestu\u00e1rio<\/li>\n \t<li>Modista Costureiro<\/li>\n \t<li>Operador de Empilhadeira<\/li>\n \t<li>Operador de Guindauto<\/li>\n \t<li>Operador de Paleteira El\u00e9trica<\/li>\n \t<li>Operador de Talha e Ponte Rolante<\/li>\n \t<li>Operador de Transpaleteira<\/li>\n \t<li>Padeiro<\/li>\n \t<li>Pizzaiolo<\/li>\n \t<li>Seguran\u00e7a para Operador de Empilhadeira<\/li>\n \t<li>Seguran\u00e7a para Operador de Guindauto (MUNK) (Recapacita\u00e7\u00e3o)<\/li>\n \t<li>Seguran\u00e7a para Operador de Paleteira El\u00e9trica<\/li>\n \t<li>Seguran\u00e7a para Operador de Transpaleteira (Recapacita\u00e7\u00e3o)<\/li>\n<\/ul>\n<strong>Munic\u00edpios-AM<\/strong>\n<ul>\n \t<li>Agente de Res\u00edduos S\u00f3lidos<\/li>\n \t<li>Boas Pr\u00e1ticas para Manipula\u00e7\u00e3o de Alimentos<\/li>\n \t<li>Eletricista de Comandos El\u00e9tricos<\/li>\n \t<li>Eletricista Instalador Eletroeletr\u00f4nico<\/li>\n \t<li>Excel Avan\u00e7ado<\/li>\n \t<li>Higiene e Manipula\u00e7\u00e3o de Alimento<\/li>\n \t<li>Mec\u00e2nico de Manuten\u00e7\u00e3o de M\u00e1quinas Industriais<\/li>\n \t<li>Mec\u00e2nico de Motor de Popa<\/li>\n \t<li>Mec\u00e2nico de Motores Diesel<\/li>\n \t<li>Montagem e Manuten\u00e7\u00e3o de Computadores<\/li>\n \t<li>Operador de Microcomputador<\/li>\n \t<li>Qualidade no Atendimento ao Cliente<\/li>\n \t<li>Reparador de Aparelhos Dom\u00e9sticos de Refrigera\u00e7\u00e3o<\/li>\n \t<li>Reparador de Condicionador de Ar (Tipo Janela e Split)<\/li>\n \t<li>Soldador Eletrodo Revestido<\/li>\n<\/ul>\n<\/li>\n<\/ul>\n&nbsp;\n\n<strong>Mais Informa\u00e7\u00f5es:<\/strong>\nAv. Rodrigo Ot\u00e1vio, 2394 _ Distrito Industrial\nFone: (92) 3182-9925\nWhatsApp: (92) 3182-9925\nE-mail:\u00a0<strong><a href=\"mailto:mercado@fieam.org.br\">mercado@fieam.org.br<\/a><\/strong>\n\nA programa\u00e7\u00e3o atual encontra-se dispon\u00edvel no site:\n\n<a href=\"http:\/\/www.fieam.org.br\/senai\/cursos-do-senai\/\">http:\/\/www.fieam.org.br\/senai\/cursos-do-senai\/<\/a>\n\n<\/article><\/div>\t\t\t\t\t\t\t\t<\/div>\n\t\t\t\t<\/div>\n\t\t\t\t\t<\/div>\n\t\t\t\t<\/div>\n\t\t\t\t<\/div>\n\t\t","protected":false},"excerpt":{"rendered":"<p>Educa\u00e7\u00e3o Profissional e Tecnologia Servi\u00e7o Nacional de Aprendizagem Industrial Escola SENAI de A\u00e7\u00f5es M\u00f3veis e Comunit\u00e1rias \u2013 ESAMC \u00c1reas: Alimentos, Vestu\u00e1rio, Constru\u00e7\u00e3o Civil, Energia, Eletroeletr\u00f4nica, Gest\u00e3o, Madeira e Mobili\u00e1rio, Metalmec\u00e2nica, Refrigera\u00e7\u00e3o, Tecnologia da Informa\u00e7\u00e3o, Transportes\/Seguran\u00e7a e\u00a0Meio Ambiente. Manaus: Alimenta\u00e7\u00e3o, Confec\u00e7\u00e3o do Vestu\u00e1rio e Seguran\u00e7a na \u00e1rea de Transporte. Munic\u00edpios\/AM: Alimenta\u00e7\u00e3o, Confec\u00e7\u00e3o do Vestu\u00e1rio e Seguran\u00e7a [&hellip;]<\/p>\n","protected":false},"author":1,"featured_media":0,"parent":0,"menu_order":0,"comment_status":"closed","ping_status":"closed","template":"","meta":{"footnotes":""},"class_list":["post-6794","page","type-page","status-publish","hentry"],"yoast_head":"<!-- This site is optimized with the Yoast SEO plugin v26.8 - https:\/\/yoast.com\/product\/yoast-seo-wordpress\/ -->\n<title>Educa\u00e7\u00e3o Profissional e Tecnologia - SENAI<\/title>\n<meta name=\"robots\" content=\"index, follow, max-snippet:-1, max-image-preview:large, max-video-preview:-1\" \/>\n<link rel=\"canonical\" href=\"https:\/\/fieam.org.br\/senai\/educacao-profissional-e-servicos-tecnologicos-e-de-inovacao\/\" \/>\n<meta property=\"og:locale\" content=\"pt_BR\" \/>\n<meta property=\"og:type\" content=\"article\" \/>\n<meta property=\"og:title\" content=\"Educa\u00e7\u00e3o Profissional e Tecnologia - SENAI\" \/>\n<meta property=\"og:description\" content=\"Educa\u00e7\u00e3o Profissional e Tecnologia Servi\u00e7o Nacional de Aprendizagem Industrial Escola SENAI de A\u00e7\u00f5es M\u00f3veis e Comunit\u00e1rias \u2013 ESAMC \u00c1reas: Alimentos, Vestu\u00e1rio, Constru\u00e7\u00e3o Civil, Energia, Eletroeletr\u00f4nica, Gest\u00e3o, Madeira e Mobili\u00e1rio, Metalmec\u00e2nica, Refrigera\u00e7\u00e3o, Tecnologia da Informa\u00e7\u00e3o, Transportes\/Seguran\u00e7a e\u00a0Meio Ambiente. Manaus: Alimenta\u00e7\u00e3o, Confec\u00e7\u00e3o do Vestu\u00e1rio e Seguran\u00e7a na \u00e1rea de Transporte. Munic\u00edpios\/AM: Alimenta\u00e7\u00e3o, Confec\u00e7\u00e3o do Vestu\u00e1rio e Seguran\u00e7a [&hellip;]\" \/>\n<meta property=\"og:url\" content=\"https:\/\/fieam.org.br\/senai\/educacao-profissional-e-servicos-tecnologicos-e-de-inovacao\/\" \/>\n<meta property=\"og:site_name\" content=\"SENAI\" \/>\n<meta property=\"article:modified_time\" content=\"2024-03-07T04:08:44+00:00\" \/>\n<meta property=\"og:image\" content=\"https:\/\/fieam.org.br\/senai\/wp-content\/uploads\/sites\/13\/2024\/02\/setas.png\" \/>\n<meta name=\"twitter:card\" content=\"summary_large_image\" \/>\n<meta name=\"twitter:label1\" content=\"Est. tempo de leitura\" \/>\n\t<meta name=\"twitter:data1\" content=\"2 minutos\" \/>\n<script type=\"application\/ld+json\" class=\"yoast-schema-graph\">{\"@context\":\"https:\/\/schema.org\",\"@graph\":[{\"@type\":\"WebPage\",\"@id\":\"https:\/\/fieam.org.br\/senai\/educacao-profissional-e-servicos-tecnologicos-e-de-inovacao\/\",\"url\":\"https:\/\/fieam.org.br\/senai\/educacao-profissional-e-servicos-tecnologicos-e-de-inovacao\/\",\"name\":\"Educa\u00e7\u00e3o Profissional e Tecnologia - SENAI\",\"isPartOf\":{\"@id\":\"https:\/\/fieam.org.br\/senai\/#website\"},\"primaryImageOfPage\":{\"@id\":\"https:\/\/fieam.org.br\/senai\/educacao-profissional-e-servicos-tecnologicos-e-de-inovacao\/#primaryimage\"},\"image\":{\"@id\":\"https:\/\/fieam.org.br\/senai\/educacao-profissional-e-servicos-tecnologicos-e-de-inovacao\/#primaryimage\"},\"thumbnailUrl\":\"https:\/\/fieam.org.br\/senai\/wp-content\/uploads\/sites\/13\/2024\/02\/setas.png\",\"datePublished\":\"2016-08-23T18:44:52+00:00\",\"dateModified\":\"2024-03-07T04:08:44+00:00\",\"breadcrumb\":{\"@id\":\"https:\/\/fieam.org.br\/senai\/educacao-profissional-e-servicos-tecnologicos-e-de-inovacao\/#breadcrumb\"},\"inLanguage\":\"pt-BR\",\"potentialAction\":[{\"@type\":\"ReadAction\",\"target\":[\"https:\/\/fieam.org.br\/senai\/educacao-profissional-e-servicos-tecnologicos-e-de-inovacao\/\"]}]},{\"@type\":\"ImageObject\",\"inLanguage\":\"pt-BR\",\"@id\":\"https:\/\/fieam.org.br\/senai\/educacao-profissional-e-servicos-tecnologicos-e-de-inovacao\/#primaryimage\",\"url\":\"https:\/\/fieam.org.br\/senai\/wp-content\/uploads\/sites\/13\/2024\/02\/setas.png\",\"contentUrl\":\"https:\/\/fieam.org.br\/senai\/wp-content\/uploads\/sites\/13\/2024\/02\/setas.png\"},{\"@type\":\"BreadcrumbList\",\"@id\":\"https:\/\/fieam.org.br\/senai\/educacao-profissional-e-servicos-tecnologicos-e-de-inovacao\/#breadcrumb\",\"itemListElement\":[{\"@type\":\"ListItem\",\"position\":1,\"name\":\"In\u00edcio\",\"item\":\"https:\/\/fieam.org.br\/senai\/\"},{\"@type\":\"ListItem\",\"position\":2,\"name\":\"Educa\u00e7\u00e3o Profissional e Tecnologia\"}]},{\"@type\":\"WebSite\",\"@id\":\"https:\/\/fieam.org.br\/senai\/#website\",\"url\":\"https:\/\/fieam.org.br\/senai\/\",\"name\":\"SENAI\",\"description\":\"Site Oficial!\",\"publisher\":{\"@id\":\"https:\/\/fieam.org.br\/senai\/#organization\"},\"potentialAction\":[{\"@type\":\"SearchAction\",\"target\":{\"@type\":\"EntryPoint\",\"urlTemplate\":\"https:\/\/fieam.org.br\/senai\/?s={search_term_string}\"},\"query-input\":{\"@type\":\"PropertyValueSpecification\",\"valueRequired\":true,\"valueName\":\"search_term_string\"}}],\"inLanguage\":\"pt-BR\"},{\"@type\":\"Organization\",\"@id\":\"https:\/\/fieam.org.br\/senai\/#organization\",\"name\":\"SENAI\",\"url\":\"https:\/\/fieam.org.br\/senai\/\",\"logo\":{\"@type\":\"ImageObject\",\"inLanguage\":\"pt-BR\",\"@id\":\"https:\/\/fieam.org.br\/senai\/#\/schema\/logo\/image\/\",\"url\":\"https:\/\/fieam.org.br\/senai\/wp-content\/uploads\/sites\/16\/2024\/03\/cropped-fav.png\",\"contentUrl\":\"https:\/\/fieam.org.br\/senai\/wp-content\/uploads\/sites\/16\/2024\/03\/cropped-fav.png\",\"width\":592,\"height\":577,\"caption\":\"SENAI\"},\"image\":{\"@id\":\"https:\/\/fieam.org.br\/senai\/#\/schema\/logo\/image\/\"}}]}<\/script>\n<!-- \/ Yoast SEO plugin. -->","yoast_head_json":{"title":"Educa\u00e7\u00e3o Profissional e Tecnologia - SENAI","robots":{"index":"index","follow":"follow","max-snippet":"max-snippet:-1","max-image-preview":"max-image-preview:large","max-video-preview":"max-video-preview:-1"},"canonical":"https:\/\/fieam.org.br\/senai\/educacao-profissional-e-servicos-tecnologicos-e-de-inovacao\/","og_locale":"pt_BR","og_type":"article","og_title":"Educa\u00e7\u00e3o Profissional e Tecnologia - SENAI","og_description":"Educa\u00e7\u00e3o Profissional e Tecnologia Servi\u00e7o Nacional de Aprendizagem Industrial Escola SENAI de A\u00e7\u00f5es M\u00f3veis e Comunit\u00e1rias \u2013 ESAMC \u00c1reas: Alimentos, Vestu\u00e1rio, Constru\u00e7\u00e3o Civil, Energia, Eletroeletr\u00f4nica, Gest\u00e3o, Madeira e Mobili\u00e1rio, Metalmec\u00e2nica, Refrigera\u00e7\u00e3o, Tecnologia da Informa\u00e7\u00e3o, Transportes\/Seguran\u00e7a e\u00a0Meio Ambiente. Manaus: Alimenta\u00e7\u00e3o, Confec\u00e7\u00e3o do Vestu\u00e1rio e Seguran\u00e7a na \u00e1rea de Transporte. Munic\u00edpios\/AM: Alimenta\u00e7\u00e3o, Confec\u00e7\u00e3o do Vestu\u00e1rio e Seguran\u00e7a [&hellip;]","og_url":"https:\/\/fieam.org.br\/senai\/educacao-profissional-e-servicos-tecnologicos-e-de-inovacao\/","og_site_name":"SENAI","article_modified_time":"2024-03-07T04:08:44+00:00","og_image":[{"url":"https:\/\/fieam.org.br\/senai\/wp-content\/uploads\/sites\/13\/2024\/02\/setas.png","type":"","width":"","height":""}],"twitter_card":"summary_large_image","twitter_misc":{"Est. tempo de leitura":"2 minutos"},"schema":{"@context":"https:\/\/schema.org","@graph":[{"@type":"WebPage","@id":"https:\/\/fieam.org.br\/senai\/educacao-profissional-e-servicos-tecnologicos-e-de-inovacao\/","url":"https:\/\/fieam.org.br\/senai\/educacao-profissional-e-servicos-tecnologicos-e-de-inovacao\/","name":"Educa\u00e7\u00e3o Profissional e Tecnologia - SENAI","isPartOf":{"@id":"https:\/\/fieam.org.br\/senai\/#website"},"primaryImageOfPage":{"@id":"https:\/\/fieam.org.br\/senai\/educacao-profissional-e-servicos-tecnologicos-e-de-inovacao\/#primaryimage"},"image":{"@id":"https:\/\/fieam.org.br\/senai\/educacao-profissional-e-servicos-tecnologicos-e-de-inovacao\/#primaryimage"},"thumbnailUrl":"https:\/\/fieam.org.br\/senai\/wp-content\/uploads\/sites\/13\/2024\/02\/setas.png","datePublished":"2016-08-23T18:44:52+00:00","dateModified":"2024-03-07T04:08:44+00:00","breadcrumb":{"@id":"https:\/\/fieam.org.br\/senai\/educacao-profissional-e-servicos-tecnologicos-e-de-inovacao\/#breadcrumb"},"inLanguage":"pt-BR","potentialAction":[{"@type":"ReadAction","target":["https:\/\/fieam.org.br\/senai\/educacao-profissional-e-servicos-tecnologicos-e-de-inovacao\/"]}]},{"@type":"ImageObject","inLanguage":"pt-BR","@id":"https:\/\/fieam.org.br\/senai\/educacao-profissional-e-servicos-tecnologicos-e-de-inovacao\/#primaryimage","url":"https:\/\/fieam.org.br\/senai\/wp-content\/uploads\/sites\/13\/2024\/02\/setas.png","contentUrl":"https:\/\/fieam.org.br\/senai\/wp-content\/uploads\/sites\/13\/2024\/02\/setas.png"},{"@type":"BreadcrumbList","@id":"https:\/\/fieam.org.br\/senai\/educacao-profissional-e-servicos-tecnologicos-e-de-inovacao\/#breadcrumb","itemListElement":[{"@type":"ListItem","position":1,"name":"In\u00edcio","item":"https:\/\/fieam.org.br\/senai\/"},{"@type":"ListItem","position":2,"name":"Educa\u00e7\u00e3o Profissional e Tecnologia"}]},{"@type":"WebSite","@id":"https:\/\/fieam.org.br\/senai\/#website","url":"https:\/\/fieam.org.br\/senai\/","name":"SENAI","description":"Site Oficial!","publisher":{"@id":"https:\/\/fieam.org.br\/senai\/#organization"},"potentialAction":[{"@type":"SearchAction","target":{"@type":"EntryPoint","urlTemplate":"https:\/\/fieam.org.br\/senai\/?s={search_term_string}"},"query-input":{"@type":"PropertyValueSpecification","valueRequired":true,"valueName":"search_term_string"}}],"inLanguage":"pt-BR"},{"@type":"Organization","@id":"https:\/\/fieam.org.br\/senai\/#organization","name":"SENAI","url":"https:\/\/fieam.org.br\/senai\/","logo":{"@type":"ImageObject","inLanguage":"pt-BR","@id":"https:\/\/fieam.org.br\/senai\/#\/schema\/logo\/image\/","url":"https:\/\/fieam.org.br\/senai\/wp-content\/uploads\/sites\/16\/2024\/03\/cropped-fav.png","contentUrl":"https:\/\/fieam.org.br\/senai\/wp-content\/uploads\/sites\/16\/2024\/03\/cropped-fav.png","width":592,"height":577,"caption":"SENAI"},"image":{"@id":"https:\/\/fieam.org.br\/senai\/#\/schema\/logo\/image\/"}}]}},"_links":{"self":[{"href":"https:\/\/fieam.org.br\/senai\/wp-json\/wp\/v2\/pages\/6794","targetHints":{"allow":["GET"]}}],"collection":[{"href":"https:\/\/fieam.org.br\/senai\/wp-json\/wp\/v2\/pages"}],"about":[{"href":"https:\/\/fieam.org.br\/senai\/wp-json\/wp\/v2\/types\/page"}],"author":[{"embeddable":true,"href":"https:\/\/fieam.org.br\/senai\/wp-json\/wp\/v2\/users\/1"}],"replies":[{"embeddable":true,"href":"https:\/\/fieam.org.br\/senai\/wp-json\/wp\/v2\/comments?post=6794"}],"version-history":[{"count":3,"href":"https:\/\/fieam.org.br\/senai\/wp-json\/wp\/v2\/pages\/6794\/revisions"}],"predecessor-version":[{"id":12512,"href":"https:\/\/fieam.org.br\/senai\/wp-json\/wp\/v2\/pages\/6794\/revisions\/12512"}],"wp:attachment":[{"href":"https:\/\/fieam.org.br\/senai\/wp-json\/wp\/v2\/media?parent=6794"}],"curies":[{"name":"wp","href":"https:\/\/api.w.org\/{rel}","templated":true}]}}