{"id":6545,"date":"2016-08-01T11:45:48","date_gmt":"2016-08-01T15:45:48","guid":{"rendered":"http:\/\/www.fieam.org.br\/2015\/senai\/?page_id=6545"},"modified":"2016-08-01T11:45:48","modified_gmt":"2016-08-01T15:45:48","slug":"curso-em-qualificacao-profissional-eletricista-de-automoveis","status":"publish","type":"page","link":"https:\/\/fieam.org.br\/senai\/curso-em-qualificacao-profissional-eletricista-de-automoveis\/","title":{"rendered":"Curso em Qualifica\u00e7\u00e3o Profissional &#8211; Eletricista de Autom\u00f3veis"},"content":{"rendered":"<table width=\"123%\">\n<tbody>\n<tr>\n<td colspan=\"2\" width=\"718\">Curso em Qualifica\u00e7\u00e3o Profissional &#8211; <strong>Eletricista de Autom\u00f3veis<\/strong><\/td>\n<td width=\"0\">&nbsp;<\/td>\n<\/tr>\n<tr>\n<td width=\"189\"><strong>Unidade Polo do SENAI<\/strong><\/td>\n<td width=\"529\"><strong>Escola SENAI\u00a0 Waldemiro Lustoza<\/strong><\/td>\n<td width=\"0\">&nbsp;<\/td>\n<\/tr>\n<tr>\n<td width=\"189\"><strong>Per\u00edodo de Inscri\u00e7\u00e3o<\/strong><\/td>\n<td width=\"529\">01\/03 a 12\/05\/2017<\/p>\n<p>&nbsp;<\/p>\n<p><strong>Garanta sua vaga!<\/strong> <a href=\"http:\/\/www.fieam.org.br\/2015\/senai\/formulario-de-inscricao\/\"><strong>Clique aqui para efetuar sua pr\u00e9-inscri\u00e7\u00e3o<\/strong><\/a><\/p>\n<p>&nbsp;<\/td>\n<td width=\"0\">&nbsp;<\/td>\n<\/tr>\n<tr>\n<td width=\"189\"><strong>Efetiva\u00e7\u00e3o da Matricula<\/strong><\/td>\n<td width=\"529\"><strong>\u00a0<\/strong><\/p>\n<p><strong>01\/03 a 12\/05\/2017 &#8211; <\/strong>Dirigir-se a escola (Unidade Polo) para efetuar a Matricula.<\/p>\n<p>&nbsp;<\/p>\n<p><strong>Escola SENAI\u00a0 Waldemiro Lustoza<\/strong><\/p>\n<p>Av. Carvalho Leal, 555 \u2013 Cachoeirinha &#8211; Fone: (92) 3133-6400 \/ 6401 \/ 6402 \/6403 \/ 6421 &#8211; E-mail: <a href=\"mailto:corem.eswl@am.senai.br\">corem.eswl@am.senai.br<\/a><\/p>\n<p><strong>\u00a0<\/strong><\/td>\n<td width=\"0\">&nbsp;<\/td>\n<\/tr>\n<tr>\n<td width=\"189\"><strong>Per\u00edodo do curso<\/strong><\/td>\n<td width=\"529\">15\/05\/2017 a 30\/06\/2017<\/p>\n<p>&nbsp;<\/p>\n<p><strong>Dia 15\/05\/17 &#8211; Aula Inaugural presencial &#8211; Das 18h00 \u00e0s 22h00h<\/strong>.<\/td>\n<td width=\"0\">&nbsp;<\/td>\n<\/tr>\n<tr>\n<td width=\"189\"><strong>Quantidade de vagas<\/strong><\/td>\n<td width=\"529\">100<\/td>\n<td width=\"0\">&nbsp;<\/td>\n<\/tr>\n<tr>\n<td width=\"189\"><strong>Carga Hor\u00e1ria Total<\/strong><\/td>\n<td width=\"529\">220h<\/td>\n<td width=\"0\">&nbsp;<\/td>\n<\/tr>\n<tr>\n<td width=\"189\"><strong>Carga Hor\u00e1ria a Dist\u00e2ncia<\/strong><\/td>\n<td width=\"529\">176h<\/td>\n<td width=\"0\">&nbsp;<\/td>\n<\/tr>\n<tr>\n<td width=\"189\"><strong>\u00a0<\/strong><\/td>\n<td width=\"529\">&nbsp;<\/td>\n<td width=\"0\">&nbsp;<\/td>\n<\/tr>\n<tr>\n<td width=\"189\"><strong>Carga Hor\u00e1ria Presencial<\/strong><\/td>\n<td width=\"529\">44h de Aulas presenciais &#8211; Das 18h \u00e0s 22h<\/td>\n<td width=\"0\">&nbsp;<\/td>\n<\/tr>\n<tr>\n<td width=\"189\"><strong>Investimento<\/strong><\/td>\n<td width=\"529\">R$ 360,00 ou 3x R$120,00 no Boleto banc\u00e1rio ou em at\u00e9 5 x no cart\u00e3o de cr\u00e9dito. At\u00e9 a data de vencimento ter\u00e1 5% de desconto.<\/td>\n<td width=\"0\">&nbsp;<\/td>\n<\/tr>\n<tr>\n<td width=\"189\"><strong>Modalidade<\/strong><\/td>\n<td width=\"529\">Qualifica\u00e7\u00e3o Profissional<\/td>\n<td width=\"0\">&nbsp;<\/td>\n<\/tr>\n<tr>\n<td width=\"189\"><strong>\u00c1rea Tecnol\u00f3gica<\/strong><\/td>\n<td width=\"529\">Automotiva<\/td>\n<td width=\"0\">&nbsp;<\/td>\n<\/tr>\n<tr>\n<td width=\"189\"><strong>Eixo Tecnol\u00f3gico<\/strong><\/td>\n<td width=\"529\">Controle e processos industriais<\/td>\n<td width=\"0\">&nbsp;<\/td>\n<\/tr>\n<tr>\n<td width=\"189\"><strong>Compet\u00eancia Geral<\/strong><\/td>\n<td width=\"529\">Realizar manuten\u00e7\u00e3o dos sistemas el\u00e9tricos, bem como atividades de apoio operacional, seguindo normas e procedimentos t\u00e9cnicos, de qualidade, seguran\u00e7a e meio ambiente.<\/td>\n<td width=\"0\">&nbsp;<\/td>\n<\/tr>\n<tr>\n<td width=\"189\"><strong>Objetivo Geral<\/strong><\/td>\n<td width=\"529\">O curso eletricista de autom\u00f3veis visa permitir o desenvolvimento dos fundamentos t\u00e9cnicos e cient\u00edficos espec\u00edficos, das capacidades t\u00e9cnicas, sociais, organizativas e metodol\u00f3gicas, para melhor sustenta\u00e7\u00e3o das compet\u00eancias do perfil profissional.<\/td>\n<td width=\"0\">&nbsp;<\/td>\n<\/tr>\n<tr>\n<td width=\"189\"><strong>Requisitos de Acesso<\/strong><\/td>\n<td width=\"529\">\n<ul>\n<li>Escolaridade: Ter conclu\u00eddo 5\u00aa s\u00e9rie do Ensino Fundamental e conhecimento b\u00e1sico de inform\u00e1tica e Internet.<\/li>\n<li>Ter sido classificado\/aprovado no processo seletivo, se aplic\u00e1vel, obedecendo ao limite de vagas dispon\u00edveis;<\/li>\n<li>Ter disponibilidade para participar dos encontros presenciais, aulas pr\u00e1ticas em laborat\u00f3rio ou visitas t\u00e9cnicas;<\/li>\n<li>Ter acesso \u00e0 Internet.<\/li>\n<li>Conhecimento b\u00e1sico de inform\u00e1tica e Internet.<\/li>\n<\/ul>\n<\/td>\n<td width=\"0\">&nbsp;<\/td>\n<\/tr>\n<tr>\n<td width=\"189\"><strong>Documentos para Matr\u00edcula<\/strong><\/td>\n<td width=\"529\">O candidato dever\u00e1 efetuar sua matr\u00edcula\u00a0 na Unidade Operacional do curso no qual se candidatou.<\/p>\n<p>No ato de matr\u00edcula, o candidato dever\u00e1 apresentar os seguintes documentos:<\/p>\n<ul>\n<li>1 foto 3&#215;4<\/li>\n<li>RG<\/li>\n<li>CPF ou Declara\u00e7\u00e3o da Receita Federal<\/li>\n<li>Comprovante de resid\u00eancia (caso n\u00e3o esteja em nome do candidato ou de seus pais, o titular do documento deve emitir uma autodeclara\u00e7\u00e3o).<\/li>\n<li>Comprovante de escolaridade: hist\u00f3rico escolar do Ensino M\u00e9dio Completo ou declara\u00e7\u00e3o de frequ\u00eancia escolar para quem est\u00e1 cursando o Ensino M\u00e9dio.<\/li>\n<\/ul>\n<\/td>\n<td width=\"0\">&nbsp;<\/td>\n<\/tr>\n<tr>\n<td colspan=\"2\" width=\"718\"><strong>\u00a0Configura\u00e7\u00e3o m\u00ednima de computador <\/strong><\/td>\n<td width=\"0\"><\/td>\n<\/tr>\n<tr>\n<td width=\"189\"><strong>Processador<\/strong><\/td>\n<td width=\"529\">Processador Dual Core 2ghz ou superior<\/td>\n<td width=\"0\"><\/td>\n<\/tr>\n<tr>\n<td width=\"189\"><strong>Mem\u00f3ria<\/strong><\/td>\n<td width=\"529\">1 GB de Mem\u00f3ria RAM ou mais<\/td>\n<td width=\"0\"><\/td>\n<\/tr>\n<tr>\n<td width=\"189\"><strong>V\u00eddeo<\/strong><\/td>\n<td width=\"529\">Placa de V\u00eddeo on board de 128MB ou superior<\/td>\n<td width=\"0\"><\/td>\n<\/tr>\n<tr>\n<td width=\"189\"><strong>Som<\/strong><\/td>\n<td width=\"529\">Placa de Som on board ou offboard e alto-falantes<\/td>\n<td width=\"0\"><\/td>\n<\/tr>\n<tr>\n<td rowspan=\"2\" width=\"189\"><strong>Internet<\/strong><\/td>\n<td width=\"529\">Conex\u00e3o Banda Larga de 300 kbps (por computador)<\/td>\n<td width=\"0\"><\/td>\n<\/tr>\n<tr>\n<td width=\"529\">Placa de Rede 10 Mbps Ethernet ou superior<\/td>\n<td width=\"0\"><\/td>\n<\/tr>\n<tr>\n<td rowspan=\"3\" width=\"189\"><strong>Sistema Operacional<br \/>\n(aluno deve possuir uma das alternativas)<\/strong><\/td>\n<td width=\"529\">Windows XP ou posterior<\/td>\n<td width=\"0\"><\/td>\n<\/tr>\n<tr>\n<td width=\"529\">Linux Ubuntu 6+ ou outras distribui\u00e7\u00f5es com<br \/>\nsuporte aos Browsers homologados<br \/>\nAndroid 4.0 ou superior;<\/td>\n<td width=\"0\"><\/td>\n<\/tr>\n<tr>\n<td width=\"529\">IOS n\u00e3o \u00e9 compat\u00edvel por causa dos recursos multim\u00eddia desenvolvidos em formato Flash.<\/td>\n<td width=\"0\"><\/td>\n<\/tr>\n<tr>\n<td rowspan=\"3\" width=\"189\"><strong>Navegadores<br \/>\n(aluno deve possuir uma das alternativas)<\/strong><\/td>\n<td width=\"529\">Mozilla Firefox 18 ou posterior<\/td>\n<td width=\"0\"><\/td>\n<\/tr>\n<tr>\n<td width=\"529\">Google Chrome 20 ou posterior<\/td>\n<td width=\"0\"><\/td>\n<\/tr>\n<tr>\n<td width=\"529\">Internet Explorer 9 ou posterior<\/td>\n<td width=\"0\"><\/td>\n<\/tr>\n<tr>\n<td rowspan=\"3\" width=\"189\"><strong>Plugins e Softwares<\/strong><\/td>\n<td width=\"529\">Plugin Flash Player 11 ou posterior<br \/>\n(http:\/\/get.adobe.com\/br\/flashplayer)<\/td>\n<td width=\"0\"><\/td>\n<\/tr>\n<tr>\n<td rowspan=\"2\" width=\"529\">Java SE 1.6.45 ou superior (<a href=\"http:\/\/java.com\">http:\/\/java.com<\/a>)<\/td>\n<td width=\"0\"><\/td>\n<\/tr>\n<tr>\n<td width=\"0\"><\/td>\n<\/tr>\n<tr>\n<td width=\"189\"><strong>Acess\u00f3rios para intera\u00e7\u00e3o em Webconfer\u00eancia<\/strong><\/td>\n<td width=\"529\">Webcam e conjunto de microfone e fone de ouvido (headset).<\/p>\n<p>&nbsp;<\/td>\n<td width=\"0\"><\/td>\n<\/tr>\n<\/tbody>\n<\/table>\n<p><strong>\u00a0<\/strong><\/p>\n<p><a href=\"http:\/\/www.fieam.org.br\/2015\/senai\/formulario-de-inscricao\/\"><strong>Clique aqui para efetuar sua pr\u00e9-inscri\u00e7\u00e3o<\/strong><\/a><\/p>\n<p><strong>Informa\u00e7\u00f5es:<\/strong><\/p>\n<p><strong>Escola SENAI\u00a0 Waldemiro Lustoza<\/strong><\/p>\n<p><strong>\u00a0<\/strong><\/p>\n<p><strong>\u00c1reas:<\/strong> Metalmec\u00e2nica, Automotiva, Soldagem e Pl\u00e1stico.<\/p>\n<p>Av. Carvalho Leal, 555 \u2013 Cachoeirinha &#8211; Fone: (92) 3133-6400 \/ 6401 \/ 6402 6403\/6421<\/p>\n<p>E-mail: <a href=\"mailto:corem.eswl@am.senai.br\">corem.eswl@am.senai.br<\/a><\/p>\n<p>Envie suas d\u00favidas, criticas e\/ou sugest\u00f5es para <a href=\"mailto:ead@am.senai.br\">ead@am.senai.br<\/a>.<\/p>\n<p>Hor\u00e1rio de Funcionamento das 7h30 \u00e0s 11h30 e 13h30 \u00e0s 17h30 de segunda a sexta-feira.<\/p>\n<p>&nbsp;<\/p>\n","protected":false},"excerpt":{"rendered":"<p>Curso em Qualifica\u00e7\u00e3o Profissional &#8211; Eletricista de Autom\u00f3veis &nbsp; Unidade Polo do SENAI Escola SENAI\u00a0 Waldemiro Lustoza &nbsp; Per\u00edodo de Inscri\u00e7\u00e3o 01\/03 a 12\/05\/2017 &nbsp; Garanta sua vaga! Clique aqui para efetuar sua pr\u00e9-inscri\u00e7\u00e3o &nbsp; &nbsp; Efetiva\u00e7\u00e3o da Matricula \u00a0 01\/03 a 12\/05\/2017 &#8211; Dirigir-se a escola (Unidade Polo) para efetuar a Matricula. &nbsp; Escola [&hellip;]<\/p>\n","protected":false},"author":1,"featured_media":0,"parent":0,"menu_order":0,"comment_status":"closed","ping_status":"closed","template":"","meta":{"footnotes":""},"class_list":["post-6545","page","type-page","status-publish","hentry"],"yoast_head":"<!-- This site is optimized with the Yoast SEO plugin v26.8 - https:\/\/yoast.com\/product\/yoast-seo-wordpress\/ -->\n<title>Curso em Qualifica\u00e7\u00e3o Profissional - Eletricista de Autom\u00f3veis - SENAI<\/title>\n<meta name=\"robots\" content=\"index, follow, max-snippet:-1, max-image-preview:large, max-video-preview:-1\" \/>\n<link rel=\"canonical\" href=\"https:\/\/fieam.org.br\/senai\/curso-em-qualificacao-profissional-eletricista-de-automoveis\/\" \/>\n<meta property=\"og:locale\" content=\"pt_BR\" \/>\n<meta property=\"og:type\" content=\"article\" \/>\n<meta property=\"og:title\" content=\"Curso em Qualifica\u00e7\u00e3o Profissional - Eletricista de Autom\u00f3veis - SENAI\" \/>\n<meta property=\"og:description\" content=\"Curso em Qualifica\u00e7\u00e3o Profissional &#8211; Eletricista de Autom\u00f3veis &nbsp; Unidade Polo do SENAI Escola SENAI\u00a0 Waldemiro Lustoza &nbsp; Per\u00edodo de Inscri\u00e7\u00e3o 01\/03 a 12\/05\/2017 &nbsp; Garanta sua vaga! Clique aqui para efetuar sua pr\u00e9-inscri\u00e7\u00e3o &nbsp; &nbsp; Efetiva\u00e7\u00e3o da Matricula \u00a0 01\/03 a 12\/05\/2017 &#8211; Dirigir-se a escola (Unidade Polo) para efetuar a Matricula. &nbsp; Escola [&hellip;]\" \/>\n<meta property=\"og:url\" content=\"https:\/\/fieam.org.br\/senai\/curso-em-qualificacao-profissional-eletricista-de-automoveis\/\" \/>\n<meta property=\"og:site_name\" content=\"SENAI\" \/>\n<meta name=\"twitter:card\" content=\"summary_large_image\" \/>\n<meta name=\"twitter:label1\" content=\"Est. tempo de leitura\" \/>\n\t<meta name=\"twitter:data1\" content=\"3 minutos\" \/>\n<script type=\"application\/ld+json\" class=\"yoast-schema-graph\">{\"@context\":\"https:\/\/schema.org\",\"@graph\":[{\"@type\":\"WebPage\",\"@id\":\"https:\/\/fieam.org.br\/senai\/curso-em-qualificacao-profissional-eletricista-de-automoveis\/\",\"url\":\"https:\/\/fieam.org.br\/senai\/curso-em-qualificacao-profissional-eletricista-de-automoveis\/\",\"name\":\"Curso em Qualifica\u00e7\u00e3o Profissional - Eletricista de Autom\u00f3veis - SENAI\",\"isPartOf\":{\"@id\":\"https:\/\/fieam.org.br\/senai\/#website\"},\"datePublished\":\"2016-08-01T15:45:48+00:00\",\"breadcrumb\":{\"@id\":\"https:\/\/fieam.org.br\/senai\/curso-em-qualificacao-profissional-eletricista-de-automoveis\/#breadcrumb\"},\"inLanguage\":\"pt-BR\",\"potentialAction\":[{\"@type\":\"ReadAction\",\"target\":[\"https:\/\/fieam.org.br\/senai\/curso-em-qualificacao-profissional-eletricista-de-automoveis\/\"]}]},{\"@type\":\"BreadcrumbList\",\"@id\":\"https:\/\/fieam.org.br\/senai\/curso-em-qualificacao-profissional-eletricista-de-automoveis\/#breadcrumb\",\"itemListElement\":[{\"@type\":\"ListItem\",\"position\":1,\"name\":\"In\u00edcio\",\"item\":\"https:\/\/fieam.org.br\/senai\/\"},{\"@type\":\"ListItem\",\"position\":2,\"name\":\"Curso em Qualifica\u00e7\u00e3o Profissional &#8211; Eletricista de Autom\u00f3veis\"}]},{\"@type\":\"WebSite\",\"@id\":\"https:\/\/fieam.org.br\/senai\/#website\",\"url\":\"https:\/\/fieam.org.br\/senai\/\",\"name\":\"SENAI\",\"description\":\"Site Oficial!\",\"publisher\":{\"@id\":\"https:\/\/fieam.org.br\/senai\/#organization\"},\"potentialAction\":[{\"@type\":\"SearchAction\",\"target\":{\"@type\":\"EntryPoint\",\"urlTemplate\":\"https:\/\/fieam.org.br\/senai\/?s={search_term_string}\"},\"query-input\":{\"@type\":\"PropertyValueSpecification\",\"valueRequired\":true,\"valueName\":\"search_term_string\"}}],\"inLanguage\":\"pt-BR\"},{\"@type\":\"Organization\",\"@id\":\"https:\/\/fieam.org.br\/senai\/#organization\",\"name\":\"SENAI\",\"url\":\"https:\/\/fieam.org.br\/senai\/\",\"logo\":{\"@type\":\"ImageObject\",\"inLanguage\":\"pt-BR\",\"@id\":\"https:\/\/fieam.org.br\/senai\/#\/schema\/logo\/image\/\",\"url\":\"https:\/\/fieam.org.br\/senai\/wp-content\/uploads\/sites\/16\/2024\/03\/cropped-fav.png\",\"contentUrl\":\"https:\/\/fieam.org.br\/senai\/wp-content\/uploads\/sites\/16\/2024\/03\/cropped-fav.png\",\"width\":592,\"height\":577,\"caption\":\"SENAI\"},\"image\":{\"@id\":\"https:\/\/fieam.org.br\/senai\/#\/schema\/logo\/image\/\"}}]}<\/script>\n<!-- \/ Yoast SEO plugin. -->","yoast_head_json":{"title":"Curso em Qualifica\u00e7\u00e3o Profissional - Eletricista de Autom\u00f3veis - SENAI","robots":{"index":"index","follow":"follow","max-snippet":"max-snippet:-1","max-image-preview":"max-image-preview:large","max-video-preview":"max-video-preview:-1"},"canonical":"https:\/\/fieam.org.br\/senai\/curso-em-qualificacao-profissional-eletricista-de-automoveis\/","og_locale":"pt_BR","og_type":"article","og_title":"Curso em Qualifica\u00e7\u00e3o Profissional - Eletricista de Autom\u00f3veis - SENAI","og_description":"Curso em Qualifica\u00e7\u00e3o Profissional &#8211; Eletricista de Autom\u00f3veis &nbsp; Unidade Polo do SENAI Escola SENAI\u00a0 Waldemiro Lustoza &nbsp; Per\u00edodo de Inscri\u00e7\u00e3o 01\/03 a 12\/05\/2017 &nbsp; Garanta sua vaga! Clique aqui para efetuar sua pr\u00e9-inscri\u00e7\u00e3o &nbsp; &nbsp; Efetiva\u00e7\u00e3o da Matricula \u00a0 01\/03 a 12\/05\/2017 &#8211; Dirigir-se a escola (Unidade Polo) para efetuar a Matricula. &nbsp; Escola [&hellip;]","og_url":"https:\/\/fieam.org.br\/senai\/curso-em-qualificacao-profissional-eletricista-de-automoveis\/","og_site_name":"SENAI","twitter_card":"summary_large_image","twitter_misc":{"Est. tempo de leitura":"3 minutos"},"schema":{"@context":"https:\/\/schema.org","@graph":[{"@type":"WebPage","@id":"https:\/\/fieam.org.br\/senai\/curso-em-qualificacao-profissional-eletricista-de-automoveis\/","url":"https:\/\/fieam.org.br\/senai\/curso-em-qualificacao-profissional-eletricista-de-automoveis\/","name":"Curso em Qualifica\u00e7\u00e3o Profissional - Eletricista de Autom\u00f3veis - SENAI","isPartOf":{"@id":"https:\/\/fieam.org.br\/senai\/#website"},"datePublished":"2016-08-01T15:45:48+00:00","breadcrumb":{"@id":"https:\/\/fieam.org.br\/senai\/curso-em-qualificacao-profissional-eletricista-de-automoveis\/#breadcrumb"},"inLanguage":"pt-BR","potentialAction":[{"@type":"ReadAction","target":["https:\/\/fieam.org.br\/senai\/curso-em-qualificacao-profissional-eletricista-de-automoveis\/"]}]},{"@type":"BreadcrumbList","@id":"https:\/\/fieam.org.br\/senai\/curso-em-qualificacao-profissional-eletricista-de-automoveis\/#breadcrumb","itemListElement":[{"@type":"ListItem","position":1,"name":"In\u00edcio","item":"https:\/\/fieam.org.br\/senai\/"},{"@type":"ListItem","position":2,"name":"Curso em Qualifica\u00e7\u00e3o Profissional &#8211; Eletricista de Autom\u00f3veis"}]},{"@type":"WebSite","@id":"https:\/\/fieam.org.br\/senai\/#website","url":"https:\/\/fieam.org.br\/senai\/","name":"SENAI","description":"Site Oficial!","publisher":{"@id":"https:\/\/fieam.org.br\/senai\/#organization"},"potentialAction":[{"@type":"SearchAction","target":{"@type":"EntryPoint","urlTemplate":"https:\/\/fieam.org.br\/senai\/?s={search_term_string}"},"query-input":{"@type":"PropertyValueSpecification","valueRequired":true,"valueName":"search_term_string"}}],"inLanguage":"pt-BR"},{"@type":"Organization","@id":"https:\/\/fieam.org.br\/senai\/#organization","name":"SENAI","url":"https:\/\/fieam.org.br\/senai\/","logo":{"@type":"ImageObject","inLanguage":"pt-BR","@id":"https:\/\/fieam.org.br\/senai\/#\/schema\/logo\/image\/","url":"https:\/\/fieam.org.br\/senai\/wp-content\/uploads\/sites\/16\/2024\/03\/cropped-fav.png","contentUrl":"https:\/\/fieam.org.br\/senai\/wp-content\/uploads\/sites\/16\/2024\/03\/cropped-fav.png","width":592,"height":577,"caption":"SENAI"},"image":{"@id":"https:\/\/fieam.org.br\/senai\/#\/schema\/logo\/image\/"}}]}},"_links":{"self":[{"href":"https:\/\/fieam.org.br\/senai\/wp-json\/wp\/v2\/pages\/6545","targetHints":{"allow":["GET"]}}],"collection":[{"href":"https:\/\/fieam.org.br\/senai\/wp-json\/wp\/v2\/pages"}],"about":[{"href":"https:\/\/fieam.org.br\/senai\/wp-json\/wp\/v2\/types\/page"}],"author":[{"embeddable":true,"href":"https:\/\/fieam.org.br\/senai\/wp-json\/wp\/v2\/users\/1"}],"replies":[{"embeddable":true,"href":"https:\/\/fieam.org.br\/senai\/wp-json\/wp\/v2\/comments?post=6545"}],"version-history":[{"count":0,"href":"https:\/\/fieam.org.br\/senai\/wp-json\/wp\/v2\/pages\/6545\/revisions"}],"wp:attachment":[{"href":"https:\/\/fieam.org.br\/senai\/wp-json\/wp\/v2\/media?parent=6545"}],"curies":[{"name":"wp","href":"https:\/\/api.w.org\/{rel}","templated":true}]}}