{"id":3107,"date":"2013-10-15T18:13:51","date_gmt":"2013-10-15T18:13:51","guid":{"rendered":"http:\/\/www.fieam.org.br\/site\/senai\/?page_id=3107"},"modified":"2013-10-15T18:13:51","modified_gmt":"2013-10-15T18:13:51","slug":"curso-senai-ead-tecnologia-da-informacao-e-comunicacao","status":"publish","type":"page","link":"https:\/\/fieam.org.br\/senai\/curso-senai-ead-tecnologia-da-informacao-e-comunicacao\/","title":{"rendered":"CURSO SENAI &#8211; EAD"},"content":{"rendered":"<p><b>Curso: Tecnologia da Informa\u00e7\u00e3o e Comunica\u00e7\u00e3o &#8211; TIC\u00a0<\/b><\/p>\n<p>&nbsp;<\/p>\n<p><b>Modalidade:<\/b> Inicia\u00e7\u00e3o Profissional <b>\u00c1rea de atua\u00e7\u00e3o:<\/b> Tecnologia da Informa\u00e7\u00e3o<\/p>\n<p>&nbsp;<\/p>\n<p><b>Carga Hor\u00e1ria do curso:<\/b> 14 horas. Acesso disponibilizado ao curso por <b>20 dias <\/b>(corridos). Para cumprir o curso dentro do tempo estabelecido, recomendam-se em m\u00e9dia 50 minutos de estudo por dia.<\/p>\n<p>&nbsp;<\/p>\n<p><b>Investimento:<\/b> Gratuito<\/p>\n<p>&nbsp;<\/p>\n<p><b>P\u00fablico\u00a0<\/b><\/p>\n<p>Estudantes e profissionais de diversas \u00e1reas do conhecimento que desejam ampliar seu conhecimento.<\/p>\n<p><b>Objetivo<\/b><\/p>\n<p>Compreender quais os processos de TIC que s\u00e3o utilizados no cotidiano profissional e qual a sua relev\u00e2ncia na carreira do jovem que ingressa no mercado de trabalho.<\/p>\n<p>&nbsp;<\/p>\n<p><b>Pr\u00e9-requisitos<\/b><\/p>\n<p>&nbsp;<\/p>\n<p>A partir de 14 anos, alfabetizado, conhecimento em Inform\u00e1tica b\u00e1sica, disponibilizar de microcomputador com acesso \u00e0 internet, velocidade m\u00ednima 56kbps, navegador Internet Explorer 8 ou Mozilla Firefox, plug-ins Adobe Acrobat Reader, Adobe Flash Player e javascript.<\/p>\n<p>&nbsp;<\/p>\n<p><b>Desenvolvimento metodol\u00f3gico<\/b><\/p>\n<p>Curso auto &#8211; instrucional e a dist\u00e2ncia, totalmente online em ambiente virtual de aprendizagem AVA com atividades e uma avalia\u00e7\u00e3o;<\/p>\n<p>Baseado na metodologia <b>SENAI de Educa\u00e7\u00e3o Profissional<\/b> (forma\u00e7\u00e3o por compet\u00eancias) que cria situa\u00e7\u00f5es desafiadoras e propicia ao aluno construir o seu pr\u00f3prio conhecimento;<\/p>\n<p>Nas situa\u00e7\u00f5es de aprendizagem do curso, o aluno mobiliza as capacidades para resolu\u00e7\u00e3o de uma situa\u00e7\u00e3o problema por meio da intera\u00e7\u00e3o com os objetos educacionais;<\/p>\n<p>Abordagem contextualizada e aplica\u00e7\u00e3o de recursos de <i>gamification <\/i>em que complementa o desenvolvimento metodol\u00f3gico.<\/p>\n<p>&nbsp;<\/p>\n<p>&nbsp;<\/p>\n<p><b>Matriz curricular do curso<\/b><\/p>\n<p>Conceito de Tecnologia da Informa\u00e7\u00e3o e Comunica\u00e7\u00e3o, ambientes virtuais, internet, comunidades virtuais, administra\u00e7\u00e3o e economia digital, processos industriais auxiliados por computador, <i>hardware<\/i>, <i>software <\/i>e comunica\u00e7\u00e3o, o contexto da tecnologia da informa\u00e7\u00e3o e comunica\u00e7\u00e3o, perfil dos profissionais, oportunidades do mercado de trabalho, trajet\u00f3rias formativas e ag\u00eancias formadoras, demandas e tend\u00eancias das TIC\u2019s, seguran\u00e7a digital, v\u00edrus, senha e <i>backup.<\/i><\/p>\n<p><b>Crit\u00e9rios de avalia\u00e7\u00e3o<\/b><\/p>\n<p>A avalia\u00e7\u00e3o do aprendizado ser\u00e1 realizada por meio de uma avalia\u00e7\u00e3o online no ambiente EAD, em que a m\u00e9dia final \u00e9 composta somente da nota da avalia\u00e7\u00e3o final.<\/p>\n<p>A avalia\u00e7\u00e3o do aprendizado \u00e9 somat\u00f3ria e realizada no final do curso no ambiente virtual de aprendizagem por meio de um question\u00e1rio de 5 quest\u00f5es.<\/p>\n<p>Para se tornar apto ao recebimento do certificado online, o aluno dever\u00e1 ter aproveitamento m\u00ednimo de 70% na avalia\u00e7\u00e3o final.<\/p>\n<p>Para se inscrever neste curso,<a href=\"http:\/\/www.senai.br\/ead\/transversais\/\"> clique aqui<\/a>.<\/p>\n<p>&nbsp;<\/p>\n<p><b>Informa\u00e7\u00f5es:<\/b><\/p>\n<p>&nbsp;<\/p>\n<p><b>SENAI \u2013 Departamento Regional do Amazonas<\/b><\/p>\n<p>Gerencia Geral de Educa\u00e7\u00e3o Profissional<\/p>\n<p>N\u00facleo de Educa\u00e7\u00e3o a Dist\u00e2ncia &#8211; NEAD<\/p>\n<p>Telefone: (92) 3182 \u2013 9956\/9971 E-mail: <a href=\"mailto:ead@am.senai.br\">ead@am.senai.br<\/a><\/p>\n","protected":false},"excerpt":{"rendered":"<p>Curso: Tecnologia da Informa\u00e7\u00e3o e Comunica\u00e7\u00e3o &#8211; TIC\u00a0 &nbsp; Modalidade: Inicia\u00e7\u00e3o Profissional \u00c1rea de atua\u00e7\u00e3o: Tecnologia da Informa\u00e7\u00e3o &nbsp; Carga Hor\u00e1ria do curso: 14 horas. Acesso disponibilizado ao curso por 20 dias (corridos). Para cumprir o curso dentro do tempo estabelecido, recomendam-se em m\u00e9dia 50 minutos de estudo por dia. &nbsp; Investimento: Gratuito &nbsp; P\u00fablico\u00a0 [&hellip;]<\/p>\n","protected":false},"author":1,"featured_media":0,"parent":0,"menu_order":0,"comment_status":"open","ping_status":"open","template":"","meta":{"footnotes":""},"class_list":["post-3107","page","type-page","status-publish","hentry"],"yoast_head":"<!-- This site is optimized with the Yoast SEO plugin v26.8 - https:\/\/yoast.com\/product\/yoast-seo-wordpress\/ -->\n<title>CURSO SENAI - EAD - SENAI<\/title>\n<meta name=\"robots\" content=\"index, follow, max-snippet:-1, max-image-preview:large, max-video-preview:-1\" \/>\n<link rel=\"canonical\" href=\"https:\/\/fieam.org.br\/senai\/curso-senai-ead-tecnologia-da-informacao-e-comunicacao\/\" \/>\n<meta property=\"og:locale\" content=\"pt_BR\" \/>\n<meta property=\"og:type\" content=\"article\" \/>\n<meta property=\"og:title\" content=\"CURSO SENAI - EAD - SENAI\" \/>\n<meta property=\"og:description\" content=\"Curso: Tecnologia da Informa\u00e7\u00e3o e Comunica\u00e7\u00e3o &#8211; TIC\u00a0 &nbsp; Modalidade: Inicia\u00e7\u00e3o Profissional \u00c1rea de atua\u00e7\u00e3o: Tecnologia da Informa\u00e7\u00e3o &nbsp; Carga Hor\u00e1ria do curso: 14 horas. Acesso disponibilizado ao curso por 20 dias (corridos). Para cumprir o curso dentro do tempo estabelecido, recomendam-se em m\u00e9dia 50 minutos de estudo por dia. &nbsp; Investimento: Gratuito &nbsp; P\u00fablico\u00a0 [&hellip;]\" \/>\n<meta property=\"og:url\" content=\"https:\/\/fieam.org.br\/senai\/curso-senai-ead-tecnologia-da-informacao-e-comunicacao\/\" \/>\n<meta property=\"og:site_name\" content=\"SENAI\" \/>\n<meta name=\"twitter:card\" content=\"summary_large_image\" \/>\n<meta name=\"twitter:label1\" content=\"Est. tempo de leitura\" \/>\n\t<meta name=\"twitter:data1\" content=\"2 minutos\" \/>\n<script type=\"application\/ld+json\" class=\"yoast-schema-graph\">{\"@context\":\"https:\/\/schema.org\",\"@graph\":[{\"@type\":\"WebPage\",\"@id\":\"https:\/\/fieam.org.br\/senai\/curso-senai-ead-tecnologia-da-informacao-e-comunicacao\/\",\"url\":\"https:\/\/fieam.org.br\/senai\/curso-senai-ead-tecnologia-da-informacao-e-comunicacao\/\",\"name\":\"CURSO SENAI - EAD - SENAI\",\"isPartOf\":{\"@id\":\"https:\/\/fieam.org.br\/senai\/#website\"},\"datePublished\":\"2013-10-15T18:13:51+00:00\",\"breadcrumb\":{\"@id\":\"https:\/\/fieam.org.br\/senai\/curso-senai-ead-tecnologia-da-informacao-e-comunicacao\/#breadcrumb\"},\"inLanguage\":\"pt-BR\",\"potentialAction\":[{\"@type\":\"ReadAction\",\"target\":[\"https:\/\/fieam.org.br\/senai\/curso-senai-ead-tecnologia-da-informacao-e-comunicacao\/\"]}]},{\"@type\":\"BreadcrumbList\",\"@id\":\"https:\/\/fieam.org.br\/senai\/curso-senai-ead-tecnologia-da-informacao-e-comunicacao\/#breadcrumb\",\"itemListElement\":[{\"@type\":\"ListItem\",\"position\":1,\"name\":\"In\u00edcio\",\"item\":\"https:\/\/fieam.org.br\/senai\/\"},{\"@type\":\"ListItem\",\"position\":2,\"name\":\"CURSO SENAI &#8211; EAD\"}]},{\"@type\":\"WebSite\",\"@id\":\"https:\/\/fieam.org.br\/senai\/#website\",\"url\":\"https:\/\/fieam.org.br\/senai\/\",\"name\":\"SENAI\",\"description\":\"Site Oficial!\",\"publisher\":{\"@id\":\"https:\/\/fieam.org.br\/senai\/#organization\"},\"potentialAction\":[{\"@type\":\"SearchAction\",\"target\":{\"@type\":\"EntryPoint\",\"urlTemplate\":\"https:\/\/fieam.org.br\/senai\/?s={search_term_string}\"},\"query-input\":{\"@type\":\"PropertyValueSpecification\",\"valueRequired\":true,\"valueName\":\"search_term_string\"}}],\"inLanguage\":\"pt-BR\"},{\"@type\":\"Organization\",\"@id\":\"https:\/\/fieam.org.br\/senai\/#organization\",\"name\":\"SENAI\",\"url\":\"https:\/\/fieam.org.br\/senai\/\",\"logo\":{\"@type\":\"ImageObject\",\"inLanguage\":\"pt-BR\",\"@id\":\"https:\/\/fieam.org.br\/senai\/#\/schema\/logo\/image\/\",\"url\":\"https:\/\/fieam.org.br\/senai\/wp-content\/uploads\/sites\/16\/2024\/03\/cropped-fav.png\",\"contentUrl\":\"https:\/\/fieam.org.br\/senai\/wp-content\/uploads\/sites\/16\/2024\/03\/cropped-fav.png\",\"width\":592,\"height\":577,\"caption\":\"SENAI\"},\"image\":{\"@id\":\"https:\/\/fieam.org.br\/senai\/#\/schema\/logo\/image\/\"}}]}<\/script>\n<!-- \/ Yoast SEO plugin. -->","yoast_head_json":{"title":"CURSO SENAI - EAD - SENAI","robots":{"index":"index","follow":"follow","max-snippet":"max-snippet:-1","max-image-preview":"max-image-preview:large","max-video-preview":"max-video-preview:-1"},"canonical":"https:\/\/fieam.org.br\/senai\/curso-senai-ead-tecnologia-da-informacao-e-comunicacao\/","og_locale":"pt_BR","og_type":"article","og_title":"CURSO SENAI - EAD - SENAI","og_description":"Curso: Tecnologia da Informa\u00e7\u00e3o e Comunica\u00e7\u00e3o &#8211; TIC\u00a0 &nbsp; Modalidade: Inicia\u00e7\u00e3o Profissional \u00c1rea de atua\u00e7\u00e3o: Tecnologia da Informa\u00e7\u00e3o &nbsp; Carga Hor\u00e1ria do curso: 14 horas. Acesso disponibilizado ao curso por 20 dias (corridos). Para cumprir o curso dentro do tempo estabelecido, recomendam-se em m\u00e9dia 50 minutos de estudo por dia. &nbsp; Investimento: Gratuito &nbsp; P\u00fablico\u00a0 [&hellip;]","og_url":"https:\/\/fieam.org.br\/senai\/curso-senai-ead-tecnologia-da-informacao-e-comunicacao\/","og_site_name":"SENAI","twitter_card":"summary_large_image","twitter_misc":{"Est. tempo de leitura":"2 minutos"},"schema":{"@context":"https:\/\/schema.org","@graph":[{"@type":"WebPage","@id":"https:\/\/fieam.org.br\/senai\/curso-senai-ead-tecnologia-da-informacao-e-comunicacao\/","url":"https:\/\/fieam.org.br\/senai\/curso-senai-ead-tecnologia-da-informacao-e-comunicacao\/","name":"CURSO SENAI - EAD - SENAI","isPartOf":{"@id":"https:\/\/fieam.org.br\/senai\/#website"},"datePublished":"2013-10-15T18:13:51+00:00","breadcrumb":{"@id":"https:\/\/fieam.org.br\/senai\/curso-senai-ead-tecnologia-da-informacao-e-comunicacao\/#breadcrumb"},"inLanguage":"pt-BR","potentialAction":[{"@type":"ReadAction","target":["https:\/\/fieam.org.br\/senai\/curso-senai-ead-tecnologia-da-informacao-e-comunicacao\/"]}]},{"@type":"BreadcrumbList","@id":"https:\/\/fieam.org.br\/senai\/curso-senai-ead-tecnologia-da-informacao-e-comunicacao\/#breadcrumb","itemListElement":[{"@type":"ListItem","position":1,"name":"In\u00edcio","item":"https:\/\/fieam.org.br\/senai\/"},{"@type":"ListItem","position":2,"name":"CURSO SENAI &#8211; EAD"}]},{"@type":"WebSite","@id":"https:\/\/fieam.org.br\/senai\/#website","url":"https:\/\/fieam.org.br\/senai\/","name":"SENAI","description":"Site Oficial!","publisher":{"@id":"https:\/\/fieam.org.br\/senai\/#organization"},"potentialAction":[{"@type":"SearchAction","target":{"@type":"EntryPoint","urlTemplate":"https:\/\/fieam.org.br\/senai\/?s={search_term_string}"},"query-input":{"@type":"PropertyValueSpecification","valueRequired":true,"valueName":"search_term_string"}}],"inLanguage":"pt-BR"},{"@type":"Organization","@id":"https:\/\/fieam.org.br\/senai\/#organization","name":"SENAI","url":"https:\/\/fieam.org.br\/senai\/","logo":{"@type":"ImageObject","inLanguage":"pt-BR","@id":"https:\/\/fieam.org.br\/senai\/#\/schema\/logo\/image\/","url":"https:\/\/fieam.org.br\/senai\/wp-content\/uploads\/sites\/16\/2024\/03\/cropped-fav.png","contentUrl":"https:\/\/fieam.org.br\/senai\/wp-content\/uploads\/sites\/16\/2024\/03\/cropped-fav.png","width":592,"height":577,"caption":"SENAI"},"image":{"@id":"https:\/\/fieam.org.br\/senai\/#\/schema\/logo\/image\/"}}]}},"_links":{"self":[{"href":"https:\/\/fieam.org.br\/senai\/wp-json\/wp\/v2\/pages\/3107","targetHints":{"allow":["GET"]}}],"collection":[{"href":"https:\/\/fieam.org.br\/senai\/wp-json\/wp\/v2\/pages"}],"about":[{"href":"https:\/\/fieam.org.br\/senai\/wp-json\/wp\/v2\/types\/page"}],"author":[{"embeddable":true,"href":"https:\/\/fieam.org.br\/senai\/wp-json\/wp\/v2\/users\/1"}],"replies":[{"embeddable":true,"href":"https:\/\/fieam.org.br\/senai\/wp-json\/wp\/v2\/comments?post=3107"}],"version-history":[{"count":0,"href":"https:\/\/fieam.org.br\/senai\/wp-json\/wp\/v2\/pages\/3107\/revisions"}],"wp:attachment":[{"href":"https:\/\/fieam.org.br\/senai\/wp-json\/wp\/v2\/media?parent=3107"}],"curies":[{"name":"wp","href":"https:\/\/api.w.org\/{rel}","templated":true}]}}

<p><b>Curso: Tecnologia da Informação e Comunicação &#8211; TIC </b></p>
<p>&nbsp;</p>
<p><b>Modalidade:</b> Iniciação Profissional <b>Área de atuação:</b> Tecnologia da Informação</p>
<p>&nbsp;</p>
<p><b>Carga Horária do curso:</b> 14 horas. Acesso disponibilizado ao curso por <b>20 dias </b>(corridos). Para cumprir o curso dentro do tempo estabelecido, recomendam-se em média 50 minutos de estudo por dia.</p>
<p>&nbsp;</p>
<p><b>Investimento:</b> Gratuito</p>
<p>&nbsp;</p>
<p><b>Público </b></p>
<p>Estudantes e profissionais de diversas áreas do conhecimento que desejam ampliar seu conhecimento.</p>
<p><b>Objetivo</b></p>
<p>Compreender quais os processos de TIC que são utilizados no cotidiano profissional e qual a sua relevância na carreira do jovem que ingressa no mercado de trabalho.</p>
<p>&nbsp;</p>
<p><b>Pré-requisitos</b></p>
<p>&nbsp;</p>
<p>A partir de 14 anos, alfabetizado, conhecimento em Informática básica, disponibilizar de microcomputador com acesso à internet, velocidade mínima 56kbps, navegador Internet Explorer 8 ou Mozilla Firefox, plug-ins Adobe Acrobat Reader, Adobe Flash Player e javascript.</p>
<p>&nbsp;</p>
<p><b>Desenvolvimento metodológico</b></p>
<p>Curso auto &#8211; instrucional e a distância, totalmente online em ambiente virtual de aprendizagem AVA com atividades e uma avaliação;</p>
<p>Baseado na metodologia <b>SENAI de Educação Profissional</b> (formação por competências) que cria situações desafiadoras e propicia ao aluno construir o seu próprio conhecimento;</p>
<p>Nas situações de aprendizagem do curso, o aluno mobiliza as capacidades para resolução de uma situação problema por meio da interação com os objetos educacionais;</p>
<p>Abordagem contextualizada e aplicação de recursos de <i>gamification </i>em que complementa o desenvolvimento metodológico.</p>
<p>&nbsp;</p>
<p>&nbsp;</p>
<p><b>Matriz curricular do curso</b></p>
<p>Conceito de Tecnologia da Informação e Comunicação, ambientes virtuais, internet, comunidades virtuais, administração e economia digital, processos industriais auxiliados por computador, <i>hardware</i>, <i>software </i>e comunicação, o contexto da tecnologia da informação e comunicação, perfil dos profissionais, oportunidades do mercado de trabalho, trajetórias formativas e agências formadoras, demandas e tendências das TIC’s, segurança digital, vírus, senha e <i>backup.</i></p>
<p><b>Critérios de avaliação</b></p>
<p>A avaliação do aprendizado será realizada por meio de uma avaliação online no ambiente EAD, em que a média final é composta somente da nota da avaliação final.</p>
<p>A avaliação do aprendizado é somatória e realizada no final do curso no ambiente virtual de aprendizagem por meio de um questionário de 5 questões.</p>
<p>Para se tornar apto ao recebimento do certificado online, o aluno deverá ter aproveitamento mínimo de 70% na avaliação final.</p>
<p>Para se inscrever neste curso,<a href="http://www.senai.br/ead/transversais/"> clique aqui</a>.</p>
<p>&nbsp;</p>
<p><b>Informações:</b></p>
<p>&nbsp;</p>
<p><b>SENAI – Departamento Regional do Amazonas</b></p>
<p>Gerencia Geral de Educação Profissional</p>
<p>Núcleo de Educação a Distância &#8211; NEAD</p>
<p>Telefone: (92) 3182 – 9956/9971 E-mail: <a href="mailto:ead@am.senai.br">ead@am.senai.br</a></p>

<p>Curso: Tecnologia da Informação e Comunicação &#8211; TIC  &nbsp; Modalidade: Iniciação Profissional Área de atuação: Tecnologia da Informação &nbsp; Carga Horária do curso: 14 horas. Acesso disponibilizado ao curso por 20 dias (corridos). Para cumprir o curso dentro do tempo estabelecido, recomendam-se em média 50 minutos de estudo por dia. &nbsp; Investimento: Gratuito &nbsp; Público  [&hellip;]</p>

<!-- This site is optimized with the Yoast SEO plugin v26.8 - https://yoast.com/product/yoast-seo-wordpress/ -->
<title>CURSO SENAI - EAD - SENAI</title>
<meta name="robots" content="index, follow, max-snippet:-1, max-image-preview:large, max-video-preview:-1" />
<link rel="canonical" href="https://fieam.org.br/senai/curso-senai-ead-tecnologia-da-informacao-e-comunicacao/" />
<meta property="og:locale" content="pt_BR" />
<meta property="og:type" content="article" />
<meta property="og:title" content="CURSO SENAI - EAD - SENAI" />
<meta property="og:description" content="Curso: Tecnologia da Informação e Comunicação &#8211; TIC  &nbsp; Modalidade: Iniciação Profissional Área de atuação: Tecnologia da Informação &nbsp; Carga Horária do curso: 14 horas. Acesso disponibilizado ao curso por 20 dias (corridos). Para cumprir o curso dentro do tempo estabelecido, recomendam-se em média 50 minutos de estudo por dia. &nbsp; Investimento: Gratuito &nbsp; Público  [&hellip;]" />
<meta property="og:url" content="https://fieam.org.br/senai/curso-senai-ead-tecnologia-da-informacao-e-comunicacao/" />
<meta property="og:site_name" content="SENAI" />
<meta name="twitter:card" content="summary_large_image" />
<meta name="twitter:label1" content="Est. tempo de leitura" />
	<meta name="twitter:data1" content="2 minutos" />
<script type="application/ld+json" class="yoast-schema-graph">{"@context":"https://schema.org","@graph":[{"@type":"WebPage","@id":"https://fieam.org.br/senai/curso-senai-ead-tecnologia-da-informacao-e-comunicacao/","url":"https://fieam.org.br/senai/curso-senai-ead-tecnologia-da-informacao-e-comunicacao/","name":"CURSO SENAI - EAD - SENAI","isPartOf":{"@id":"https://fieam.org.br/senai/#website"},"datePublished":"2013-10-15T18:13:51+00:00","breadcrumb":{"@id":"https://fieam.org.br/senai/curso-senai-ead-tecnologia-da-informacao-e-comunicacao/#breadcrumb"},"inLanguage":"pt-BR","potentialAction":[{"@type":"ReadAction","target":["https://fieam.org.br/senai/curso-senai-ead-tecnologia-da-informacao-e-comunicacao/"]}]},{"@type":"BreadcrumbList","@id":"https://fieam.org.br/senai/curso-senai-ead-tecnologia-da-informacao-e-comunicacao/#breadcrumb","itemListElement":[{"@type":"ListItem","position":1,"name":"Início","item":"https://fieam.org.br/senai/"},{"@type":"ListItem","position":2,"name":"CURSO SENAI &#8211; EAD"}]},{"@type":"WebSite","@id":"https://fieam.org.br/senai/#website","url":"https://fieam.org.br/senai/","name":"SENAI","description":"Site Oficial!","publisher":{"@id":"https://fieam.org.br/senai/#organization"},"potentialAction":[{"@type":"SearchAction","target":{"@type":"EntryPoint","urlTemplate":"https://fieam.org.br/senai/?s={search_term_string}"},"query-input":{"@type":"PropertyValueSpecification","valueRequired":true,"valueName":"search_term_string"}}],"inLanguage":"pt-BR"},{"@type":"Organization","@id":"https://fieam.org.br/senai/#organization","name":"SENAI","url":"https://fieam.org.br/senai/","logo":{"@type":"ImageObject","inLanguage":"pt-BR","@id":"https://fieam.org.br/senai/#/schema/logo/image/","url":"https://fieam.org.br/senai/wp-content/uploads/sites/16/2024/03/cropped-fav.png","contentUrl":"https://fieam.org.br/senai/wp-content/uploads/sites/16/2024/03/cropped-fav.png","width":592,"height":577,"caption":"SENAI"},"image":{"@id":"https://fieam.org.br/senai/#/schema/logo/image/"}}]}</script>
<!-- / Yoast SEO plugin. -->

Curso: Tecnologia da Informação e Comunicação &#8211; TIC  &nbsp; Modalidade: Iniciação Profissional Área de atuação: Tecnologia da Informação &nbsp; Carga Horária do curso: 14 horas. Acesso disponibilizado ao curso por 20 dias (corridos). Para cumprir o curso dentro do tempo estabelecido, recomendam-se em média 50 minutos de estudo por dia. &nbsp; Investimento: Gratuito &nbsp; Público  [&hellip;]

Início
