{"id":3102,"date":"2013-10-15T18:11:19","date_gmt":"2013-10-15T18:11:19","guid":{"rendered":"http:\/\/www.fieam.org.br\/site\/senai\/?page_id=3102"},"modified":"2013-10-15T18:11:19","modified_gmt":"2013-10-15T18:11:19","slug":"curso-senai-ead-legislacao-trabalhista","status":"publish","type":"page","link":"https:\/\/fieam.org.br\/senai\/curso-senai-ead-legislacao-trabalhista\/","title":{"rendered":"CURSO SENAI &#8211; EAD"},"content":{"rendered":"<p><b>Curso: Legisla\u00e7\u00e3o Trabalhista<\/b><\/p>\n<p>&nbsp;<\/p>\n<p><b>Modalidade:<\/b> Inicia\u00e7\u00e3o Profissional <b>\u00c1rea de atua\u00e7\u00e3o:<\/b> Gest\u00e3o<\/p>\n<p>&nbsp;<\/p>\n<p><b>Carga Hor\u00e1ria do curso:<\/b> 14 horas. Acesso disponibilizado ao curso por <b>20 dias <\/b>(corridos). Para cumprir o curso dentro do tempo estabelecido, recomendam-se em m\u00e9dia 50 minutos de estudo por dia.<\/p>\n<p>&nbsp;<\/p>\n<p><b>Investimento:<\/b> Gratuito<\/p>\n<p>&nbsp;<\/p>\n<p><b>P\u00fablico\u00a0<\/b><\/p>\n<p>Profissionais de diversas \u00e1reas do conhecimento e estudantes que desejam adquirir informa\u00e7\u00f5es b\u00e1sicas sobre quest\u00f5es trabalhistas.<\/p>\n<p><b>Objetivo<\/b><\/p>\n<p>Identificar os dispositivos legais que regulamentam as rela\u00e7\u00f5es de trabalho.<\/p>\n<p>&nbsp;<\/p>\n<p><b>Pr\u00e9-requisitos<\/b><\/p>\n<p>&nbsp;<\/p>\n<p>A partir de 14 anos, alfabetizado, conhecimento em Inform\u00e1tica b\u00e1sica, disponibilizar de microcomputador com acesso \u00e0 internet, velocidade m\u00ednima 56kbps, navegador Internet Explorer 8 ou Mozilla Firefox, plug-ins Adobe Acrobat Reader, Adobe Flash Player e javascript.<\/p>\n<p>&nbsp;<\/p>\n<p><b>Desenvolvimento metodol\u00f3gico<\/b><\/p>\n<p>Curso auto &#8211; instrucional e a dist\u00e2ncia, totalmente online em ambiente virtual de aprendizagem AVA com atividades e uma avalia\u00e7\u00e3o;<\/p>\n<p>Baseado na metodologia <b>SENAI de Educa\u00e7\u00e3o Profissional<\/b> (forma\u00e7\u00e3o por compet\u00eancias) que cria situa\u00e7\u00f5es desafiadoras e propicia ao aluno construir o seu pr\u00f3prio conhecimento;<\/p>\n<p>Nas situa\u00e7\u00f5es de aprendizagem do curso, o aluno mobiliza as capacidades para resolu\u00e7\u00e3o de uma situa\u00e7\u00e3o problema por meio da intera\u00e7\u00e3o com os objetos educacionais;<\/p>\n<p>Abordagem contextualizada e aplica\u00e7\u00e3o de recursos de <i>gamification <\/i>em que complementa o desenvolvimento metodol\u00f3gico.<\/p>\n<p>&nbsp;<\/p>\n<p>&nbsp;<\/p>\n<p><b>Matriz curricular do curso<\/b><\/p>\n<p>A significa\u00e7\u00e3o do trabalho como direito social, formas de organiza\u00e7\u00e3o social de trabalho, trabalho formal e informal, aspectos b\u00e1sicos da legisla\u00e7\u00e3o trabalhista, contrato de trabalho, jornada, remunera\u00e7\u00e3o, f\u00e9rias, 13\u00ba sal\u00e1rio e etc., prote\u00e7\u00e3o do trabalho ao menor, normas regulamentadoras e conselhos regionais de classe.<\/p>\n<p><b>Crit\u00e9rios de avalia\u00e7\u00e3o<\/b><\/p>\n<p>&nbsp;<\/p>\n<p>A avalia\u00e7\u00e3o do aprendizado ser\u00e1 realizada por meio de uma avalia\u00e7\u00e3o online no ambiente EAD, em que a m\u00e9dia final \u00e9 composta somente da nota da avalia\u00e7\u00e3o final.<\/p>\n<p>A avalia\u00e7\u00e3o do aprendizado \u00e9 somat\u00f3ria e realizada no final do curso no ambiente virtual de aprendizagem por meio de um question\u00e1rio de 5 quest\u00f5es.<\/p>\n<p>Para se tornar apto ao recebimento do certificado online, o aluno dever\u00e1 ter aproveitamento m\u00ednimo de 70% na avalia\u00e7\u00e3o final.<\/p>\n<p>Para se inscrever neste curso,<a href=\"http:\/\/www.senai.br\/ead\/transversais\/\"> clique aqui<\/a>.<\/p>\n<p>&nbsp;<\/p>\n<p><b>Informa\u00e7\u00f5es:<\/b><\/p>\n<p>&nbsp;<\/p>\n<p><b>SENAI \u2013 Departamento Regional do Amazonas<\/b><\/p>\n<p>Gerencia Geral de Educa\u00e7\u00e3o Profissional<\/p>\n<p>N\u00facleo de Educa\u00e7\u00e3o a Dist\u00e2ncia &#8211; NEAD<\/p>\n<p>Telefone: (92) 3182 \u2013 9956\/9971 E-mail: <a href=\"mailto:ead@am.senai.br\">ead@am.senai.br<\/a><\/p>\n","protected":false},"excerpt":{"rendered":"<p>Curso: Legisla\u00e7\u00e3o Trabalhista &nbsp; Modalidade: Inicia\u00e7\u00e3o Profissional \u00c1rea de atua\u00e7\u00e3o: Gest\u00e3o &nbsp; Carga Hor\u00e1ria do curso: 14 horas. Acesso disponibilizado ao curso por 20 dias (corridos). Para cumprir o curso dentro do tempo estabelecido, recomendam-se em m\u00e9dia 50 minutos de estudo por dia. &nbsp; Investimento: Gratuito &nbsp; P\u00fablico\u00a0 Profissionais de diversas \u00e1reas do conhecimento e [&hellip;]<\/p>\n","protected":false},"author":1,"featured_media":0,"parent":0,"menu_order":0,"comment_status":"open","ping_status":"open","template":"","meta":{"footnotes":""},"class_list":["post-3102","page","type-page","status-publish","hentry"],"yoast_head":"<!-- This site is optimized with the Yoast SEO plugin v26.8 - https:\/\/yoast.com\/product\/yoast-seo-wordpress\/ -->\n<title>CURSO SENAI - EAD - SENAI<\/title>\n<meta name=\"robots\" content=\"index, follow, max-snippet:-1, max-image-preview:large, max-video-preview:-1\" \/>\n<link rel=\"canonical\" href=\"https:\/\/fieam.org.br\/senai\/curso-senai-ead-legislacao-trabalhista\/\" \/>\n<meta property=\"og:locale\" content=\"pt_BR\" \/>\n<meta property=\"og:type\" content=\"article\" \/>\n<meta property=\"og:title\" content=\"CURSO SENAI - EAD - SENAI\" \/>\n<meta property=\"og:description\" content=\"Curso: Legisla\u00e7\u00e3o Trabalhista &nbsp; Modalidade: Inicia\u00e7\u00e3o Profissional \u00c1rea de atua\u00e7\u00e3o: Gest\u00e3o &nbsp; Carga Hor\u00e1ria do curso: 14 horas. Acesso disponibilizado ao curso por 20 dias (corridos). Para cumprir o curso dentro do tempo estabelecido, recomendam-se em m\u00e9dia 50 minutos de estudo por dia. &nbsp; Investimento: Gratuito &nbsp; P\u00fablico\u00a0 Profissionais de diversas \u00e1reas do conhecimento e [&hellip;]\" \/>\n<meta property=\"og:url\" content=\"https:\/\/fieam.org.br\/senai\/curso-senai-ead-legislacao-trabalhista\/\" \/>\n<meta property=\"og:site_name\" content=\"SENAI\" \/>\n<meta name=\"twitter:card\" content=\"summary_large_image\" \/>\n<meta name=\"twitter:label1\" content=\"Est. tempo de leitura\" \/>\n\t<meta name=\"twitter:data1\" content=\"2 minutos\" \/>\n<script type=\"application\/ld+json\" class=\"yoast-schema-graph\">{\"@context\":\"https:\/\/schema.org\",\"@graph\":[{\"@type\":\"WebPage\",\"@id\":\"https:\/\/fieam.org.br\/senai\/curso-senai-ead-legislacao-trabalhista\/\",\"url\":\"https:\/\/fieam.org.br\/senai\/curso-senai-ead-legislacao-trabalhista\/\",\"name\":\"CURSO SENAI - EAD - SENAI\",\"isPartOf\":{\"@id\":\"https:\/\/fieam.org.br\/senai\/#website\"},\"datePublished\":\"2013-10-15T18:11:19+00:00\",\"breadcrumb\":{\"@id\":\"https:\/\/fieam.org.br\/senai\/curso-senai-ead-legislacao-trabalhista\/#breadcrumb\"},\"inLanguage\":\"pt-BR\",\"potentialAction\":[{\"@type\":\"ReadAction\",\"target\":[\"https:\/\/fieam.org.br\/senai\/curso-senai-ead-legislacao-trabalhista\/\"]}]},{\"@type\":\"BreadcrumbList\",\"@id\":\"https:\/\/fieam.org.br\/senai\/curso-senai-ead-legislacao-trabalhista\/#breadcrumb\",\"itemListElement\":[{\"@type\":\"ListItem\",\"position\":1,\"name\":\"In\u00edcio\",\"item\":\"https:\/\/fieam.org.br\/senai\/\"},{\"@type\":\"ListItem\",\"position\":2,\"name\":\"CURSO SENAI &#8211; EAD\"}]},{\"@type\":\"WebSite\",\"@id\":\"https:\/\/fieam.org.br\/senai\/#website\",\"url\":\"https:\/\/fieam.org.br\/senai\/\",\"name\":\"SENAI\",\"description\":\"Site Oficial!\",\"publisher\":{\"@id\":\"https:\/\/fieam.org.br\/senai\/#organization\"},\"potentialAction\":[{\"@type\":\"SearchAction\",\"target\":{\"@type\":\"EntryPoint\",\"urlTemplate\":\"https:\/\/fieam.org.br\/senai\/?s={search_term_string}\"},\"query-input\":{\"@type\":\"PropertyValueSpecification\",\"valueRequired\":true,\"valueName\":\"search_term_string\"}}],\"inLanguage\":\"pt-BR\"},{\"@type\":\"Organization\",\"@id\":\"https:\/\/fieam.org.br\/senai\/#organization\",\"name\":\"SENAI\",\"url\":\"https:\/\/fieam.org.br\/senai\/\",\"logo\":{\"@type\":\"ImageObject\",\"inLanguage\":\"pt-BR\",\"@id\":\"https:\/\/fieam.org.br\/senai\/#\/schema\/logo\/image\/\",\"url\":\"https:\/\/fieam.org.br\/senai\/wp-content\/uploads\/sites\/16\/2024\/03\/cropped-fav.png\",\"contentUrl\":\"https:\/\/fieam.org.br\/senai\/wp-content\/uploads\/sites\/16\/2024\/03\/cropped-fav.png\",\"width\":592,\"height\":577,\"caption\":\"SENAI\"},\"image\":{\"@id\":\"https:\/\/fieam.org.br\/senai\/#\/schema\/logo\/image\/\"}}]}<\/script>\n<!-- \/ Yoast SEO plugin. -->","yoast_head_json":{"title":"CURSO SENAI - EAD - SENAI","robots":{"index":"index","follow":"follow","max-snippet":"max-snippet:-1","max-image-preview":"max-image-preview:large","max-video-preview":"max-video-preview:-1"},"canonical":"https:\/\/fieam.org.br\/senai\/curso-senai-ead-legislacao-trabalhista\/","og_locale":"pt_BR","og_type":"article","og_title":"CURSO SENAI - EAD - SENAI","og_description":"Curso: Legisla\u00e7\u00e3o Trabalhista &nbsp; Modalidade: Inicia\u00e7\u00e3o Profissional \u00c1rea de atua\u00e7\u00e3o: Gest\u00e3o &nbsp; Carga Hor\u00e1ria do curso: 14 horas. Acesso disponibilizado ao curso por 20 dias (corridos). Para cumprir o curso dentro do tempo estabelecido, recomendam-se em m\u00e9dia 50 minutos de estudo por dia. &nbsp; Investimento: Gratuito &nbsp; P\u00fablico\u00a0 Profissionais de diversas \u00e1reas do conhecimento e [&hellip;]","og_url":"https:\/\/fieam.org.br\/senai\/curso-senai-ead-legislacao-trabalhista\/","og_site_name":"SENAI","twitter_card":"summary_large_image","twitter_misc":{"Est. tempo de leitura":"2 minutos"},"schema":{"@context":"https:\/\/schema.org","@graph":[{"@type":"WebPage","@id":"https:\/\/fieam.org.br\/senai\/curso-senai-ead-legislacao-trabalhista\/","url":"https:\/\/fieam.org.br\/senai\/curso-senai-ead-legislacao-trabalhista\/","name":"CURSO SENAI - EAD - SENAI","isPartOf":{"@id":"https:\/\/fieam.org.br\/senai\/#website"},"datePublished":"2013-10-15T18:11:19+00:00","breadcrumb":{"@id":"https:\/\/fieam.org.br\/senai\/curso-senai-ead-legislacao-trabalhista\/#breadcrumb"},"inLanguage":"pt-BR","potentialAction":[{"@type":"ReadAction","target":["https:\/\/fieam.org.br\/senai\/curso-senai-ead-legislacao-trabalhista\/"]}]},{"@type":"BreadcrumbList","@id":"https:\/\/fieam.org.br\/senai\/curso-senai-ead-legislacao-trabalhista\/#breadcrumb","itemListElement":[{"@type":"ListItem","position":1,"name":"In\u00edcio","item":"https:\/\/fieam.org.br\/senai\/"},{"@type":"ListItem","position":2,"name":"CURSO SENAI &#8211; EAD"}]},{"@type":"WebSite","@id":"https:\/\/fieam.org.br\/senai\/#website","url":"https:\/\/fieam.org.br\/senai\/","name":"SENAI","description":"Site Oficial!","publisher":{"@id":"https:\/\/fieam.org.br\/senai\/#organization"},"potentialAction":[{"@type":"SearchAction","target":{"@type":"EntryPoint","urlTemplate":"https:\/\/fieam.org.br\/senai\/?s={search_term_string}"},"query-input":{"@type":"PropertyValueSpecification","valueRequired":true,"valueName":"search_term_string"}}],"inLanguage":"pt-BR"},{"@type":"Organization","@id":"https:\/\/fieam.org.br\/senai\/#organization","name":"SENAI","url":"https:\/\/fieam.org.br\/senai\/","logo":{"@type":"ImageObject","inLanguage":"pt-BR","@id":"https:\/\/fieam.org.br\/senai\/#\/schema\/logo\/image\/","url":"https:\/\/fieam.org.br\/senai\/wp-content\/uploads\/sites\/16\/2024\/03\/cropped-fav.png","contentUrl":"https:\/\/fieam.org.br\/senai\/wp-content\/uploads\/sites\/16\/2024\/03\/cropped-fav.png","width":592,"height":577,"caption":"SENAI"},"image":{"@id":"https:\/\/fieam.org.br\/senai\/#\/schema\/logo\/image\/"}}]}},"_links":{"self":[{"href":"https:\/\/fieam.org.br\/senai\/wp-json\/wp\/v2\/pages\/3102","targetHints":{"allow":["GET"]}}],"collection":[{"href":"https:\/\/fieam.org.br\/senai\/wp-json\/wp\/v2\/pages"}],"about":[{"href":"https:\/\/fieam.org.br\/senai\/wp-json\/wp\/v2\/types\/page"}],"author":[{"embeddable":true,"href":"https:\/\/fieam.org.br\/senai\/wp-json\/wp\/v2\/users\/1"}],"replies":[{"embeddable":true,"href":"https:\/\/fieam.org.br\/senai\/wp-json\/wp\/v2\/comments?post=3102"}],"version-history":[{"count":0,"href":"https:\/\/fieam.org.br\/senai\/wp-json\/wp\/v2\/pages\/3102\/revisions"}],"wp:attachment":[{"href":"https:\/\/fieam.org.br\/senai\/wp-json\/wp\/v2\/media?parent=3102"}],"curies":[{"name":"wp","href":"https:\/\/api.w.org\/{rel}","templated":true}]}}

<p><b>Curso: Legislação Trabalhista</b></p>
<p>&nbsp;</p>
<p><b>Modalidade:</b> Iniciação Profissional <b>Área de atuação:</b> Gestão</p>
<p>&nbsp;</p>
<p><b>Carga Horária do curso:</b> 14 horas. Acesso disponibilizado ao curso por <b>20 dias </b>(corridos). Para cumprir o curso dentro do tempo estabelecido, recomendam-se em média 50 minutos de estudo por dia.</p>
<p>&nbsp;</p>
<p><b>Investimento:</b> Gratuito</p>
<p>&nbsp;</p>
<p><b>Público </b></p>
<p>Profissionais de diversas áreas do conhecimento e estudantes que desejam adquirir informações básicas sobre questões trabalhistas.</p>
<p><b>Objetivo</b></p>
<p>Identificar os dispositivos legais que regulamentam as relações de trabalho.</p>
<p>&nbsp;</p>
<p><b>Pré-requisitos</b></p>
<p>&nbsp;</p>
<p>A partir de 14 anos, alfabetizado, conhecimento em Informática básica, disponibilizar de microcomputador com acesso à internet, velocidade mínima 56kbps, navegador Internet Explorer 8 ou Mozilla Firefox, plug-ins Adobe Acrobat Reader, Adobe Flash Player e javascript.</p>
<p>&nbsp;</p>
<p><b>Desenvolvimento metodológico</b></p>
<p>Curso auto &#8211; instrucional e a distância, totalmente online em ambiente virtual de aprendizagem AVA com atividades e uma avaliação;</p>
<p>Baseado na metodologia <b>SENAI de Educação Profissional</b> (formação por competências) que cria situações desafiadoras e propicia ao aluno construir o seu próprio conhecimento;</p>
<p>Nas situações de aprendizagem do curso, o aluno mobiliza as capacidades para resolução de uma situação problema por meio da interação com os objetos educacionais;</p>
<p>Abordagem contextualizada e aplicação de recursos de <i>gamification </i>em que complementa o desenvolvimento metodológico.</p>
<p>&nbsp;</p>
<p>&nbsp;</p>
<p><b>Matriz curricular do curso</b></p>
<p>A significação do trabalho como direito social, formas de organização social de trabalho, trabalho formal e informal, aspectos básicos da legislação trabalhista, contrato de trabalho, jornada, remuneração, férias, 13º salário e etc., proteção do trabalho ao menor, normas regulamentadoras e conselhos regionais de classe.</p>
<p><b>Critérios de avaliação</b></p>
<p>&nbsp;</p>
<p>A avaliação do aprendizado será realizada por meio de uma avaliação online no ambiente EAD, em que a média final é composta somente da nota da avaliação final.</p>
<p>A avaliação do aprendizado é somatória e realizada no final do curso no ambiente virtual de aprendizagem por meio de um questionário de 5 questões.</p>
<p>Para se tornar apto ao recebimento do certificado online, o aluno deverá ter aproveitamento mínimo de 70% na avaliação final.</p>
<p>Para se inscrever neste curso,<a href="http://www.senai.br/ead/transversais/"> clique aqui</a>.</p>
<p>&nbsp;</p>
<p><b>Informações:</b></p>
<p>&nbsp;</p>
<p><b>SENAI – Departamento Regional do Amazonas</b></p>
<p>Gerencia Geral de Educação Profissional</p>
<p>Núcleo de Educação a Distância &#8211; NEAD</p>
<p>Telefone: (92) 3182 – 9956/9971 E-mail: <a href="mailto:ead@am.senai.br">ead@am.senai.br</a></p>

<p>Curso: Legislação Trabalhista &nbsp; Modalidade: Iniciação Profissional Área de atuação: Gestão &nbsp; Carga Horária do curso: 14 horas. Acesso disponibilizado ao curso por 20 dias (corridos). Para cumprir o curso dentro do tempo estabelecido, recomendam-se em média 50 minutos de estudo por dia. &nbsp; Investimento: Gratuito &nbsp; Público  Profissionais de diversas áreas do conhecimento e [&hellip;]</p>

<!-- This site is optimized with the Yoast SEO plugin v26.8 - https://yoast.com/product/yoast-seo-wordpress/ -->
<title>CURSO SENAI - EAD - SENAI</title>
<meta name="robots" content="index, follow, max-snippet:-1, max-image-preview:large, max-video-preview:-1" />
<link rel="canonical" href="https://fieam.org.br/senai/curso-senai-ead-legislacao-trabalhista/" />
<meta property="og:locale" content="pt_BR" />
<meta property="og:type" content="article" />
<meta property="og:title" content="CURSO SENAI - EAD - SENAI" />
<meta property="og:description" content="Curso: Legislação Trabalhista &nbsp; Modalidade: Iniciação Profissional Área de atuação: Gestão &nbsp; Carga Horária do curso: 14 horas. Acesso disponibilizado ao curso por 20 dias (corridos). Para cumprir o curso dentro do tempo estabelecido, recomendam-se em média 50 minutos de estudo por dia. &nbsp; Investimento: Gratuito &nbsp; Público  Profissionais de diversas áreas do conhecimento e [&hellip;]" />
<meta property="og:url" content="https://fieam.org.br/senai/curso-senai-ead-legislacao-trabalhista/" />
<meta property="og:site_name" content="SENAI" />
<meta name="twitter:card" content="summary_large_image" />
<meta name="twitter:label1" content="Est. tempo de leitura" />
	<meta name="twitter:data1" content="2 minutos" />
<script type="application/ld+json" class="yoast-schema-graph">{"@context":"https://schema.org","@graph":[{"@type":"WebPage","@id":"https://fieam.org.br/senai/curso-senai-ead-legislacao-trabalhista/","url":"https://fieam.org.br/senai/curso-senai-ead-legislacao-trabalhista/","name":"CURSO SENAI - EAD - SENAI","isPartOf":{"@id":"https://fieam.org.br/senai/#website"},"datePublished":"2013-10-15T18:11:19+00:00","breadcrumb":{"@id":"https://fieam.org.br/senai/curso-senai-ead-legislacao-trabalhista/#breadcrumb"},"inLanguage":"pt-BR","potentialAction":[{"@type":"ReadAction","target":["https://fieam.org.br/senai/curso-senai-ead-legislacao-trabalhista/"]}]},{"@type":"BreadcrumbList","@id":"https://fieam.org.br/senai/curso-senai-ead-legislacao-trabalhista/#breadcrumb","itemListElement":[{"@type":"ListItem","position":1,"name":"Início","item":"https://fieam.org.br/senai/"},{"@type":"ListItem","position":2,"name":"CURSO SENAI &#8211; EAD"}]},{"@type":"WebSite","@id":"https://fieam.org.br/senai/#website","url":"https://fieam.org.br/senai/","name":"SENAI","description":"Site Oficial!","publisher":{"@id":"https://fieam.org.br/senai/#organization"},"potentialAction":[{"@type":"SearchAction","target":{"@type":"EntryPoint","urlTemplate":"https://fieam.org.br/senai/?s={search_term_string}"},"query-input":{"@type":"PropertyValueSpecification","valueRequired":true,"valueName":"search_term_string"}}],"inLanguage":"pt-BR"},{"@type":"Organization","@id":"https://fieam.org.br/senai/#organization","name":"SENAI","url":"https://fieam.org.br/senai/","logo":{"@type":"ImageObject","inLanguage":"pt-BR","@id":"https://fieam.org.br/senai/#/schema/logo/image/","url":"https://fieam.org.br/senai/wp-content/uploads/sites/16/2024/03/cropped-fav.png","contentUrl":"https://fieam.org.br/senai/wp-content/uploads/sites/16/2024/03/cropped-fav.png","width":592,"height":577,"caption":"SENAI"},"image":{"@id":"https://fieam.org.br/senai/#/schema/logo/image/"}}]}</script>
<!-- / Yoast SEO plugin. -->

Curso: Legislação Trabalhista &nbsp; Modalidade: Iniciação Profissional Área de atuação: Gestão &nbsp; Carga Horária do curso: 14 horas. Acesso disponibilizado ao curso por 20 dias (corridos). Para cumprir o curso dentro do tempo estabelecido, recomendam-se em média 50 minutos de estudo por dia. &nbsp; Investimento: Gratuito &nbsp; Público  Profissionais de diversas áreas do conhecimento e [&hellip;]

Início
