{"id":12203,"date":"2010-11-13T08:12:43","date_gmt":"2010-11-13T08:12:43","guid":{"rendered":"http:\/\/www.fieam.org.br\/site\/senai\/"},"modified":"2010-11-13T08:12:43","modified_gmt":"2010-11-13T08:12:43","slug":"escola-senai-antonio-simoes-aperfeicoamento","status":"publish","type":"page","link":"https:\/\/fieam.org.br\/senai\/escola-senai-antonio-simoes-aperfeicoamento\/","title":{"rendered":"Escola SENAI Ant\u00f4nio Sim\u00f5es &#8211; Aperfei\u00e7oamento"},"content":{"rendered":"<p>&#8211; Administrador de Redes Corporativa CISCO (M\u00f3dulos I,II,III e IV);<br \/>\n&#8211; C\u00e1lculo de Incerteza;<br \/>\n&#8211; Comandos El\u00e9tricos;<br \/>\n&#8211; Controlador L\u00f3gico Program\u00e1vel B\u00e1sico;<br \/>\n&#8211; Controlador L\u00f3gico Program\u00e1vel Avan\u00e7ado;<br \/>\n&#8211; Controle Estat\u00edstico de Processo;<br \/>\n&#8211; Dur\u00f4metro;<br \/>\n&#8211; Inform\u00e1tica Avan\u00e7ada;<br \/>\n&#8211; Medi\u00e7\u00e3o Tridimensional;<br \/>\n&#8211; NR 10 Seguran\u00e7a em Instala\u00e7\u00f5es e Servi\u00e7os com Eletricidade;<br \/>\n&#8211; NR 13 Operador de Vaso de Press\u00e3o e Cadeiras;<br \/>\n&#8211; Sistema El\u00e9trico de Pot\u00eancia \u2013 SEP.<\/p>\n","protected":false},"excerpt":{"rendered":"<p>&#8211; Administrador de Redes Corporativa CISCO (M\u00f3dulos I,II,III e IV); &#8211; C\u00e1lculo de Incerteza; &#8211; Comandos El\u00e9tricos; &#8211; Controlador L\u00f3gico Program\u00e1vel B\u00e1sico; &#8211; Controlador L\u00f3gico Program\u00e1vel Avan\u00e7ado; &#8211; Controle Estat\u00edstico de Processo; &#8211; Dur\u00f4metro; &#8211; Inform\u00e1tica Avan\u00e7ada; &#8211; Medi\u00e7\u00e3o Tridimensional; &#8211; NR 10 Seguran\u00e7a em Instala\u00e7\u00f5es e Servi\u00e7os com Eletricidade; &#8211; NR 13 Operador de [&hellip;]<\/p>\n","protected":false},"author":1,"featured_media":0,"parent":0,"menu_order":0,"comment_status":"closed","ping_status":"closed","template":"","meta":{"footnotes":""},"class_list":["post-12203","page","type-page","status-publish","hentry"],"yoast_head":"<!-- This site is optimized with the Yoast SEO plugin v26.8 - https:\/\/yoast.com\/product\/yoast-seo-wordpress\/ -->\n<title>Escola SENAI Ant\u00f4nio Sim\u00f5es - Aperfei\u00e7oamento - SENAI<\/title>\n<meta name=\"robots\" content=\"index, follow, max-snippet:-1, max-image-preview:large, max-video-preview:-1\" \/>\n<link rel=\"canonical\" href=\"https:\/\/fieam.org.br\/senai\/escola-senai-antonio-simoes-aperfeicoamento\/\" \/>\n<meta property=\"og:locale\" content=\"pt_BR\" \/>\n<meta property=\"og:type\" content=\"article\" \/>\n<meta property=\"og:title\" content=\"Escola SENAI Ant\u00f4nio Sim\u00f5es - Aperfei\u00e7oamento - SENAI\" \/>\n<meta property=\"og:description\" content=\"&#8211; Administrador de Redes Corporativa CISCO (M\u00f3dulos I,II,III e IV); &#8211; C\u00e1lculo de Incerteza; &#8211; Comandos El\u00e9tricos; &#8211; Controlador L\u00f3gico Program\u00e1vel B\u00e1sico; &#8211; Controlador L\u00f3gico Program\u00e1vel Avan\u00e7ado; &#8211; Controle Estat\u00edstico de Processo; &#8211; Dur\u00f4metro; &#8211; Inform\u00e1tica Avan\u00e7ada; &#8211; Medi\u00e7\u00e3o Tridimensional; &#8211; NR 10 Seguran\u00e7a em Instala\u00e7\u00f5es e Servi\u00e7os com Eletricidade; &#8211; NR 13 Operador de [&hellip;]\" \/>\n<meta property=\"og:url\" content=\"https:\/\/fieam.org.br\/senai\/escola-senai-antonio-simoes-aperfeicoamento\/\" \/>\n<meta property=\"og:site_name\" content=\"SENAI\" \/>\n<meta name=\"twitter:card\" content=\"summary_large_image\" \/>\n<script type=\"application\/ld+json\" class=\"yoast-schema-graph\">{\"@context\":\"https:\/\/schema.org\",\"@graph\":[{\"@type\":\"WebPage\",\"@id\":\"https:\/\/fieam.org.br\/senai\/escola-senai-antonio-simoes-aperfeicoamento\/\",\"url\":\"https:\/\/fieam.org.br\/senai\/escola-senai-antonio-simoes-aperfeicoamento\/\",\"name\":\"Escola SENAI Ant\u00f4nio Sim\u00f5es - Aperfei\u00e7oamento - SENAI\",\"isPartOf\":{\"@id\":\"https:\/\/fieam.org.br\/senai\/#website\"},\"datePublished\":\"2010-11-13T08:12:43+00:00\",\"breadcrumb\":{\"@id\":\"https:\/\/fieam.org.br\/senai\/escola-senai-antonio-simoes-aperfeicoamento\/#breadcrumb\"},\"inLanguage\":\"pt-BR\",\"potentialAction\":[{\"@type\":\"ReadAction\",\"target\":[\"https:\/\/fieam.org.br\/senai\/escola-senai-antonio-simoes-aperfeicoamento\/\"]}]},{\"@type\":\"BreadcrumbList\",\"@id\":\"https:\/\/fieam.org.br\/senai\/escola-senai-antonio-simoes-aperfeicoamento\/#breadcrumb\",\"itemListElement\":[{\"@type\":\"ListItem\",\"position\":1,\"name\":\"In\u00edcio\",\"item\":\"https:\/\/fieam.org.br\/senai\/\"},{\"@type\":\"ListItem\",\"position\":2,\"name\":\"Escola SENAI Ant\u00f4nio Sim\u00f5es &#8211; Aperfei\u00e7oamento\"}]},{\"@type\":\"WebSite\",\"@id\":\"https:\/\/fieam.org.br\/senai\/#website\",\"url\":\"https:\/\/fieam.org.br\/senai\/\",\"name\":\"SENAI\",\"description\":\"Site Oficial!\",\"publisher\":{\"@id\":\"https:\/\/fieam.org.br\/senai\/#organization\"},\"potentialAction\":[{\"@type\":\"SearchAction\",\"target\":{\"@type\":\"EntryPoint\",\"urlTemplate\":\"https:\/\/fieam.org.br\/senai\/?s={search_term_string}\"},\"query-input\":{\"@type\":\"PropertyValueSpecification\",\"valueRequired\":true,\"valueName\":\"search_term_string\"}}],\"inLanguage\":\"pt-BR\"},{\"@type\":\"Organization\",\"@id\":\"https:\/\/fieam.org.br\/senai\/#organization\",\"name\":\"SENAI\",\"url\":\"https:\/\/fieam.org.br\/senai\/\",\"logo\":{\"@type\":\"ImageObject\",\"inLanguage\":\"pt-BR\",\"@id\":\"https:\/\/fieam.org.br\/senai\/#\/schema\/logo\/image\/\",\"url\":\"https:\/\/fieam.org.br\/senai\/wp-content\/uploads\/sites\/16\/2024\/03\/cropped-fav.png\",\"contentUrl\":\"https:\/\/fieam.org.br\/senai\/wp-content\/uploads\/sites\/16\/2024\/03\/cropped-fav.png\",\"width\":592,\"height\":577,\"caption\":\"SENAI\"},\"image\":{\"@id\":\"https:\/\/fieam.org.br\/senai\/#\/schema\/logo\/image\/\"}}]}<\/script>\n<!-- \/ Yoast SEO plugin. -->","yoast_head_json":{"title":"Escola SENAI Ant\u00f4nio Sim\u00f5es - Aperfei\u00e7oamento - SENAI","robots":{"index":"index","follow":"follow","max-snippet":"max-snippet:-1","max-image-preview":"max-image-preview:large","max-video-preview":"max-video-preview:-1"},"canonical":"https:\/\/fieam.org.br\/senai\/escola-senai-antonio-simoes-aperfeicoamento\/","og_locale":"pt_BR","og_type":"article","og_title":"Escola SENAI Ant\u00f4nio Sim\u00f5es - Aperfei\u00e7oamento - SENAI","og_description":"&#8211; Administrador de Redes Corporativa CISCO (M\u00f3dulos I,II,III e IV); &#8211; C\u00e1lculo de Incerteza; &#8211; Comandos El\u00e9tricos; &#8211; Controlador L\u00f3gico Program\u00e1vel B\u00e1sico; &#8211; Controlador L\u00f3gico Program\u00e1vel Avan\u00e7ado; &#8211; Controle Estat\u00edstico de Processo; &#8211; Dur\u00f4metro; &#8211; Inform\u00e1tica Avan\u00e7ada; &#8211; Medi\u00e7\u00e3o Tridimensional; &#8211; NR 10 Seguran\u00e7a em Instala\u00e7\u00f5es e Servi\u00e7os com Eletricidade; &#8211; NR 13 Operador de [&hellip;]","og_url":"https:\/\/fieam.org.br\/senai\/escola-senai-antonio-simoes-aperfeicoamento\/","og_site_name":"SENAI","twitter_card":"summary_large_image","schema":{"@context":"https:\/\/schema.org","@graph":[{"@type":"WebPage","@id":"https:\/\/fieam.org.br\/senai\/escola-senai-antonio-simoes-aperfeicoamento\/","url":"https:\/\/fieam.org.br\/senai\/escola-senai-antonio-simoes-aperfeicoamento\/","name":"Escola SENAI Ant\u00f4nio Sim\u00f5es - Aperfei\u00e7oamento - SENAI","isPartOf":{"@id":"https:\/\/fieam.org.br\/senai\/#website"},"datePublished":"2010-11-13T08:12:43+00:00","breadcrumb":{"@id":"https:\/\/fieam.org.br\/senai\/escola-senai-antonio-simoes-aperfeicoamento\/#breadcrumb"},"inLanguage":"pt-BR","potentialAction":[{"@type":"ReadAction","target":["https:\/\/fieam.org.br\/senai\/escola-senai-antonio-simoes-aperfeicoamento\/"]}]},{"@type":"BreadcrumbList","@id":"https:\/\/fieam.org.br\/senai\/escola-senai-antonio-simoes-aperfeicoamento\/#breadcrumb","itemListElement":[{"@type":"ListItem","position":1,"name":"In\u00edcio","item":"https:\/\/fieam.org.br\/senai\/"},{"@type":"ListItem","position":2,"name":"Escola SENAI Ant\u00f4nio Sim\u00f5es &#8211; Aperfei\u00e7oamento"}]},{"@type":"WebSite","@id":"https:\/\/fieam.org.br\/senai\/#website","url":"https:\/\/fieam.org.br\/senai\/","name":"SENAI","description":"Site Oficial!","publisher":{"@id":"https:\/\/fieam.org.br\/senai\/#organization"},"potentialAction":[{"@type":"SearchAction","target":{"@type":"EntryPoint","urlTemplate":"https:\/\/fieam.org.br\/senai\/?s={search_term_string}"},"query-input":{"@type":"PropertyValueSpecification","valueRequired":true,"valueName":"search_term_string"}}],"inLanguage":"pt-BR"},{"@type":"Organization","@id":"https:\/\/fieam.org.br\/senai\/#organization","name":"SENAI","url":"https:\/\/fieam.org.br\/senai\/","logo":{"@type":"ImageObject","inLanguage":"pt-BR","@id":"https:\/\/fieam.org.br\/senai\/#\/schema\/logo\/image\/","url":"https:\/\/fieam.org.br\/senai\/wp-content\/uploads\/sites\/16\/2024\/03\/cropped-fav.png","contentUrl":"https:\/\/fieam.org.br\/senai\/wp-content\/uploads\/sites\/16\/2024\/03\/cropped-fav.png","width":592,"height":577,"caption":"SENAI"},"image":{"@id":"https:\/\/fieam.org.br\/senai\/#\/schema\/logo\/image\/"}}]}},"_links":{"self":[{"href":"https:\/\/fieam.org.br\/senai\/wp-json\/wp\/v2\/pages\/12203","targetHints":{"allow":["GET"]}}],"collection":[{"href":"https:\/\/fieam.org.br\/senai\/wp-json\/wp\/v2\/pages"}],"about":[{"href":"https:\/\/fieam.org.br\/senai\/wp-json\/wp\/v2\/types\/page"}],"author":[{"embeddable":true,"href":"https:\/\/fieam.org.br\/senai\/wp-json\/wp\/v2\/users\/1"}],"replies":[{"embeddable":true,"href":"https:\/\/fieam.org.br\/senai\/wp-json\/wp\/v2\/comments?post=12203"}],"version-history":[{"count":0,"href":"https:\/\/fieam.org.br\/senai\/wp-json\/wp\/v2\/pages\/12203\/revisions"}],"wp:attachment":[{"href":"https:\/\/fieam.org.br\/senai\/wp-json\/wp\/v2\/media?parent=12203"}],"curies":[{"name":"wp","href":"https:\/\/api.w.org\/{rel}","templated":true}]}}