{"id":12197,"date":"2010-11-13T08:04:00","date_gmt":"2010-11-13T08:04:00","guid":{"rendered":"http:\/\/www.fieam.org.br\/site\/senai\/"},"modified":"2010-11-13T08:04:00","modified_gmt":"2010-11-13T08:04:00","slug":"escola-senai-de-acoes-moveis-e-comunitarias-qualificacao","status":"publish","type":"page","link":"https:\/\/fieam.org.br\/senai\/escola-senai-de-acoes-moveis-e-comunitarias-qualificacao\/","title":{"rendered":"Escola SENAI de A\u00e7\u00f5es M\u00f3veis e Comunit\u00e1rias &#8211; Qualifica\u00e7\u00e3o"},"content":{"rendered":"<p>&#8211; Boas Pr\u00e1ticas de Refrigera\u00e7\u00e3o (PROKLIM);<br \/>\n&#8211; Confeiteiro de Bolos Art\u00edsticos;<br \/>\n&#8211; Confeiteiro Industrial;<br \/>\n&#8211; Cortador Industrial do Vestu\u00e1rio;<br \/>\n&#8211; Costureiro Industrial do Vestu\u00e1rio;<br \/>\n&#8211; Cozinheiro Dom\u00e9stico;<br \/>\n&#8211; Desenhista de M\u00f3veis;<br \/>\n&#8211; Educa\u00e7\u00e3o Alimentar (Sama\u00fama \u2013 Cozinha Brasil);<br \/>\n&#8211; Eletricista de Comandos El\u00e9tricos;<br \/>\n&#8211; Eletricista Instalador Residencial;<br \/>\n&#8211; Eletricista Manuten\u00e7\u00e3o Industrial;<br \/>\n&#8211; Higiene na Manipula\u00e7\u00e3o de Alimentos (Sama\u00fama);<br \/>\n&#8211; Higiene na Manipula\u00e7\u00e3o do Pescado (Sama\u00fama);<br \/>\n&#8211; Instalador Hidr\u00e1ulico Residencial;<br \/>\n&#8211; Lixador de Dutos;<br \/>\n&#8211; Marceneiro;<br \/>\n&#8211; Marceneiro de Pequenos Objetos de Madeira;<br \/>\n&#8211; Mec\u00e2nico de Motocicleta;<br \/>\n&#8211; Mec\u00e2nico de Motores a Diesel;<br \/>\n&#8211; Mec\u00e2nico de Motores de Popa;<br \/>\n&#8211; Mec\u00e2nico de Usinagem;<br \/>\n&#8211; Modelista Industrial do Vestu\u00e1rio;<br \/>\n&#8211; Modista Costureiro do Vestu\u00e1rio;<br \/>\n&#8211; Modista Costureiro do Vestu\u00e1rio;<br \/>\n&#8211; Montador de M\u00f3veis;<br \/>\n&#8211; Operador de CAD;<br \/>\n&#8211; Operador de Escavadeira;<br \/>\n&#8211; Operador de Microcomputador;<br \/>\n&#8211; Operador de Retro Escavadeira;<br \/>\n&#8211; Operador Motoniveladora;<br \/>\n&#8211; Padeiro;<br \/>\n&#8211; Pedreiro;<br \/>\n&#8211; Pintor de Obras;<br \/>\n&#8211; Reparador de Aparelho Condicionador de Ar (Janela e Split);<br \/>\n&#8211; Reparador de Aparelho Dom\u00e9stico de Refrigera\u00e7\u00e3o;<br \/>\n&#8211; Serralheiro;<br \/>\n&#8211; Soldador a Eletrodo Revestido.<\/p>\n","protected":false},"excerpt":{"rendered":"<p>&#8211; Boas Pr\u00e1ticas de Refrigera\u00e7\u00e3o (PROKLIM); &#8211; Confeiteiro de Bolos Art\u00edsticos; &#8211; Confeiteiro Industrial; &#8211; Cortador Industrial do Vestu\u00e1rio; &#8211; Costureiro Industrial do Vestu\u00e1rio; &#8211; Cozinheiro Dom\u00e9stico; &#8211; Desenhista de M\u00f3veis; &#8211; Educa\u00e7\u00e3o Alimentar (Sama\u00fama \u2013 Cozinha Brasil); &#8211; Eletricista de Comandos El\u00e9tricos; &#8211; Eletricista Instalador Residencial; &#8211; Eletricista Manuten\u00e7\u00e3o Industrial; &#8211; Higiene na Manipula\u00e7\u00e3o [&hellip;]<\/p>\n","protected":false},"author":1,"featured_media":0,"parent":0,"menu_order":0,"comment_status":"closed","ping_status":"closed","template":"","meta":{"footnotes":""},"class_list":["post-12197","page","type-page","status-publish","hentry"],"yoast_head":"<!-- This site is optimized with the Yoast SEO plugin v26.8 - https:\/\/yoast.com\/product\/yoast-seo-wordpress\/ -->\n<title>Escola SENAI de A\u00e7\u00f5es M\u00f3veis e Comunit\u00e1rias - Qualifica\u00e7\u00e3o - SENAI<\/title>\n<meta name=\"robots\" content=\"index, follow, max-snippet:-1, max-image-preview:large, max-video-preview:-1\" \/>\n<link rel=\"canonical\" href=\"https:\/\/fieam.org.br\/senai\/escola-senai-de-acoes-moveis-e-comunitarias-qualificacao\/\" \/>\n<meta property=\"og:locale\" content=\"pt_BR\" \/>\n<meta property=\"og:type\" content=\"article\" \/>\n<meta property=\"og:title\" content=\"Escola SENAI de A\u00e7\u00f5es M\u00f3veis e Comunit\u00e1rias - Qualifica\u00e7\u00e3o - SENAI\" \/>\n<meta property=\"og:description\" content=\"&#8211; Boas Pr\u00e1ticas de Refrigera\u00e7\u00e3o (PROKLIM); &#8211; Confeiteiro de Bolos Art\u00edsticos; &#8211; Confeiteiro Industrial; &#8211; Cortador Industrial do Vestu\u00e1rio; &#8211; Costureiro Industrial do Vestu\u00e1rio; &#8211; Cozinheiro Dom\u00e9stico; &#8211; Desenhista de M\u00f3veis; &#8211; Educa\u00e7\u00e3o Alimentar (Sama\u00fama \u2013 Cozinha Brasil); &#8211; Eletricista de Comandos El\u00e9tricos; &#8211; Eletricista Instalador Residencial; &#8211; Eletricista Manuten\u00e7\u00e3o Industrial; &#8211; Higiene na Manipula\u00e7\u00e3o [&hellip;]\" \/>\n<meta property=\"og:url\" content=\"https:\/\/fieam.org.br\/senai\/escola-senai-de-acoes-moveis-e-comunitarias-qualificacao\/\" \/>\n<meta property=\"og:site_name\" content=\"SENAI\" \/>\n<meta name=\"twitter:card\" content=\"summary_large_image\" \/>\n<meta name=\"twitter:label1\" content=\"Est. tempo de leitura\" \/>\n\t<meta name=\"twitter:data1\" content=\"1 minuto\" \/>\n<script type=\"application\/ld+json\" class=\"yoast-schema-graph\">{\"@context\":\"https:\/\/schema.org\",\"@graph\":[{\"@type\":\"WebPage\",\"@id\":\"https:\/\/fieam.org.br\/senai\/escola-senai-de-acoes-moveis-e-comunitarias-qualificacao\/\",\"url\":\"https:\/\/fieam.org.br\/senai\/escola-senai-de-acoes-moveis-e-comunitarias-qualificacao\/\",\"name\":\"Escola SENAI de A\u00e7\u00f5es M\u00f3veis e Comunit\u00e1rias - Qualifica\u00e7\u00e3o - SENAI\",\"isPartOf\":{\"@id\":\"https:\/\/fieam.org.br\/senai\/#website\"},\"datePublished\":\"2010-11-13T08:04:00+00:00\",\"breadcrumb\":{\"@id\":\"https:\/\/fieam.org.br\/senai\/escola-senai-de-acoes-moveis-e-comunitarias-qualificacao\/#breadcrumb\"},\"inLanguage\":\"pt-BR\",\"potentialAction\":[{\"@type\":\"ReadAction\",\"target\":[\"https:\/\/fieam.org.br\/senai\/escola-senai-de-acoes-moveis-e-comunitarias-qualificacao\/\"]}]},{\"@type\":\"BreadcrumbList\",\"@id\":\"https:\/\/fieam.org.br\/senai\/escola-senai-de-acoes-moveis-e-comunitarias-qualificacao\/#breadcrumb\",\"itemListElement\":[{\"@type\":\"ListItem\",\"position\":1,\"name\":\"In\u00edcio\",\"item\":\"https:\/\/fieam.org.br\/senai\/\"},{\"@type\":\"ListItem\",\"position\":2,\"name\":\"Escola SENAI de A\u00e7\u00f5es M\u00f3veis e Comunit\u00e1rias &#8211; Qualifica\u00e7\u00e3o\"}]},{\"@type\":\"WebSite\",\"@id\":\"https:\/\/fieam.org.br\/senai\/#website\",\"url\":\"https:\/\/fieam.org.br\/senai\/\",\"name\":\"SENAI\",\"description\":\"Site Oficial!\",\"publisher\":{\"@id\":\"https:\/\/fieam.org.br\/senai\/#organization\"},\"potentialAction\":[{\"@type\":\"SearchAction\",\"target\":{\"@type\":\"EntryPoint\",\"urlTemplate\":\"https:\/\/fieam.org.br\/senai\/?s={search_term_string}\"},\"query-input\":{\"@type\":\"PropertyValueSpecification\",\"valueRequired\":true,\"valueName\":\"search_term_string\"}}],\"inLanguage\":\"pt-BR\"},{\"@type\":\"Organization\",\"@id\":\"https:\/\/fieam.org.br\/senai\/#organization\",\"name\":\"SENAI\",\"url\":\"https:\/\/fieam.org.br\/senai\/\",\"logo\":{\"@type\":\"ImageObject\",\"inLanguage\":\"pt-BR\",\"@id\":\"https:\/\/fieam.org.br\/senai\/#\/schema\/logo\/image\/\",\"url\":\"https:\/\/fieam.org.br\/senai\/wp-content\/uploads\/sites\/16\/2024\/03\/cropped-fav.png\",\"contentUrl\":\"https:\/\/fieam.org.br\/senai\/wp-content\/uploads\/sites\/16\/2024\/03\/cropped-fav.png\",\"width\":592,\"height\":577,\"caption\":\"SENAI\"},\"image\":{\"@id\":\"https:\/\/fieam.org.br\/senai\/#\/schema\/logo\/image\/\"}}]}<\/script>\n<!-- \/ Yoast SEO plugin. -->","yoast_head_json":{"title":"Escola SENAI de A\u00e7\u00f5es M\u00f3veis e Comunit\u00e1rias - Qualifica\u00e7\u00e3o - SENAI","robots":{"index":"index","follow":"follow","max-snippet":"max-snippet:-1","max-image-preview":"max-image-preview:large","max-video-preview":"max-video-preview:-1"},"canonical":"https:\/\/fieam.org.br\/senai\/escola-senai-de-acoes-moveis-e-comunitarias-qualificacao\/","og_locale":"pt_BR","og_type":"article","og_title":"Escola SENAI de A\u00e7\u00f5es M\u00f3veis e Comunit\u00e1rias - Qualifica\u00e7\u00e3o - SENAI","og_description":"&#8211; Boas Pr\u00e1ticas de Refrigera\u00e7\u00e3o (PROKLIM); &#8211; Confeiteiro de Bolos Art\u00edsticos; &#8211; Confeiteiro Industrial; &#8211; Cortador Industrial do Vestu\u00e1rio; &#8211; Costureiro Industrial do Vestu\u00e1rio; &#8211; Cozinheiro Dom\u00e9stico; &#8211; Desenhista de M\u00f3veis; &#8211; Educa\u00e7\u00e3o Alimentar (Sama\u00fama \u2013 Cozinha Brasil); &#8211; Eletricista de Comandos El\u00e9tricos; &#8211; Eletricista Instalador Residencial; &#8211; Eletricista Manuten\u00e7\u00e3o Industrial; &#8211; Higiene na Manipula\u00e7\u00e3o [&hellip;]","og_url":"https:\/\/fieam.org.br\/senai\/escola-senai-de-acoes-moveis-e-comunitarias-qualificacao\/","og_site_name":"SENAI","twitter_card":"summary_large_image","twitter_misc":{"Est. tempo de leitura":"1 minuto"},"schema":{"@context":"https:\/\/schema.org","@graph":[{"@type":"WebPage","@id":"https:\/\/fieam.org.br\/senai\/escola-senai-de-acoes-moveis-e-comunitarias-qualificacao\/","url":"https:\/\/fieam.org.br\/senai\/escola-senai-de-acoes-moveis-e-comunitarias-qualificacao\/","name":"Escola SENAI de A\u00e7\u00f5es M\u00f3veis e Comunit\u00e1rias - Qualifica\u00e7\u00e3o - SENAI","isPartOf":{"@id":"https:\/\/fieam.org.br\/senai\/#website"},"datePublished":"2010-11-13T08:04:00+00:00","breadcrumb":{"@id":"https:\/\/fieam.org.br\/senai\/escola-senai-de-acoes-moveis-e-comunitarias-qualificacao\/#breadcrumb"},"inLanguage":"pt-BR","potentialAction":[{"@type":"ReadAction","target":["https:\/\/fieam.org.br\/senai\/escola-senai-de-acoes-moveis-e-comunitarias-qualificacao\/"]}]},{"@type":"BreadcrumbList","@id":"https:\/\/fieam.org.br\/senai\/escola-senai-de-acoes-moveis-e-comunitarias-qualificacao\/#breadcrumb","itemListElement":[{"@type":"ListItem","position":1,"name":"In\u00edcio","item":"https:\/\/fieam.org.br\/senai\/"},{"@type":"ListItem","position":2,"name":"Escola SENAI de A\u00e7\u00f5es M\u00f3veis e Comunit\u00e1rias &#8211; Qualifica\u00e7\u00e3o"}]},{"@type":"WebSite","@id":"https:\/\/fieam.org.br\/senai\/#website","url":"https:\/\/fieam.org.br\/senai\/","name":"SENAI","description":"Site Oficial!","publisher":{"@id":"https:\/\/fieam.org.br\/senai\/#organization"},"potentialAction":[{"@type":"SearchAction","target":{"@type":"EntryPoint","urlTemplate":"https:\/\/fieam.org.br\/senai\/?s={search_term_string}"},"query-input":{"@type":"PropertyValueSpecification","valueRequired":true,"valueName":"search_term_string"}}],"inLanguage":"pt-BR"},{"@type":"Organization","@id":"https:\/\/fieam.org.br\/senai\/#organization","name":"SENAI","url":"https:\/\/fieam.org.br\/senai\/","logo":{"@type":"ImageObject","inLanguage":"pt-BR","@id":"https:\/\/fieam.org.br\/senai\/#\/schema\/logo\/image\/","url":"https:\/\/fieam.org.br\/senai\/wp-content\/uploads\/sites\/16\/2024\/03\/cropped-fav.png","contentUrl":"https:\/\/fieam.org.br\/senai\/wp-content\/uploads\/sites\/16\/2024\/03\/cropped-fav.png","width":592,"height":577,"caption":"SENAI"},"image":{"@id":"https:\/\/fieam.org.br\/senai\/#\/schema\/logo\/image\/"}}]}},"_links":{"self":[{"href":"https:\/\/fieam.org.br\/senai\/wp-json\/wp\/v2\/pages\/12197","targetHints":{"allow":["GET"]}}],"collection":[{"href":"https:\/\/fieam.org.br\/senai\/wp-json\/wp\/v2\/pages"}],"about":[{"href":"https:\/\/fieam.org.br\/senai\/wp-json\/wp\/v2\/types\/page"}],"author":[{"embeddable":true,"href":"https:\/\/fieam.org.br\/senai\/wp-json\/wp\/v2\/users\/1"}],"replies":[{"embeddable":true,"href":"https:\/\/fieam.org.br\/senai\/wp-json\/wp\/v2\/comments?post=12197"}],"version-history":[{"count":0,"href":"https:\/\/fieam.org.br\/senai\/wp-json\/wp\/v2\/pages\/12197\/revisions"}],"wp:attachment":[{"href":"https:\/\/fieam.org.br\/senai\/wp-json\/wp\/v2\/media?parent=12197"}],"curies":[{"name":"wp","href":"https:\/\/api.w.org\/{rel}","templated":true}]}}

Escola SENAI de Ações Móveis e Comunitárias &#8211; Qualificação

<p>&#8211; Boas Práticas de Refrigeração (PROKLIM);<br />
&#8211; Confeiteiro de Bolos Artísticos;<br />
&#8211; Confeiteiro Industrial;<br />
&#8211; Cortador Industrial do Vestuário;<br />
&#8211; Costureiro Industrial do Vestuário;<br />
&#8211; Cozinheiro Doméstico;<br />
&#8211; Desenhista de Móveis;<br />
&#8211; Educação Alimentar (Samaúma – Cozinha Brasil);<br />
&#8211; Eletricista de Comandos Elétricos;<br />
&#8211; Eletricista Instalador Residencial;<br />
&#8211; Eletricista Manutenção Industrial;<br />
&#8211; Higiene na Manipulação de Alimentos (Samaúma);<br />
&#8211; Higiene na Manipulação do Pescado (Samaúma);<br />
&#8211; Instalador Hidráulico Residencial;<br />
&#8211; Lixador de Dutos;<br />
&#8211; Marceneiro;<br />
&#8211; Marceneiro de Pequenos Objetos de Madeira;<br />
&#8211; Mecânico de Motocicleta;<br />
&#8211; Mecânico de Motores a Diesel;<br />
&#8211; Mecânico de Motores de Popa;<br />
&#8211; Mecânico de Usinagem;<br />
&#8211; Modelista Industrial do Vestuário;<br />
&#8211; Modista Costureiro do Vestuário;<br />
&#8211; Modista Costureiro do Vestuário;<br />
&#8211; Montador de Móveis;<br />
&#8211; Operador de CAD;<br />
&#8211; Operador de Escavadeira;<br />
&#8211; Operador de Microcomputador;<br />
&#8211; Operador de Retro Escavadeira;<br />
&#8211; Operador Motoniveladora;<br />
&#8211; Padeiro;<br />
&#8211; Pedreiro;<br />
&#8211; Pintor de Obras;<br />
&#8211; Reparador de Aparelho Condicionador de Ar (Janela e Split);<br />
&#8211; Reparador de Aparelho Doméstico de Refrigeração;<br />
&#8211; Serralheiro;<br />
&#8211; Soldador a Eletrodo Revestido.</p>

<p>&#8211; Boas Práticas de Refrigeração (PROKLIM); &#8211; Confeiteiro de Bolos Artísticos; &#8211; Confeiteiro Industrial; &#8211; Cortador Industrial do Vestuário; &#8211; Costureiro Industrial do Vestuário; &#8211; Cozinheiro Doméstico; &#8211; Desenhista de Móveis; &#8211; Educação Alimentar (Samaúma – Cozinha Brasil); &#8211; Eletricista de Comandos Elétricos; &#8211; Eletricista Instalador Residencial; &#8211; Eletricista Manutenção Industrial; &#8211; Higiene na Manipulação [&hellip;]</p>

<!-- This site is optimized with the Yoast SEO plugin v26.8 - https://yoast.com/product/yoast-seo-wordpress/ -->
<title>Escola SENAI de Ações Móveis e Comunitárias - Qualificação - SENAI</title>
<meta name="robots" content="index, follow, max-snippet:-1, max-image-preview:large, max-video-preview:-1" />
<link rel="canonical" href="https://fieam.org.br/senai/escola-senai-de-acoes-moveis-e-comunitarias-qualificacao/" />
<meta property="og:locale" content="pt_BR" />
<meta property="og:type" content="article" />
<meta property="og:title" content="Escola SENAI de Ações Móveis e Comunitárias - Qualificação - SENAI" />
<meta property="og:description" content="&#8211; Boas Práticas de Refrigeração (PROKLIM); &#8211; Confeiteiro de Bolos Artísticos; &#8211; Confeiteiro Industrial; &#8211; Cortador Industrial do Vestuário; &#8211; Costureiro Industrial do Vestuário; &#8211; Cozinheiro Doméstico; &#8211; Desenhista de Móveis; &#8211; Educação Alimentar (Samaúma – Cozinha Brasil); &#8211; Eletricista de Comandos Elétricos; &#8211; Eletricista Instalador Residencial; &#8211; Eletricista Manutenção Industrial; &#8211; Higiene na Manipulação [&hellip;]" />
<meta property="og:url" content="https://fieam.org.br/senai/escola-senai-de-acoes-moveis-e-comunitarias-qualificacao/" />
<meta property="og:site_name" content="SENAI" />
<meta name="twitter:card" content="summary_large_image" />
<meta name="twitter:label1" content="Est. tempo de leitura" />
	<meta name="twitter:data1" content="1 minuto" />
<script type="application/ld+json" class="yoast-schema-graph">{"@context":"https://schema.org","@graph":[{"@type":"WebPage","@id":"https://fieam.org.br/senai/escola-senai-de-acoes-moveis-e-comunitarias-qualificacao/","url":"https://fieam.org.br/senai/escola-senai-de-acoes-moveis-e-comunitarias-qualificacao/","name":"Escola SENAI de Ações Móveis e Comunitárias - Qualificação - SENAI","isPartOf":{"@id":"https://fieam.org.br/senai/#website"},"datePublished":"2010-11-13T08:04:00+00:00","breadcrumb":{"@id":"https://fieam.org.br/senai/escola-senai-de-acoes-moveis-e-comunitarias-qualificacao/#breadcrumb"},"inLanguage":"pt-BR","potentialAction":[{"@type":"ReadAction","target":["https://fieam.org.br/senai/escola-senai-de-acoes-moveis-e-comunitarias-qualificacao/"]}]},{"@type":"BreadcrumbList","@id":"https://fieam.org.br/senai/escola-senai-de-acoes-moveis-e-comunitarias-qualificacao/#breadcrumb","itemListElement":[{"@type":"ListItem","position":1,"name":"Início","item":"https://fieam.org.br/senai/"},{"@type":"ListItem","position":2,"name":"Escola SENAI de Ações Móveis e Comunitárias &#8211; Qualificação"}]},{"@type":"WebSite","@id":"https://fieam.org.br/senai/#website","url":"https://fieam.org.br/senai/","name":"SENAI","description":"Site Oficial!","publisher":{"@id":"https://fieam.org.br/senai/#organization"},"potentialAction":[{"@type":"SearchAction","target":{"@type":"EntryPoint","urlTemplate":"https://fieam.org.br/senai/?s={search_term_string}"},"query-input":{"@type":"PropertyValueSpecification","valueRequired":true,"valueName":"search_term_string"}}],"inLanguage":"pt-BR"},{"@type":"Organization","@id":"https://fieam.org.br/senai/#organization","name":"SENAI","url":"https://fieam.org.br/senai/","logo":{"@type":"ImageObject","inLanguage":"pt-BR","@id":"https://fieam.org.br/senai/#/schema/logo/image/","url":"https://fieam.org.br/senai/wp-content/uploads/sites/16/2024/03/cropped-fav.png","contentUrl":"https://fieam.org.br/senai/wp-content/uploads/sites/16/2024/03/cropped-fav.png","width":592,"height":577,"caption":"SENAI"},"image":{"@id":"https://fieam.org.br/senai/#/schema/logo/image/"}}]}</script>
<!-- / Yoast SEO plugin. -->

Escola SENAI de Ações Móveis e Comunitárias - Qualificação - SENAI

&#8211; Boas Práticas de Refrigeração (PROKLIM); &#8211; Confeiteiro de Bolos Artísticos; &#8211; Confeiteiro Industrial; &#8211; Cortador Industrial do Vestuário; &#8211; Costureiro Industrial do Vestuário; &#8211; Cozinheiro Doméstico; &#8211; Desenhista de Móveis; &#8211; Educação Alimentar (Samaúma – Cozinha Brasil); &#8211; Eletricista de Comandos Elétricos; &#8211; Eletricista Instalador Residencial; &#8211; Eletricista Manutenção Industrial; &#8211; Higiene na Manipulação [&hellip;]

Início
