{"id":14960,"date":"2010-10-20T14:53:55","date_gmt":"2010-10-20T14:53:55","guid":{"rendered":"http:\/\/www.fieam.org.br\/site\/fieam\/"},"modified":"2024-03-07T16:40:17","modified_gmt":"2024-03-07T16:40:17","slug":"dampi-treinamento","status":"publish","type":"page","link":"https:\/\/fieam.org.br\/fieam\/dampi-treinamento\/","title":{"rendered":"DAMPI &#8211; Treinamento"},"content":{"rendered":"\t\t<div data-elementor-type=\"wp-page\" data-elementor-id=\"14960\" class=\"elementor elementor-14960\" data-elementor-post-type=\"page\">\n\t\t\t\t\t\t<section class=\"elementor-section elementor-top-section elementor-element elementor-element-2c35aa4 elementor-section-boxed elementor-section-height-default elementor-section-height-default\" data-id=\"2c35aa4\" data-element_type=\"section\" data-settings=\"{&quot;background_background&quot;:&quot;classic&quot;,&quot;ekit_has_onepagescroll_dot&quot;:&quot;yes&quot;}\">\n\t\t\t\t\t\t\t<div class=\"elementor-background-overlay\"><\/div>\n\t\t\t\t\t\t\t<div class=\"elementor-container elementor-column-gap-default\">\n\t\t\t\t\t<div class=\"elementor-column elementor-col-100 elementor-top-column elementor-element elementor-element-30812be\" data-id=\"30812be\" data-element_type=\"column\">\n\t\t\t<div class=\"elementor-widget-wrap elementor-element-populated\">\n\t\t\t\t\t\t<div class=\"elementor-element elementor-element-12d7cc1 elementor-widget__width-auto elementor-invisible elementor-widget elementor-widget-image\" data-id=\"12d7cc1\" data-element_type=\"widget\" data-settings=\"{&quot;_animation&quot;:&quot;rotateIn&quot;,&quot;_animation_delay&quot;:720,&quot;ekit_we_effect_on&quot;:&quot;none&quot;}\" data-widget_type=\"image.default\">\n\t\t\t\t<div class=\"elementor-widget-container\">\n\t\t\t\t\t\t\t\t\t\t\t\t\t\t\t<img decoding=\"async\" width=\"45\" height=\"38\" src=\"https:\/\/fieam.org.br\/fieam\/wp-content\/uploads\/sites\/9\/2024\/02\/setas.png\" class=\"attachment-full size-full wp-image-4668\" alt=\"\" \/>\t\t\t\t\t\t\t\t\t\t\t\t\t\t\t<\/div>\n\t\t\t\t<\/div>\n\t\t\t\t<div class=\"elementor-element elementor-element-65a3fe8 elementor-invisible elementor-widget elementor-widget-heading\" data-id=\"65a3fe8\" data-element_type=\"widget\" data-settings=\"{&quot;_animation&quot;:&quot;fadeInDown&quot;,&quot;ekit_we_effect_on&quot;:&quot;none&quot;}\" data-widget_type=\"heading.default\">\n\t\t\t\t<div class=\"elementor-widget-container\">\n\t\t\t\t\t<h2 class=\"elementor-heading-title elementor-size-default\">DAMPI - Treinamento<\/h2>\t\t\t\t<\/div>\n\t\t\t\t<\/div>\n\t\t\t\t<div class=\"elementor-element elementor-element-d14c314 elementor-invisible elementor-widget elementor-widget-heading\" data-id=\"d14c314\" data-element_type=\"widget\" data-settings=\"{&quot;_animation&quot;:&quot;fadeInUp&quot;,&quot;ekit_we_effect_on&quot;:&quot;none&quot;}\" data-widget_type=\"heading.default\">\n\t\t\t\t<div class=\"elementor-widget-container\">\n\t\t\t\t\t<div class=\"elementor-heading-title elementor-size-default\">Sistema Federa\u00e7\u00e3o das Ind\u00fastrias do Estado do Amazonas. <\/div>\t\t\t\t<\/div>\n\t\t\t\t<\/div>\n\t\t\t\t\t<\/div>\n\t\t<\/div>\n\t\t\t\t\t<\/div>\n\t\t<\/section>\n\t\t<div class=\"elementor-element elementor-element-6dbfb598 e-flex e-con-boxed e-con e-parent\" data-id=\"6dbfb598\" data-element_type=\"container\" data-settings=\"{&quot;ekit_has_onepagescroll_dot&quot;:&quot;yes&quot;}\">\n\t\t\t\t\t<div class=\"e-con-inner\">\n\t\t\t\t<div class=\"elementor-element elementor-element-21780609 elementor-widget elementor-widget-text-editor\" data-id=\"21780609\" data-element_type=\"widget\" data-settings=\"{&quot;ekit_we_effect_on&quot;:&quot;none&quot;}\" data-widget_type=\"text-editor.default\">\n\t\t\t\t<div class=\"elementor-widget-container\">\n\t\t\t\t\t\t\t\t\t<p>\u00a0<\/p><p>\u00a0<\/p><p>Nas \u00e1reas de Recursos Humanos e Atendimento ao Cliente, Com\u00e9rcio Exterior, Qualidade e Meio Ambiente, Ger\u00eancia, Administra\u00e7\u00e3o de Compras e Suprimentos, Produ\u00e7\u00e3o, Secretariado, Fiscal e Finan\u00e7as, Manuten\u00e7\u00e3o e Eletricidade.<\/p><p><strong>\u2022\u00a0Recursos Humanos e Atendimento ao Cliente<br \/><\/strong>Cursos na \u00e1rea de Gest\u00e3o de Pessoas, abrangendo desde administra\u00e7\u00e3o do tempo at\u00e9 t\u00e9cnicas de comunica\u00e7\u00e3o para apresenta\u00e7\u00e3o em p\u00fablico.<\/p><p>A quem se destina: empresas, profissionais e interessados pela \u00e1rea.<\/p><p><strong>\u2022\u00a0Com\u00e9rcio Exterior<br \/><\/strong>Conhecimentos em t\u00e9cnicas de compra e venda dos produtos e servi\u00e7os, estrat\u00e9gias de neg\u00f3cio e marketing no ambiente empresarial ou governamental estrangeiro.<\/p><p>A quem se destina: empresas, analistas de Log\u00edstica, Marketing e Neg\u00f3cios, operador de Importa\u00e7\u00e3o e Exporta\u00e7\u00e3o, profissionais de \u00e1reas afins e interessados pelo tema.<\/p><p><strong>\u2022\u00a0Qualidade e Meio Ambiente<br \/><\/strong>Capacita\u00e7\u00f5es que envolvem todo o processo de qualidade no macro e micro ambientes das organiza\u00e7\u00f5es, englobando interpreta\u00e7\u00f5es de normas, gerenciamento de res\u00edduos, inspe\u00e7\u00e3o e auditoria interna.<\/p><p>A quem se destina: Empresas, profissionais e interessados pela \u00e1rea.<\/p><p><strong>\u2022\u00a0Ger\u00eancia<br \/><\/strong>Cursos voltados ao gerenciamento organizacional como an\u00e1lise de problemas, lideran\u00e7a, planejamento estrat\u00e9gico e t\u00e9cnica de negocia\u00e7\u00e3o.<\/p><p>A quem se destina: empresas, administradores, assistentes e profissionais de \u00e1reas afins.<\/p><p><strong>\u2022\u00a0Administra\u00e7\u00e3o de Compras e Suprimentos<br \/><\/strong>Conhecimentos no processo de compras e suprimentos, propiciando an\u00e1lise sobre a aplicabilidade das t\u00e9cnicas de administra\u00e7\u00e3o, log\u00edstica e controle de estoque.<\/p><p>A quem se destina: empresas, supervisores de Almoxarifado, almoxarifes, auditores internos de estoques, profissionais de \u00e1reas afins e interessados pelo tema.<\/p><p><strong>\u2022\u00a0Produ\u00e7\u00e3o<br \/><\/strong>Capacita\u00e7\u00f5es voltadas ao processo industrial no macro e micro ambientes das organiza\u00e7\u00f5es.<br \/>A quem se destina: empresas, administradores, assistentes, engenheiros e profissionais de \u00e1reas afins.<\/p><p><strong>\u2022\u00a0Secretariado<br \/><\/strong>Os cursos s\u00e3o voltados \u00e0 atualiza\u00e7\u00e3o gramatical, reda\u00e7\u00e3o empresarial e oficial, abrangendo o contexto administrativo e organizacional.<\/p><p>A quem se destina: Profissionais e interessados pela \u00e1rea.<\/p><p><strong>\u2022\u00a0 Fiscal e Finan\u00e7as<br \/><\/strong>Conhecimentos em contabilidade b\u00e1sica e matem\u00e1tica financeira.<\/p><p>A quem se destina: Contadores, Administradores, Economistas, profissionais de \u00e1reas afins e interessados pela tem\u00e1tica.<\/p><p><strong>\u2022\u00a0Manuten\u00e7\u00e3o<br \/><\/strong>Os cursos consistem no acompanhamento peri\u00f3dico de equipamentos, conhecimentos em lubrifica\u00e7\u00e3o, ajustes, ferramentaria, an\u00e1lise de dados coletados por meio da monitora\u00e7\u00e3o e inspe\u00e7\u00f5es em campo.<\/p><p>A quem se destina: empresas, profissionais e interessados pela \u00e1rea.<\/p><p><strong>\u2022\u00a0Eletricidade<br \/><\/strong>Conhecimentos em eletricidade, envolvendo sua aplicabilidade, seguran\u00e7a e normas.<br \/>A quem se destina: engenheiros eletricistas, eletricistas, t\u00e9cnicos de Seguran\u00e7a do Trabalho, engenheiros de Seguran\u00e7a do Trabalho, gestores de Manuten\u00e7\u00e3o, empresas e interessados pela \u00e1rea.<\/p><p>Treinamento Aberto realizado nas instala\u00e7\u00f5es da FIEAM\/DAMPI, que disp\u00f5e salas com data show, som, ar refrigerado e material did\u00e1tico. Os cursos incluem tamb\u00e9m coffee-break e certifica\u00e7\u00e3o aos participantes.<\/p><p>Treinamento In Company \u2013 Programa personalizado no ambiente organizacional com certifica\u00e7\u00e3o ao final do curso.<\/p><p><strong>Consultorias<br \/><\/strong>ISO 9001:2000<br \/>ISO 14001:2004<br \/>ISO 18001:2004<br \/>Implanta\u00e7\u00e3o de 5S<\/p><p>\u00a0<\/p><p><strong>Informa\u00e7\u00f5es e Reservas:<\/strong><br \/><strong>3233-1013 \/ 3233-5395<\/strong><\/p><p><strong>graca.emiliano<span class=\"atwho-query\">@fieam.org.br<\/span><\/strong><\/p><p>\u00a0<\/p><p>\u00a0<\/p><p>\u00a0<\/p>\t\t\t\t\t\t\t\t<\/div>\n\t\t\t\t<\/div>\n\t\t\t\t\t<\/div>\n\t\t\t\t<\/div>\n\t\t\t\t<\/div>\n\t\t","protected":false},"excerpt":{"rendered":"<p>DAMPI &#8211; Treinamento Sistema Federa\u00e7\u00e3o das Ind\u00fastrias do Estado do Amazonas. \u00a0 \u00a0 Nas \u00e1reas de Recursos Humanos e Atendimento ao Cliente, Com\u00e9rcio Exterior, Qualidade e Meio Ambiente, Ger\u00eancia, Administra\u00e7\u00e3o de Compras e Suprimentos, Produ\u00e7\u00e3o, Secretariado, Fiscal e Finan\u00e7as, Manuten\u00e7\u00e3o e Eletricidade. \u2022\u00a0Recursos Humanos e Atendimento ao ClienteCursos na \u00e1rea de Gest\u00e3o de Pessoas, abrangendo [&hellip;]<\/p>\n","protected":false},"author":1,"featured_media":0,"parent":0,"menu_order":0,"comment_status":"closed","ping_status":"open","template":"","meta":{"footnotes":""},"class_list":["post-14960","page","type-page","status-publish","hentry"],"yoast_head":"<!-- This site is optimized with the Yoast SEO plugin v26.8 - https:\/\/yoast.com\/product\/yoast-seo-wordpress\/ -->\n<title>DAMPI - Treinamento - FIEAM<\/title>\n<meta name=\"robots\" content=\"index, follow, max-snippet:-1, max-image-preview:large, max-video-preview:-1\" \/>\n<link rel=\"canonical\" href=\"https:\/\/fieam.org.br\/fieam\/dampi-treinamento\/\" \/>\n<meta property=\"og:locale\" content=\"pt_BR\" \/>\n<meta property=\"og:type\" content=\"article\" \/>\n<meta property=\"og:title\" content=\"DAMPI - Treinamento - FIEAM\" \/>\n<meta property=\"og:description\" content=\"DAMPI &#8211; Treinamento Sistema Federa\u00e7\u00e3o das Ind\u00fastrias do Estado do Amazonas. \u00a0 \u00a0 Nas \u00e1reas de Recursos Humanos e Atendimento ao Cliente, Com\u00e9rcio Exterior, Qualidade e Meio Ambiente, Ger\u00eancia, Administra\u00e7\u00e3o de Compras e Suprimentos, Produ\u00e7\u00e3o, Secretariado, Fiscal e Finan\u00e7as, Manuten\u00e7\u00e3o e Eletricidade. \u2022\u00a0Recursos Humanos e Atendimento ao ClienteCursos na \u00e1rea de Gest\u00e3o de Pessoas, abrangendo [&hellip;]\" \/>\n<meta property=\"og:url\" content=\"https:\/\/fieam.org.br\/fieam\/dampi-treinamento\/\" \/>\n<meta property=\"og:site_name\" content=\"FIEAM\" \/>\n<meta property=\"article:modified_time\" content=\"2024-03-07T16:40:17+00:00\" \/>\n<meta property=\"og:image\" content=\"https:\/\/fieam.org.br\/fieam\/wp-content\/uploads\/sites\/9\/2024\/02\/setas.png\" \/>\n\t<meta property=\"og:image:width\" content=\"45\" \/>\n\t<meta property=\"og:image:height\" content=\"38\" \/>\n\t<meta property=\"og:image:type\" content=\"image\/png\" \/>\n<meta name=\"twitter:card\" content=\"summary_large_image\" \/>\n<meta name=\"twitter:label1\" content=\"Est. tempo de leitura\" \/>\n\t<meta name=\"twitter:data1\" content=\"3 minutos\" \/>\n<script type=\"application\/ld+json\" class=\"yoast-schema-graph\">{\"@context\":\"https:\/\/schema.org\",\"@graph\":[{\"@type\":\"WebPage\",\"@id\":\"https:\/\/fieam.org.br\/fieam\/dampi-treinamento\/\",\"url\":\"https:\/\/fieam.org.br\/fieam\/dampi-treinamento\/\",\"name\":\"DAMPI - Treinamento - FIEAM\",\"isPartOf\":{\"@id\":\"https:\/\/fieam.org.br\/fieam\/#website\"},\"primaryImageOfPage\":{\"@id\":\"https:\/\/fieam.org.br\/fieam\/dampi-treinamento\/#primaryimage\"},\"image\":{\"@id\":\"https:\/\/fieam.org.br\/fieam\/dampi-treinamento\/#primaryimage\"},\"thumbnailUrl\":\"https:\/\/fieam.org.br\/fieam\/wp-content\/uploads\/sites\/9\/2024\/02\/setas.png\",\"datePublished\":\"2010-10-20T14:53:55+00:00\",\"dateModified\":\"2024-03-07T16:40:17+00:00\",\"breadcrumb\":{\"@id\":\"https:\/\/fieam.org.br\/fieam\/dampi-treinamento\/#breadcrumb\"},\"inLanguage\":\"pt-BR\",\"potentialAction\":[{\"@type\":\"ReadAction\",\"target\":[\"https:\/\/fieam.org.br\/fieam\/dampi-treinamento\/\"]}]},{\"@type\":\"ImageObject\",\"inLanguage\":\"pt-BR\",\"@id\":\"https:\/\/fieam.org.br\/fieam\/dampi-treinamento\/#primaryimage\",\"url\":\"https:\/\/fieam.org.br\/fieam\/wp-content\/uploads\/sites\/9\/2024\/02\/setas.png\",\"contentUrl\":\"https:\/\/fieam.org.br\/fieam\/wp-content\/uploads\/sites\/9\/2024\/02\/setas.png\",\"width\":45,\"height\":38},{\"@type\":\"BreadcrumbList\",\"@id\":\"https:\/\/fieam.org.br\/fieam\/dampi-treinamento\/#breadcrumb\",\"itemListElement\":[{\"@type\":\"ListItem\",\"position\":1,\"name\":\"In\u00edcio\",\"item\":\"https:\/\/fieam.org.br\/fieam\/\"},{\"@type\":\"ListItem\",\"position\":2,\"name\":\"DAMPI &#8211; Treinamento\"}]},{\"@type\":\"WebSite\",\"@id\":\"https:\/\/fieam.org.br\/fieam\/#website\",\"url\":\"https:\/\/fieam.org.br\/fieam\/\",\"name\":\"FIEAM\",\"description\":\"Site Oficial!\",\"publisher\":{\"@id\":\"https:\/\/fieam.org.br\/fieam\/#organization\"},\"potentialAction\":[{\"@type\":\"SearchAction\",\"target\":{\"@type\":\"EntryPoint\",\"urlTemplate\":\"https:\/\/fieam.org.br\/fieam\/?s={search_term_string}\"},\"query-input\":{\"@type\":\"PropertyValueSpecification\",\"valueRequired\":true,\"valueName\":\"search_term_string\"}}],\"inLanguage\":\"pt-BR\"},{\"@type\":\"Organization\",\"@id\":\"https:\/\/fieam.org.br\/fieam\/#organization\",\"name\":\"FIEAM\",\"url\":\"https:\/\/fieam.org.br\/fieam\/\",\"logo\":{\"@type\":\"ImageObject\",\"inLanguage\":\"pt-BR\",\"@id\":\"https:\/\/fieam.org.br\/fieam\/#\/schema\/logo\/image\/\",\"url\":\"https:\/\/fieam.org.br\/fieam\/wp-content\/uploads\/sites\/9\/2024\/03\/cropped-fav.png\",\"contentUrl\":\"https:\/\/fieam.org.br\/fieam\/wp-content\/uploads\/sites\/9\/2024\/03\/cropped-fav.png\",\"width\":597,\"height\":598,\"caption\":\"FIEAM\"},\"image\":{\"@id\":\"https:\/\/fieam.org.br\/fieam\/#\/schema\/logo\/image\/\"}}]}<\/script>\n<!-- \/ Yoast SEO plugin. -->","yoast_head_json":{"title":"DAMPI - Treinamento - FIEAM","robots":{"index":"index","follow":"follow","max-snippet":"max-snippet:-1","max-image-preview":"max-image-preview:large","max-video-preview":"max-video-preview:-1"},"canonical":"https:\/\/fieam.org.br\/fieam\/dampi-treinamento\/","og_locale":"pt_BR","og_type":"article","og_title":"DAMPI - Treinamento - FIEAM","og_description":"DAMPI &#8211; Treinamento Sistema Federa\u00e7\u00e3o das Ind\u00fastrias do Estado do Amazonas. \u00a0 \u00a0 Nas \u00e1reas de Recursos Humanos e Atendimento ao Cliente, Com\u00e9rcio Exterior, Qualidade e Meio Ambiente, Ger\u00eancia, Administra\u00e7\u00e3o de Compras e Suprimentos, Produ\u00e7\u00e3o, Secretariado, Fiscal e Finan\u00e7as, Manuten\u00e7\u00e3o e Eletricidade. \u2022\u00a0Recursos Humanos e Atendimento ao ClienteCursos na \u00e1rea de Gest\u00e3o de Pessoas, abrangendo [&hellip;]","og_url":"https:\/\/fieam.org.br\/fieam\/dampi-treinamento\/","og_site_name":"FIEAM","article_modified_time":"2024-03-07T16:40:17+00:00","og_image":[{"width":45,"height":38,"url":"https:\/\/fieam.org.br\/fieam\/wp-content\/uploads\/sites\/9\/2024\/02\/setas.png","type":"image\/png"}],"twitter_card":"summary_large_image","twitter_misc":{"Est. tempo de leitura":"3 minutos"},"schema":{"@context":"https:\/\/schema.org","@graph":[{"@type":"WebPage","@id":"https:\/\/fieam.org.br\/fieam\/dampi-treinamento\/","url":"https:\/\/fieam.org.br\/fieam\/dampi-treinamento\/","name":"DAMPI - Treinamento - FIEAM","isPartOf":{"@id":"https:\/\/fieam.org.br\/fieam\/#website"},"primaryImageOfPage":{"@id":"https:\/\/fieam.org.br\/fieam\/dampi-treinamento\/#primaryimage"},"image":{"@id":"https:\/\/fieam.org.br\/fieam\/dampi-treinamento\/#primaryimage"},"thumbnailUrl":"https:\/\/fieam.org.br\/fieam\/wp-content\/uploads\/sites\/9\/2024\/02\/setas.png","datePublished":"2010-10-20T14:53:55+00:00","dateModified":"2024-03-07T16:40:17+00:00","breadcrumb":{"@id":"https:\/\/fieam.org.br\/fieam\/dampi-treinamento\/#breadcrumb"},"inLanguage":"pt-BR","potentialAction":[{"@type":"ReadAction","target":["https:\/\/fieam.org.br\/fieam\/dampi-treinamento\/"]}]},{"@type":"ImageObject","inLanguage":"pt-BR","@id":"https:\/\/fieam.org.br\/fieam\/dampi-treinamento\/#primaryimage","url":"https:\/\/fieam.org.br\/fieam\/wp-content\/uploads\/sites\/9\/2024\/02\/setas.png","contentUrl":"https:\/\/fieam.org.br\/fieam\/wp-content\/uploads\/sites\/9\/2024\/02\/setas.png","width":45,"height":38},{"@type":"BreadcrumbList","@id":"https:\/\/fieam.org.br\/fieam\/dampi-treinamento\/#breadcrumb","itemListElement":[{"@type":"ListItem","position":1,"name":"In\u00edcio","item":"https:\/\/fieam.org.br\/fieam\/"},{"@type":"ListItem","position":2,"name":"DAMPI &#8211; Treinamento"}]},{"@type":"WebSite","@id":"https:\/\/fieam.org.br\/fieam\/#website","url":"https:\/\/fieam.org.br\/fieam\/","name":"FIEAM","description":"Site Oficial!","publisher":{"@id":"https:\/\/fieam.org.br\/fieam\/#organization"},"potentialAction":[{"@type":"SearchAction","target":{"@type":"EntryPoint","urlTemplate":"https:\/\/fieam.org.br\/fieam\/?s={search_term_string}"},"query-input":{"@type":"PropertyValueSpecification","valueRequired":true,"valueName":"search_term_string"}}],"inLanguage":"pt-BR"},{"@type":"Organization","@id":"https:\/\/fieam.org.br\/fieam\/#organization","name":"FIEAM","url":"https:\/\/fieam.org.br\/fieam\/","logo":{"@type":"ImageObject","inLanguage":"pt-BR","@id":"https:\/\/fieam.org.br\/fieam\/#\/schema\/logo\/image\/","url":"https:\/\/fieam.org.br\/fieam\/wp-content\/uploads\/sites\/9\/2024\/03\/cropped-fav.png","contentUrl":"https:\/\/fieam.org.br\/fieam\/wp-content\/uploads\/sites\/9\/2024\/03\/cropped-fav.png","width":597,"height":598,"caption":"FIEAM"},"image":{"@id":"https:\/\/fieam.org.br\/fieam\/#\/schema\/logo\/image\/"}}]}},"_links":{"self":[{"href":"https:\/\/fieam.org.br\/fieam\/wp-json\/wp\/v2\/pages\/14960","targetHints":{"allow":["GET"]}}],"collection":[{"href":"https:\/\/fieam.org.br\/fieam\/wp-json\/wp\/v2\/pages"}],"about":[{"href":"https:\/\/fieam.org.br\/fieam\/wp-json\/wp\/v2\/types\/page"}],"author":[{"embeddable":true,"href":"https:\/\/fieam.org.br\/fieam\/wp-json\/wp\/v2\/users\/1"}],"replies":[{"embeddable":true,"href":"https:\/\/fieam.org.br\/fieam\/wp-json\/wp\/v2\/comments?post=14960"}],"version-history":[{"count":3,"href":"https:\/\/fieam.org.br\/fieam\/wp-json\/wp\/v2\/pages\/14960\/revisions"}],"predecessor-version":[{"id":16573,"href":"https:\/\/fieam.org.br\/fieam\/wp-json\/wp\/v2\/pages\/14960\/revisions\/16573"}],"wp:attachment":[{"href":"https:\/\/fieam.org.br\/fieam\/wp-json\/wp\/v2\/media?parent=14960"}],"curies":[{"name":"wp","href":"https:\/\/api.w.org\/{rel}","templated":true}]}}